000
CDUS41 KALY 140632
CLIALB


CLIMATE REPORT
NATIONAL WEATHER SERVICE ALBANY NY
231 AM EDT SUN AUG 14 2016


...................................

...THE ALBANY NY CLIMATE SUMMARY FOR AUGUST 13 2016...

CLIMATE NORMAL PERIOD 1981 TO 2010
CLIMATE RECORD PERIOD 1874 TO 2016


WEATHER ITEM   OBSERVED TIME   RECORD YEAR NORMAL DEPARTURE LAST
                VALUE   (LST)  VALUE       VALUE  FROM      YEAR
                                                  NORMAL
..................................................................
TEMPERATURE (F)
 YESTERDAY
  MAXIMUM         92    214 PM  98    1947  81     11       80
  MINIMUM         73   1138 PM  43    1957  61     12       60
  AVERAGE         83                        71     12       70

PRECIPITATION (IN)
  YESTERDAY        0.09          1.76 1997   0.11  -0.02      T
  MONTH TO DATE    2.94                      1.59   1.35     2.36
  SINCE JUN 1     11.69                      9.50   2.19    12.48
  SINCE JAN 1     22.45                     24.28  -1.83    21.20

DEGREE DAYS
 HEATING
  YESTERDAY        0                         0      0        0
  MONTH TO DATE    0                         0      0        0
  SINCE JUN 1     38                        57    -19       52
  SINCE JUL 1      0                         5     -5        1

 COOLING
  YESTERDAY       18                         6     12        5
  MONTH TO DATE  136                        87     49       95
  SINCE JUN 1    564                       423    141      461
  SINCE JAN 1    639                       453    186      584
..................................................................


WIND (MPH)
  HIGHEST WIND SPEED    23   HIGHEST WIND DIRECTION     N (350)
  HIGHEST GUST SPEED    34   HIGHEST GUST DIRECTION     N (350)
  AVERAGE WIND SPEED     6.1


SKY COVER
  AVERAGE SKY COVER 0.8



RELATIVE HUMIDITY (PERCENT)
 HIGHEST    93
 LOWEST     68
 AVERAGE    81

..........................................................


THE ALBANY NY CLIMATE NORMALS FOR TODAY
                         NORMAL    RECORD    YEAR
 MAXIMUM TEMPERATURE (F)   81        97      1988
 MINIMUM TEMPERATURE (F)   60        44      1941


SUNRISE AND SUNSET
AUGUST 14 2016........SUNRISE   601 AM EDT   SUNSET   758 PM EDT
AUGUST 15 2016........SUNRISE   602 AM EDT   SUNSET   756 PM EDT


-  INDICATES NEGATIVE NUMBERS.
R  INDICATES RECORD WAS SET OR TIED.
MM INDICATES DATA IS MISSING.
T  INDICATES TRACE AMOUNT.




$$
