118
CDUS41 KALY 130625
CLIALB


CLIMATE REPORT
NATIONAL WEATHER SERVICE ALBANY NY
224 AM EDT FRI OCT 13 2017


...................................

...THE ALBANY NY CLIMATE SUMMARY FOR OCTOBER 12 2017...

CLIMATE NORMAL PERIOD 1981 TO 2010
CLIMATE RECORD PERIOD 1874 TO 2017


WEATHER ITEM   OBSERVED TIME   RECORD YEAR NORMAL DEPARTURE LAST
                VALUE   (LST)  VALUE       VALUE  FROM      YEAR
                                                  NORMAL
..................................................................
TEMPERATURE (F)
 YESTERDAY
  MAXIMUM         65    307 PM  85    1954  61      4       67
  MINIMUM         42   1159 PM  22    1964  41      1       47
  AVERAGE         54                        51      3       57

PRECIPITATION (IN)
  YESTERDAY        0.01          0.75 2002   0.13  -0.12     0.00
  MONTH TO DATE    0.72                      1.45  -0.73     0.09
  SINCE SEP 1      3.45                      4.75  -1.30     2.27
  SINCE JAN 1     35.25                     30.90   4.35    25.72

SNOWFALL (IN)
  YESTERDAY        0.0           T    1904   0.0    0.0      0.0
  MONTH TO DATE    0.0                       0.1   -0.1      0.0
  SINCE SEP 1      0.0                       0.1   -0.1      0.0
  SINCE JUL 1      0.0                       0.1   -0.1      0.0
  SNOW DEPTH       0

DEGREE DAYS
 HEATING
  YESTERDAY       11                        14     -3        8
  MONTH TO DATE   65                       145    -80       95
  SINCE SEP 1    158                       289   -131      161
  SINCE JUL 1    177                       312   -135      162

 COOLING
  YESTERDAY        0                         0      0        0
  MONTH TO DATE   14                         0     14        0
  SINCE SEP 1    134                        51     83      108
  SINCE JAN 1    709                       594    115      896
..................................................................


WIND (MPH)
  HIGHEST WIND SPEED    10   HIGHEST WIND DIRECTION     N (10)
  HIGHEST GUST SPEED    14   HIGHEST GUST DIRECTION     N (20)
  AVERAGE WIND SPEED     3.2


SKY COVER
  AVERAGE SKY COVER 0.3



RELATIVE HUMIDITY (PERCENT)
 HIGHEST    89
 LOWEST     43
 AVERAGE    66

..........................................................


THE ALBANY NY CLIMATE NORMALS FOR TODAY
                         NORMAL    RECORD    YEAR
 MAXIMUM TEMPERATURE (F)   61        81      1930
 MINIMUM TEMPERATURE (F)   40        24      1981


SUNRISE AND SUNSET
OCTOBER 13 2017.......SUNRISE   706 AM EDT   SUNSET   616 PM EDT
OCTOBER 14 2017.......SUNRISE   707 AM EDT   SUNSET   614 PM EDT


-  INDICATES NEGATIVE NUMBERS.
R  INDICATES RECORD WAS SET OR TIED.
MM INDICATES DATA IS MISSING.
T  INDICATES TRACE AMOUNT.




$$
