000
CDUS41 KALY 052047
CLIALB


CLIMATE REPORT
NATIONAL WEATHER SERVICE ALBANY NY
447 PM EDT TUE SEP 5 2017


...................................

...THE ALBANY NY CLIMATE SUMMARY FOR SEPTEMBER 5 2017...
VALID TODAY AS OF 0400 PM LOCAL TIME.

CLIMATE NORMAL PERIOD 1981 TO 2010
CLIMATE RECORD PERIOD 1874 TO 2017


WEATHER ITEM   OBSERVED TIME   RECORD YEAR NORMAL DEPARTURE LAST
                VALUE   (LST)  VALUE       VALUE  FROM      YEAR
                                                  NORMAL
..................................................................
TEMPERATURE (F)
 TODAY
  MAXIMUM         77    338 PM  91    1973  76      1       85
  MINIMUM         66    534 AM  37    1974  56     10       55
  AVERAGE         72                        66      6       70

PRECIPITATION (IN)
  TODAY            0.00          1.54 1953   0.10  -0.10     0.00
  MONTH TO DATE    0.96                      0.50   0.46     0.00
  SINCE SEP 1      0.96                      0.50   0.46     0.00
  SINCE JAN 1     32.76                     26.65   6.11    23.45

DEGREE DAYS
 HEATING
  TODAY            0                         2     -2        0
  MONTH TO DATE   30                         9     21        0
  SINCE SEP 1     30                         9     21        0
  SINCE JUL 1     49                        32     17        1

 COOLING
  TODAY            7                         3      4        5
  MONTH TO DATE    9                        17     -8       16
  SINCE SEP 1      9                        17     -8       16
  SINCE JAN 1    584                       560     24      804
..................................................................


WIND (MPH)
  HIGHEST WIND SPEED    17   HIGHEST WIND DIRECTION     S (160)
  HIGHEST GUST SPEED    23   HIGHEST GUST DIRECTION     S (160)
  AVERAGE WIND SPEED    11.1


SKY COVER
  AVERAGE SKY COVER 0.9



RELATIVE HUMIDITY (PERCENT)
 HIGHEST    81           700 AM
 LOWEST     66          1200 AM
 AVERAGE    74

..........................................................


THE ALBANY NY CLIMATE NORMALS FOR TOMORROW
                         NORMAL    RECORD    YEAR
 MAXIMUM TEMPERATURE (F)   76        91      1983
 MINIMUM TEMPERATURE (F)   55        38      1974


SUNRISE AND SUNSET
SEPTEMBER  5 2017.....SUNRISE   624 AM EDT   SUNSET   722 PM EDT
SEPTEMBER  6 2017.....SUNRISE   625 AM EDT   SUNSET   721 PM EDT


-  INDICATES NEGATIVE NUMBERS.
R  INDICATES RECORD WAS SET OR TIED.
MM INDICATES DATA IS MISSING.
T  INDICATES TRACE AMOUNT.




$$
