000
CDUS41 KALY 130623
CLIALB


CLIMATE REPORT
NATIONAL WEATHER SERVICE ALBANY NY
221 AM EDT THU JUL 13 2017


...................................

...THE ALBANY NY CLIMATE SUMMARY FOR JULY 12 2017...

CLIMATE NORMAL PERIOD 1981 TO 2010
CLIMATE RECORD PERIOD 1874 TO 2017


WEATHER ITEM   OBSERVED TIME   RECORD YEAR NORMAL DEPARTURE LAST
                VALUE   (LST)  VALUE       VALUE  FROM      YEAR
                                                  NORMAL
..................................................................
TEMPERATURE (F)
 YESTERDAY
  MAXIMUM         85   1155 AM  96    1935  82      3       86
  MINIMUM         68   1159 PM  44    1978  62      6       54
  AVERAGE         77                        72      5       70

PRECIPITATION (IN)
  YESTERDAY        0.07          2.32 1874   0.13  -0.06     0.00
  MONTH TO DATE    1.43                      1.57  -0.14     2.87
  SINCE JUN 1      6.55                      5.36   1.19     5.18
  SINCE JAN 1     25.46                     20.14   5.32    15.94

DEGREE DAYS
 HEATING
  YESTERDAY        0                         0      0        0
  MONTH TO DATE    0                         0      0        0
  SINCE JUN 1     51                        52     -1       38
  SINCE JUL 1      0                         0      0        0

 COOLING
  YESTERDAY       12                         7      5        5
  MONTH TO DATE  103                        81     22       84
  SINCE JUN 1    250                       199     51      227
  SINCE JAN 1    300                       229     71      302
..................................................................


WIND (MPH)
  HIGHEST WIND SPEED    15   HIGHEST WIND DIRECTION    SW (210)
  HIGHEST GUST SPEED    20   HIGHEST GUST DIRECTION    SW (220)
  AVERAGE WIND SPEED     3.5


SKY COVER
  AVERAGE SKY COVER 0.8



RELATIVE HUMIDITY (PERCENT)
 HIGHEST    90
 LOWEST     61
 AVERAGE    76

..........................................................


THE ALBANY NY CLIMATE NORMALS FOR TODAY
                         NORMAL    RECORD    YEAR
 MAXIMUM TEMPERATURE (F)   83        96      1894
 MINIMUM TEMPERATURE (F)   62        45      1939


SUNRISE AND SUNSET
JULY 13 2017..........SUNRISE   529 AM EDT   SUNSET   833 PM EDT
JULY 14 2017..........SUNRISE   530 AM EDT   SUNSET   832 PM EDT


-  INDICATES NEGATIVE NUMBERS.
R  INDICATES RECORD WAS SET OR TIED.
MM INDICATES DATA IS MISSING.
T  INDICATES TRACE AMOUNT.




$$
