000
CDUS41 KALY 050626
CLIALB


CLIMATE REPORT
NATIONAL WEATHER SERVICE ALBANY NY
225 AM EDT TUE SEP 5 2017


...................................

...THE ALBANY NY CLIMATE SUMMARY FOR SEPTEMBER 4 2017...

CLIMATE NORMAL PERIOD 1981 TO 2010
CLIMATE RECORD PERIOD 1874 TO 2017


WEATHER ITEM   OBSERVED TIME   RECORD YEAR NORMAL DEPARTURE LAST
                VALUE   (LST)  VALUE       VALUE  FROM      YEAR
                                                  NORMAL
..................................................................
TEMPERATURE (F)
 YESTERDAY
  MAXIMUM         80    402 PM  97    1929  77      3       80
  MINIMUM         53    600 AM  37    1946  56     -3       54
  AVERAGE         67                        66      1       67

PRECIPITATION (IN)
  YESTERDAY        0.00          2.56 1966   0.11  -0.11     0.00
  MONTH TO DATE    0.96                      0.40   0.56     0.00
  SINCE SEP 1      0.96                      0.40   0.56     0.00
  SINCE JAN 1     32.76                     26.55   6.21    23.45

DEGREE DAYS
 HEATING
  YESTERDAY        0                         2     -2        0
  MONTH TO DATE   30                         7     23        0
  SINCE SEP 1     30                         7     23        0
  SINCE JUL 1     49                        30     19        1

 COOLING
  YESTERDAY        2                         3     -1        2
  MONTH TO DATE    2                        14    -12       11
  SINCE SEP 1      2                        14    -12       11
  SINCE JAN 1    577                       557     20      799
..................................................................


WIND (MPH)
  HIGHEST WIND SPEED    21   HIGHEST WIND DIRECTION     S (190)
  HIGHEST GUST SPEED    30   HIGHEST GUST DIRECTION     S (190)
  AVERAGE WIND SPEED     8.7


SKY COVER
  AVERAGE SKY COVER 0.5



RELATIVE HUMIDITY (PERCENT)
 HIGHEST    93
 LOWEST     52
 AVERAGE    73

..........................................................


THE ALBANY NY CLIMATE NORMALS FOR TODAY
                         NORMAL    RECORD    YEAR
 MAXIMUM TEMPERATURE (F)   76        91      1973
 MINIMUM TEMPERATURE (F)   56        37      1974


SUNRISE AND SUNSET
SEPTEMBER  5 2017.....SUNRISE   624 AM EDT   SUNSET   722 PM EDT
SEPTEMBER  6 2017.....SUNRISE   625 AM EDT   SUNSET   721 PM EDT


-  INDICATES NEGATIVE NUMBERS.
R  INDICATES RECORD WAS SET OR TIED.
MM INDICATES DATA IS MISSING.
T  INDICATES TRACE AMOUNT.




$$
