000
CDUS41 KALY 040625
CLIALB


CLIMATE REPORT
NATIONAL WEATHER SERVICE ALBANY NY
125 AM EST MON DEC 4 2017


...................................

...THE ALBANY NY CLIMATE SUMMARY FOR DECEMBER 3 2017...

CLIMATE NORMAL PERIOD 1981 TO 2010
CLIMATE RECORD PERIOD 1874 TO 2017


WEATHER ITEM   OBSERVED TIME   RECORD YEAR NORMAL DEPARTURE LAST
                VALUE   (LST)  VALUE       VALUE  FROM      YEAR
                                                  NORMAL
..................................................................
TEMPERATURE (F)
 YESTERDAY
  MAXIMUM         46    303 PM  63    2009  41      5       42
  MINIMUM         25   1136 PM  -1    1976  26     -1       35
  AVERAGE         36                        33      3       39

PRECIPITATION (IN)
  YESTERDAY        0.00          1.24 1991   0.11  -0.11      T
  MONTH TO DATE    0.02                      0.32  -0.30     0.26
  SINCE DEC 1      0.02                      0.32  -0.30     0.26
  SINCE JAN 1     38.25                     36.74   1.51    31.89

SNOWFALL (IN)
  YESTERDAY        0.0           5.2  1893   0.3   -0.3       T
  MONTH TO DATE    0.0                       0.9   -0.9       T
  SINCE DEC 1      0.0                       0.9   -0.9       T
  SINCE JUL 1      T                         4.0   -4.0      2.3
  SNOW DEPTH       0

DEGREE DAYS
 HEATING
  YESTERDAY       29                        32     -3       26
  MONTH TO DATE   87                        94     -7       69
  SINCE DEC 1     87                        94     -7       69
  SINCE JUL 1   1201                      1498   -297     1225

 COOLING
  YESTERDAY        0                         0      0        0
  MONTH TO DATE    0                         0      0        0
  SINCE DEC 1      0                         0      0        0
  SINCE JAN 1    714                       598    116      902
..................................................................


WIND (MPH)
  HIGHEST WIND SPEED     7   HIGHEST WIND DIRECTION     S (170)
  HIGHEST GUST SPEED    10   HIGHEST GUST DIRECTION     S (170)
  AVERAGE WIND SPEED     0.8


SKY COVER
  AVERAGE SKY COVER 0.8



RELATIVE HUMIDITY (PERCENT)
 HIGHEST    92
 LOWEST     58
 AVERAGE    75

..........................................................


THE ALBANY NY CLIMATE NORMALS FOR TODAY
                         NORMAL    RECORD    YEAR
 MAXIMUM TEMPERATURE (F)   40        63      1998
 MINIMUM TEMPERATURE (F)   26        -9      1940


SUNRISE AND SUNSET
DECEMBER  4 2017......SUNRISE   709 AM EST   SUNSET   422 PM EST
DECEMBER  5 2017......SUNRISE   710 AM EST   SUNSET   421 PM EST


-  INDICATES NEGATIVE NUMBERS.
R  INDICATES RECORD WAS SET OR TIED.
MM INDICATES DATA IS MISSING.
T  INDICATES TRACE AMOUNT.




$$
