000
CDUS41 KALY 230624
CLIALB


CLIMATE REPORT
NATIONAL WEATHER SERVICE ALBANY NY
223 AM EDT FRI SEP 23 2016


...................................

...THE ALBANY NY CLIMATE SUMMARY FOR SEPTEMBER 22 2016...

CLIMATE NORMAL PERIOD 1981 TO 2010
CLIMATE RECORD PERIOD 1874 TO 2016


WEATHER ITEM   OBSERVED TIME   RECORD YEAR NORMAL DEPARTURE LAST
                VALUE   (LST)  VALUE       VALUE  FROM      YEAR
                                                  NORMAL
..................................................................
TEMPERATURE (F)
 YESTERDAY
  MAXIMUM         82    437 PM  95    1895  70     12       70
  MINIMUM         53    324 AM  31    1962  49      4       50
  AVERAGE         68                        59      9       60

PRECIPITATION (IN)
  YESTERDAY        0.00          2.15 1882   0.12  -0.12     0.00
  MONTH TO DATE    1.82                      2.35  -0.53     3.04
  SINCE SEP 1      1.82                      2.35  -0.53     3.04
  SINCE JAN 1     25.27                     28.50  -3.23    26.18

DEGREE DAYS
 HEATING
  YESTERDAY        0                         7     -7        5
  MONTH TO DATE   13                        77    -64       18
  SINCE SEP 1     13                        77    -64       18
  SINCE JUL 1     14                       100    -86       19

 COOLING
  YESTERDAY        3                         1      2        0
  MONTH TO DATE  108                        46     62      149
  SINCE SEP 1    108                        46     62      149
  SINCE JAN 1    896                       589    307      897
..................................................................


WIND (MPH)
  HIGHEST WIND SPEED    13   HIGHEST WIND DIRECTION     S (190)
  HIGHEST GUST SPEED    16   HIGHEST GUST DIRECTION     S (180)
  AVERAGE WIND SPEED     3.3


SKY COVER
  AVERAGE SKY COVER 0.2



RELATIVE HUMIDITY (PERCENT)
 HIGHEST   100
 LOWEST     34
 AVERAGE    67

..........................................................


THE ALBANY NY CLIMATE NORMALS FOR TODAY
                         NORMAL    RECORD    YEAR
 MAXIMUM TEMPERATURE (F)   69        97      1895
 MINIMUM TEMPERATURE (F)   49        32      1963


SUNRISE AND SUNSET
SEPTEMBER 23 2016.....SUNRISE   644 AM EDT   SUNSET   650 PM EDT
SEPTEMBER 24 2016.....SUNRISE   645 AM EDT   SUNSET   648 PM EDT


-  INDICATES NEGATIVE NUMBERS.
R  INDICATES RECORD WAS SET OR TIED.
MM INDICATES DATA IS MISSING.
T  INDICATES TRACE AMOUNT.




$$
