000
CDUS41 KALY 300640
CLIALB


CLIMATE REPORT
NATIONAL WEATHER SERVICE ALBANY NY
240 AM EDT SAT AUG 30 2014


...................................

...THE ALBANY NY CLIMATE SUMMARY FOR AUGUST 29 2014...

CLIMATE NORMAL PERIOD 1981 TO 2010
CLIMATE RECORD PERIOD 1874 TO 2014


WEATHER ITEM   OBSERVED TIME   RECORD YEAR NORMAL DEPARTURE LAST
                VALUE   (LST)  VALUE       VALUE  FROM      YEAR
                                                  NORMAL
..................................................................
TEMPERATURE (F)
 YESTERDAY
  MAXIMUM         77    503 PM  95    1953  78     -1       82
  MINIMUM         49    411 AM  34    1982  58     -9       64
  AVERAGE         63                        68     -5       73

PRECIPITATION (IN)
  YESTERDAY        0.00          2.20 1884   0.09  -0.09     0.00
  MONTH TO DATE    1.54                      3.27  -1.73     2.41
  SINCE JUN 1     13.18                     11.18   2.00    16.48
  SINCE JAN 1     26.74                     25.96   0.78    31.22

DEGREE DAYS
 HEATING
  YESTERDAY        2                         1      1        0
  MONTH TO DATE    8                        12     -4        4
  SINCE JUN 1     20                        69    -49       61
  SINCE JUL 1      8                        17     -9        6

 COOLING
  YESTERDAY        0                         4     -4        8
  MONTH TO DATE  134                       170    -36      134
  SINCE JUN 1    519                       506     13      628
  SINCE JAN 1    554                       536     18      677
..................................................................


WIND (MPH)
  HIGHEST WIND SPEED    13   HIGHEST WIND DIRECTION     S (180)
  HIGHEST GUST SPEED    17   HIGHEST GUST DIRECTION     S (170)
  AVERAGE WIND SPEED     3.1


SKY COVER
  AVERAGE SKY COVER 0.3



RELATIVE HUMIDITY (PERCENT)
 HIGHEST    89
 LOWEST     43
 AVERAGE    66

..........................................................


THE ALBANY NY CLIMATE NORMALS FOR TODAY
                         NORMAL    RECORD    YEAR
 MAXIMUM TEMPERATURE (F)   78        98      1953
 MINIMUM TEMPERATURE (F)   58        38      1982


SUNRISE AND SUNSET
AUGUST 30 2014........SUNRISE   618 AM EDT   SUNSET   733 PM EDT
AUGUST 31 2014........SUNRISE   619 AM EDT   SUNSET   731 PM EDT


-  INDICATES NEGATIVE NUMBERS.
R  INDICATES RECORD WAS SET OR TIED.
MM INDICATES DATA IS MISSING.
T  INDICATES TRACE AMOUNT.




$$
