000
CDUS41 KALY 122046
CLIALB


CLIMATE REPORT
NATIONAL WEATHER SERVICE ALBANY NY
445 PM EDT SAT JUL 12 2014


...................................

...THE ALBANY NY CLIMATE SUMMARY FOR JULY 12 2014...
VALID TODAY AS OF 0400 PM LOCAL TIME.

CLIMATE NORMAL PERIOD 1981 TO 2010
CLIMATE RECORD PERIOD 1874 TO 2014


WEATHER ITEM   OBSERVED TIME   RECORD YEAR NORMAL DEPARTURE LAST
                VALUE   (LST)  VALUE       VALUE  FROM      YEAR
                                                  NORMAL
..................................................................
TEMPERATURE (F)
 TODAY
  MAXIMUM         87    233 PM  96    1935  82      5       83
  MINIMUM         58    501 AM  44    1978  62     -4       64
  AVERAGE         73                        72      1       74

PRECIPITATION (IN)
  TODAY            T             2.32 1874   0.13  -0.13     0.00
  MONTH TO DATE    3.48                      1.57   1.91     3.91
  SINCE JUN 1      8.25                      5.36   2.89    12.59
  SINCE JAN 1     21.81                     20.14   1.67    27.33

DEGREE DAYS
 HEATING
  TODAY            0                         0      0        0
  MONTH TO DATE    0                         0      0        0
  SINCE JUN 1     12                        52    -40       55
  SINCE JUL 1      0                         0      0        0

 COOLING
  TODAY            8                         7      1        9
  MONTH TO DATE  105                        81     24      159
  SINCE JUN 1    253                       199     54      302
  SINCE JAN 1    288                       229     59      351
..................................................................


WIND (MPH)
  HIGHEST WIND SPEED    14   HIGHEST WIND DIRECTION     S (190)
  HIGHEST GUST SPEED    18   HIGHEST GUST DIRECTION     S (200)
  AVERAGE WIND SPEED     3.8


SKY COVER
  AVERAGE SKY COVER 0.4



RELATIVE HUMIDITY (PERCENT)
 HIGHEST    93           500 AM
 LOWEST     44           300 PM
 AVERAGE    69

..........................................................


THE ALBANY NY CLIMATE NORMALS FOR TOMORROW
                         NORMAL    RECORD    YEAR
 MAXIMUM TEMPERATURE (F)   83        96      1894
 MINIMUM TEMPERATURE (F)   62        45      1939


SUNRISE AND SUNSET
JULY 12 2014..........SUNRISE   528 AM EDT   SUNSET   833 PM EDT
JULY 13 2014..........SUNRISE   529 AM EDT   SUNSET   833 PM EDT


-  INDICATES NEGATIVE NUMBERS.
R  INDICATES RECORD WAS SET OR TIED.
MM INDICATES DATA IS MISSING.
T  INDICATES TRACE AMOUNT.




$$
