000
CDUS41 KALY 180622
CLIALB


CLIMATE REPORT
NATIONAL WEATHER SERVICE ALBANY NY
221 AM EDT SAT MAR 18 2017


...................................

...THE ALBANY NY CLIMATE SUMMARY FOR MARCH 17 2017...

CLIMATE NORMAL PERIOD 1981 TO 2010
CLIMATE RECORD PERIOD 1874 TO 2017


WEATHER ITEM   OBSERVED TIME   RECORD YEAR NORMAL DEPARTURE LAST
                VALUE   (LST)  VALUE       VALUE  FROM      YEAR
                                                  NORMAL
..................................................................
TEMPERATURE (F)
 YESTERDAY
  MAXIMUM         40    407 PM  75    1990  45     -5       61
  MINIMUM         16    639 AM  -1    1916  26    -10       38
  AVERAGE         28                        35     -7       50

PRECIPITATION (IN)
  YESTERDAY        0.00          0.94 1972   0.11  -0.11     0.06
  MONTH TO DATE    1.79                      1.68   0.11     0.74
  SINCE MAR 1      1.79                      1.68   0.11     0.74
  SINCE JAN 1      7.77                      6.47   1.30     6.05

SNOWFALL (IN)
  YESTERDAY        0.0           4.1  1982   0.4   -0.4      0.0
  MONTH TO DATE   17.2                       7.2   10.0       T
  SINCE MAR 1     17.2                       7.2   10.0       T
  SINCE JUL 1     58.4                      54.1    4.3     10.3
  SNOW DEPTH      12

DEGREE DAYS
 HEATING
  YESTERDAY       37                        30      7       15
  MONTH TO DATE  613                       555     58      379
  SINCE MAR 1    613                       555     58      379
  SINCE JUL 1   4776                      5499   -723     4308

 COOLING
  YESTERDAY        0                         0      0        0
  MONTH TO DATE    0                         0      0        0
  SINCE MAR 1      0                         0      0        0
  SINCE JAN 1      0                         0      0        0
..................................................................


WIND (MPH)
  HIGHEST WIND SPEED    23   HIGHEST WIND DIRECTION     W (290)
  HIGHEST GUST SPEED    30   HIGHEST GUST DIRECTION     W (280)
  AVERAGE WIND SPEED    10.0


SKY COVER
  AVERAGE SKY COVER 0.3



RELATIVE HUMIDITY (PERCENT)
 HIGHEST    68
 LOWEST     27
 AVERAGE    48

..........................................................


THE ALBANY NY CLIMATE NORMALS FOR TODAY
                         NORMAL    RECORD    YEAR
 MAXIMUM TEMPERATURE (F)   45        69      2012
 MINIMUM TEMPERATURE (F)   26        -8      1900


SUNRISE AND SUNSET
MARCH 18 2017.........SUNRISE   702 AM EDT   SUNSET   705 PM EDT
MARCH 19 2017.........SUNRISE   700 AM EDT   SUNSET   707 PM EDT


-  INDICATES NEGATIVE NUMBERS.
R  INDICATES RECORD WAS SET OR TIED.
MM INDICATES DATA IS MISSING.
T  INDICATES TRACE AMOUNT.




$$
