000
CDUS41 KALY 110623
CLIALB


CLIMATE REPORT
NATIONAL WEATHER SERVICE ALBANY NY
221 AM EDT SUN SEP 11 2016


...................................

...THE ALBANY NY CLIMATE SUMMARY FOR SEPTEMBER 10 2016...

CLIMATE NORMAL PERIOD 1981 TO 2010
CLIMATE RECORD PERIOD 1874 TO 2016


WEATHER ITEM   OBSERVED TIME   RECORD YEAR NORMAL DEPARTURE LAST
                VALUE   (LST)  VALUE       VALUE  FROM      YEAR
                                                  NORMAL
..................................................................
TEMPERATURE (F)
 YESTERDAY
  MAXIMUM         87    301 PM  96    1931  75     12       72
  MINIMUM         67    142 AM  34    1978  54     13       64
  AVERAGE         77                        64     13       68

PRECIPITATION (IN)
  YESTERDAY        0.13          3.23 1890   0.10   0.03     0.15
  MONTH TO DATE    0.70                      1.01  -0.31     0.83
  SINCE SEP 1      0.70                      1.01  -0.31     0.83
  SINCE JAN 1     24.15                     27.16  -3.01    23.97

DEGREE DAYS
 HEATING
  YESTERDAY        0                         3     -3        0
  MONTH TO DATE    0                        21    -21        0
  SINCE SEP 1      0                        21    -21        0
  SINCE JUL 1      1                        44    -43        1

 COOLING
  YESTERDAY       12                         2     10        3
  MONTH TO DATE   71                        29     42      110
  SINCE SEP 1     71                        29     42      110
  SINCE JAN 1    859                       572    287      858
..................................................................


WIND (MPH)
  HIGHEST WIND SPEED    22   HIGHEST WIND DIRECTION     S (160)
  HIGHEST GUST SPEED    33   HIGHEST GUST DIRECTION     S (190)
  AVERAGE WIND SPEED     7.5


SKY COVER
  AVERAGE SKY COVER 0.8



RELATIVE HUMIDITY (PERCENT)
 HIGHEST    87
 LOWEST     57
 AVERAGE    72

..........................................................


THE ALBANY NY CLIMATE NORMALS FOR TODAY
                         NORMAL    RECORD    YEAR
 MAXIMUM TEMPERATURE (F)   74        98      1931
 MINIMUM TEMPERATURE (F)   54        36      1917


SUNRISE AND SUNSET
SEPTEMBER 11 2016.....SUNRISE   631 AM EDT   SUNSET   711 PM EDT
SEPTEMBER 12 2016.....SUNRISE   632 AM EDT   SUNSET   710 PM EDT


-  INDICATES NEGATIVE NUMBERS.
R  INDICATES RECORD WAS SET OR TIED.
MM INDICATES DATA IS MISSING.
T  INDICATES TRACE AMOUNT.




$$
