000
CDUS41 KALY 082047
CLIALB


CLIMATE REPORT
NATIONAL WEATHER SERVICE ALBANY NY
446 PM EDT THU JUN 8 2017


...................................

...THE ALBANY NY CLIMATE SUMMARY FOR JUNE 8 2017...
VALID TODAY AS OF 0400 PM LOCAL TIME.

CLIMATE NORMAL PERIOD 1981 TO 2010
CLIMATE RECORD PERIOD 1874 TO 2017


WEATHER ITEM   OBSERVED TIME   RECORD YEAR NORMAL DEPARTURE LAST
                VALUE   (LST)  VALUE       VALUE  FROM      YEAR
                                                  NORMAL
..................................................................
TEMPERATURE (F)
 TODAY
  MAXIMUM         80    242 PM  93    2011  76      4       65
                                      1984
  MINIMUM         49    415 AM  38    1951  54     -5       52
  AVERAGE         65                        65      0       59

PRECIPITATION (IN)
  TODAY            0.00          1.40 1878   0.13  -0.13      T
  MONTH TO DATE    1.84                      1.04   0.80     1.50
  SINCE JUN 1      1.84                      1.04   0.80     1.50
  SINCE JAN 1     20.75                     15.82   4.93    12.26

DEGREE DAYS
 HEATING
  TODAY            0                         3     -3        6
  MONTH TO DATE   46                        26     20        6
  SINCE JUN 1     46                        26     20        6
  SINCE JUL 1   5863                      6654   -791     5422

 COOLING
  TODAY            0                         3     -3        0
  MONTH TO DATE    0                        18    -18       42
  SINCE JUN 1      0                        18    -18       42
  SINCE JAN 1     50                        48      2      117
..................................................................


WIND (MPH)
  HIGHEST WIND SPEED     7   HIGHEST WIND DIRECTION     N (350)
  HIGHEST GUST SPEED     8   HIGHEST GUST DIRECTION     N (350)
  AVERAGE WIND SPEED     2.4


SKY COVER
  AVERAGE SKY COVER 0.3



RELATIVE HUMIDITY (PERCENT)
 HIGHEST    93           500 AM
 LOWEST     35           100 PM
 AVERAGE    64

..........................................................


THE ALBANY NY CLIMATE NORMALS FOR TOMORROW
                         NORMAL    RECORD    YEAR
 MAXIMUM TEMPERATURE (F)   76       100      1933
 MINIMUM TEMPERATURE (F)   55        37      1977


SUNRISE AND SUNSET
JUNE  8 2017..........SUNRISE   517 AM EDT   SUNSET   832 PM EDT
JUNE  9 2017..........SUNRISE   517 AM EDT   SUNSET   832 PM EDT


-  INDICATES NEGATIVE NUMBERS.
R  INDICATES RECORD WAS SET OR TIED.
MM INDICATES DATA IS MISSING.
T  INDICATES TRACE AMOUNT.




$$
