000
CDUS41 KALY 010626
CLIALB


CLIMATE REPORT
NATIONAL WEATHER SERVICE ALBANY NY
125 AM EST MON FEB 1 2016


...................................

...THE ALBANY NY CLIMATE SUMMARY FOR JANUARY 31 2016...

CLIMATE NORMAL PERIOD 1981 TO 2010
CLIMATE RECORD PERIOD 1874 TO 2016


WEATHER ITEM   OBSERVED TIME   RECORD YEAR NORMAL DEPARTURE LAST
                VALUE   (LST)  VALUE       VALUE  FROM      YEAR
                                                  NORMAL
..................................................................
TEMPERATURE (F)
 YESTERDAY
  MAXIMUM         52    630 PM  57    1913  32     20       14
  MINIMUM         36    803 AM -26    1948  15     21       -1
  AVERAGE         44                        23     21        7

PRECIPITATION (IN)
  YESTERDAY        0.00          0.73 2002   0.08  -0.08      T
  MONTH TO DATE    1.24                      2.59  -1.35     2.17
  SINCE DEC 1      4.91                      5.52  -0.61     7.54
  SINCE JAN 1      1.24                      2.59  -1.35     2.17

SNOWFALL (IN)
  YESTERDAY        0.0           6.9  2000   0.5   -0.5       T
  MONTH TO DATE    3.3                      17.9  -14.6     15.5
  SINCE DEC 1      5.5                      31.6  -26.1     27.7
  SINCE JUL 1      5.5                      34.7  -29.2     40.0
  SNOW DEPTH       0

DEGREE DAYS
 HEATING
  YESTERDAY       21                        42    -21       58
  MONTH TO DATE 1148                      1318   -170     1398
  SINCE DEC 1   1858                      2447   -589     2396
  SINCE JUL 1   2941                      3851   -910     3671

 COOLING
  YESTERDAY        0                         0      0        0
  MONTH TO DATE    0                         0      0        0
  SINCE DEC 1      0                         0      0        0
  SINCE JAN 1      0                         0      0        0
..................................................................


WIND (MPH)
  HIGHEST WIND SPEED    17   HIGHEST WIND DIRECTION     S (170)
  HIGHEST GUST SPEED    24   HIGHEST GUST DIRECTION     S (170)
  AVERAGE WIND SPEED     9.7


SKY COVER
  AVERAGE SKY COVER 0.9



RELATIVE HUMIDITY (PERCENT)
 HIGHEST    52
 LOWEST     35
 AVERAGE    44

..........................................................


THE ALBANY NY CLIMATE NORMALS FOR TODAY
                         NORMAL    RECORD    YEAR
 MAXIMUM TEMPERATURE (F)   32        65      1989
 MINIMUM TEMPERATURE (F)   15       -20      1920


SUNRISE AND SUNSET
FEBRUARY  1 2016......SUNRISE   710 AM EST   SUNSET   508 PM EST
FEBRUARY  2 2016......SUNRISE   709 AM EST   SUNSET   509 PM EST


-  INDICATES NEGATIVE NUMBERS.
R  INDICATES RECORD WAS SET OR TIED.
MM INDICATES DATA IS MISSING.
T  INDICATES TRACE AMOUNT.




$$
