439
CDUS41 KALY 100623
CLIALB


CLIMATE REPORT
NATIONAL WEATHER SERVICE ALBANY NY
123 AM EST WED JAN 10 2018


...................................

...THE ALBANY NY CLIMATE SUMMARY FOR JANUARY 9 2018...

CLIMATE NORMAL PERIOD 1981 TO 2010
CLIMATE RECORD PERIOD 1874 TO 2018


WEATHER ITEM   OBSERVED TIME   RECORD YEAR NORMAL DEPARTURE LAST
                VALUE   (LST)  VALUE       VALUE  FROM      YEAR
                                                  NORMAL
..................................................................
TEMPERATURE (F)
 YESTERDAY
  MAXIMUM         37   1155 AM  62    2008  30      7       21
  MINIMUM         24   1159 PM -20    1968  15      9        4
  AVERAGE         31                        22      9       13

PRECIPITATION (IN)
  YESTERDAY        T             1.60 1978   0.08  -0.08     0.00
  MONTH TO DATE    0.28                      0.74  -0.46     0.64
  SINCE DEC 1      2.21                      3.67  -1.46     2.39
  SINCE JAN 1      0.28                      0.74  -0.46     0.64

SNOWFALL (IN)
  YESTERDAY        T             9.9  1953   0.6   -0.6      0.0
  MONTH TO DATE    5.1                       5.1    0.0      0.9
  SINCE DEC 1     17.2                      18.8   -1.6     13.0
  SINCE JUL 1     17.2                      21.9   -4.7     15.3
  SNOW DEPTH       4

DEGREE DAYS
 HEATING
  YESTERDAY       34                        43     -9       52
  MONTH TO DATE  474                       378     96      374
  SINCE DEC 1   1713                      1509    204     1441
  SINCE JUL 1   2827                      2913    -86     2597

 COOLING
  YESTERDAY        0                         0      0        0
  MONTH TO DATE    0                         0      0        0
  SINCE DEC 1      0                         0      0        0
  SINCE JAN 1      0                         0      0        0
..................................................................


WIND (MPH)
  HIGHEST WIND SPEED    24   HIGHEST WIND DIRECTION     W (290)
  HIGHEST GUST SPEED    30   HIGHEST GUST DIRECTION     W (290)
  AVERAGE WIND SPEED    10.4


SKY COVER
  AVERAGE SKY COVER 0.9



RELATIVE HUMIDITY (PERCENT)
 HIGHEST    81
 LOWEST     51
 AVERAGE    66

..........................................................


THE ALBANY NY CLIMATE NORMALS FOR TODAY
                         NORMAL    RECORD    YEAR
 MAXIMUM TEMPERATURE (F)   30        55      2016
 MINIMUM TEMPERATURE (F)   14       -13      1968


SUNRISE AND SUNSET
JANUARY 10 2018.......SUNRISE   725 AM EST   SUNSET   441 PM EST
JANUARY 11 2018.......SUNRISE   724 AM EST   SUNSET   442 PM EST


-  INDICATES NEGATIVE NUMBERS.
R  INDICATES RECORD WAS SET OR TIED.
MM INDICATES DATA IS MISSING.
T  INDICATES TRACE AMOUNT.




$$
