000
CDUS41 KALY 222149
CLIALB


CLIMATE REPORT
NATIONAL WEATHER SERVICE ALBANY NY
448 PM EST THU JAN 22 2015


...................................

...THE ALBANY NY CLIMATE SUMMARY FOR JANUARY 22 2015...
VALID TODAY AS OF 0400 PM LOCAL TIME.

CLIMATE NORMAL PERIOD 1981 TO 2010
CLIMATE RECORD PERIOD 1874 TO 2015


WEATHER ITEM   OBSERVED TIME   RECORD YEAR NORMAL DEPARTURE LAST
                VALUE   (LST)  VALUE       VALUE  FROM      YEAR
                                                  NORMAL
..................................................................
TEMPERATURE (F)
 TODAY
  MAXIMUM         32    311 PM  62    1906  30      2        9
  MINIMUM         17    457 AM -20    1984  14      3       -6
  AVERAGE         25                        22      3        2

PRECIPITATION (IN)
  TODAY            0.00          1.18 1891   0.09  -0.09     0.00
  MONTH TO DATE    1.68                      1.84  -0.16     2.25
  SINCE DEC 1      7.05                      4.77   2.28     5.63
  SINCE JAN 1      1.68                      1.84  -0.16     2.25

SNOWFALL (IN)
  TODAY            0.0          12.9  1987   0.5   -0.5      0.0
  MONTH TO DATE    6.3                      12.7   -6.4     13.2
  SINCE DEC 1     18.5                      26.4   -7.9     33.2
  SINCE JUL 1     30.8                      29.2    1.6     35.3
  SNOW DEPTH       0

DEGREE DAYS
 HEATING
  TODAY           40                        43     -3       63
  MONTH TO DATE  971                       937     34      940
  SINCE DEC 1   1969                      2068    -99     2094
  SINCE JUL 1   3244                      3472   -228     3464

 COOLING
  TODAY            0                         0      0        0
  MONTH TO DATE    0                         0      0        0
  SINCE DEC 1      0                         0      0        0
  SINCE JAN 1      0                         0      0        0
..................................................................


WIND (MPH)
  HIGHEST WIND SPEED    15   HIGHEST WIND DIRECTION    NW (300)
  HIGHEST GUST SPEED    19   HIGHEST GUST DIRECTION     W (280)
  AVERAGE WIND SPEED     3.0


SKY COVER
  AVERAGE SKY COVER 0.9



RELATIVE HUMIDITY (PERCENT)
 HIGHEST    74           400 AM
 LOWEST     49           200 PM
 AVERAGE    62

..........................................................


THE ALBANY NY CLIMATE NORMALS FOR TOMORROW
                         NORMAL    RECORD    YEAR
 MAXIMUM TEMPERATURE (F)   31        64      1906
 MINIMUM TEMPERATURE (F)   14       -20      1970


SUNRISE AND SUNSET
JANUARY 22 2015.......SUNRISE   719 AM EST   SUNSET   455 PM EST
JANUARY 23 2015.......SUNRISE   718 AM EST   SUNSET   456 PM EST


-  INDICATES NEGATIVE NUMBERS.
R  INDICATES RECORD WAS SET OR TIED.
MM INDICATES DATA IS MISSING.
T  INDICATES TRACE AMOUNT.




$$
