000
CDUS41 KALY 210631
CLIALB


CLIMATE REPORT
NATIONAL WEATHER SERVICE ALBANY NY
229 AM EDT THU MAY 21 2015


...................................

...THE ALBANY NY CLIMATE SUMMARY FOR MAY 20 2015...

CLIMATE NORMAL PERIOD 1981 TO 2010
CLIMATE RECORD PERIOD 1874 TO 2015


WEATHER ITEM   OBSERVED TIME   RECORD YEAR NORMAL DEPARTURE LAST
                VALUE   (LST)  VALUE       VALUE  FROM      YEAR
                                                  NORMAL
..................................................................
TEMPERATURE (F)
 YESTERDAY
  MAXIMUM         58    412 PM  91    1962  71    -13       75
  MINIMUM         43   1150 PM  29    2002  48     -5       40
  AVERAGE         51                        59     -8       58

PRECIPITATION (IN)
  YESTERDAY        T             1.82 1889   0.12  -0.12     0.00
  MONTH TO DATE    0.31                      2.22  -1.91     1.95
  SINCE MAR 1      3.66                      8.60  -4.94     7.11
  SINCE JAN 1      7.98                     13.39  -5.41    12.90

SNOWFALL (IN)
  YESTERDAY        0.0           0.0    MM   0.0    0.0      0.0
  MONTH TO DATE    0.0                       0.1   -0.1      0.0
  SINCE MAR 1      5.3                      12.6   -7.3      8.3
  SINCE JUL 1     75.9                      59.1   16.8     73.5
  SNOW DEPTH       0

DEGREE DAYS
 HEATING
  YESTERDAY       14                         6      8        7
  MONTH TO DATE   57                       178   -121      140
  SINCE MAR 1   1653                      1627     26     1812
  SINCE JUL 1   6783                      6571    212     6929

 COOLING
  YESTERDAY        0                         1     -1        0
  MONTH TO DATE   63                         9     54       15
  SINCE MAR 1     63                        13     50       21
  SINCE JAN 1     63                        13     50       21
..................................................................


WIND (MPH)
  HIGHEST WIND SPEED    29   HIGHEST WIND DIRECTION    NW (300)
  HIGHEST GUST SPEED    38   HIGHEST GUST DIRECTION    NW (300)
  AVERAGE WIND SPEED    14.6


SKY COVER
  AVERAGE SKY COVER 0.8



RELATIVE HUMIDITY (PERCENT)
 HIGHEST    66
 LOWEST     43
 AVERAGE    55

..........................................................


THE ALBANY NY CLIMATE NORMALS FOR TODAY
                         NORMAL    RECORD    YEAR
 MAXIMUM TEMPERATURE (F)   71        92      1941
 MINIMUM TEMPERATURE (F)   49        32      1949


SUNRISE AND SUNSET
MAY 21 2015...........SUNRISE   527 AM EDT   SUNSET   817 PM EDT
MAY 22 2015...........SUNRISE   526 AM EDT   SUNSET   818 PM EDT


-  INDICATES NEGATIVE NUMBERS.
R  INDICATES RECORD WAS SET OR TIED.
MM INDICATES DATA IS MISSING.
T  INDICATES TRACE AMOUNT.




$$
