000
CDUS41 KALY 030625
CLIALB


CLIMATE REPORT
NATIONAL WEATHER SERVICE ALBANY NY
124 AM EST SUN DEC 3 2017


...................................

...THE ALBANY NY CLIMATE SUMMARY FOR DECEMBER 2 2017...

CLIMATE NORMAL PERIOD 1981 TO 2010
CLIMATE RECORD PERIOD 1874 TO 2017


WEATHER ITEM   OBSERVED TIME   RECORD YEAR NORMAL DEPARTURE LAST
                VALUE   (LST)  VALUE       VALUE  FROM      YEAR
                                                  NORMAL
..................................................................
TEMPERATURE (F)
 YESTERDAY
  MAXIMUM         41    246 PM  66    1998  41      0       49
  MINIMUM         26    120 AM  -2    1875  27     -1       36
  AVERAGE         34                        34      0       43

PRECIPITATION (IN)
  YESTERDAY        0.00          1.62 1878   0.11  -0.11      T
  MONTH TO DATE    0.02                      0.21  -0.19     0.26
  SINCE DEC 1      0.02                      0.21  -0.19     0.26
  SINCE JAN 1     38.25                     36.63   1.62    31.89

SNOWFALL (IN)
  YESTERDAY        0.0           6.2  1949   0.3   -0.3      0.0
  MONTH TO DATE    0.0                       0.6   -0.6      0.0
  SINCE DEC 1      0.0                       0.6   -0.6      0.0
  SINCE JUL 1      T                         3.7   -3.7      2.3
  SNOW DEPTH       0

DEGREE DAYS
 HEATING
  YESTERDAY       31                        31      0       22
  MONTH TO DATE   58                        62     -4       43
  SINCE DEC 1     58                        62     -4       43
  SINCE JUL 1   1172                      1466   -294     1199

 COOLING
  YESTERDAY        0                         0      0        0
  MONTH TO DATE    0                         0      0        0
  SINCE DEC 1      0                         0      0        0
  SINCE JAN 1    714                       598    116      902
..................................................................


WIND (MPH)
  HIGHEST WIND SPEED     6   HIGHEST WIND DIRECTION     W (280)
  HIGHEST GUST SPEED     7   HIGHEST GUST DIRECTION     S (190)
  AVERAGE WIND SPEED     1.1


SKY COVER
  AVERAGE SKY COVER 0.8



RELATIVE HUMIDITY (PERCENT)
 HIGHEST    85
 LOWEST     59
 AVERAGE    72

..........................................................


THE ALBANY NY CLIMATE NORMALS FOR TODAY
                         NORMAL    RECORD    YEAR
 MAXIMUM TEMPERATURE (F)   41        63      2009
 MINIMUM TEMPERATURE (F)   26        -1      1976


SUNRISE AND SUNSET
DECEMBER  3 2017......SUNRISE   708 AM EST   SUNSET   422 PM EST
DECEMBER  4 2017......SUNRISE   709 AM EST   SUNSET   422 PM EST


-  INDICATES NEGATIVE NUMBERS.
R  INDICATES RECORD WAS SET OR TIED.
MM INDICATES DATA IS MISSING.
T  INDICATES TRACE AMOUNT.




$$
