000
CDUS41 KALY 280623
CLIALB


CLIMATE REPORT
NATIONAL WEATHER SERVICE ALBANY NY
222 AM EDT TUE JUL 28 2015


...................................

...THE ALBANY NY CLIMATE SUMMARY FOR JULY 27 2015...

CLIMATE NORMAL PERIOD 1981 TO 2010
CLIMATE RECORD PERIOD 1874 TO 2015


WEATHER ITEM   OBSERVED TIME   RECORD YEAR NORMAL DEPARTURE LAST
                VALUE   (LST)  VALUE       VALUE  FROM      YEAR
                                                  NORMAL
..................................................................
TEMPERATURE (F)
 YESTERDAY
  MAXIMUM         88    455 PM  97    1955  82      6       83
  MINIMUM         69    149 AM  47    1977  62      7       68
  AVERAGE         79                        72      7       76

PRECIPITATION (IN)
  YESTERDAY        0.00          2.15 2004   0.13  -0.13     1.42
  MONTH TO DATE    3.12                      3.59  -0.47     5.56
  SINCE JUN 1      9.82                      7.38   2.44    10.33
  SINCE JAN 1     18.54                     22.16  -3.62    23.89

DEGREE DAYS
 HEATING
  YESTERDAY        0                         0      0        0
  MONTH TO DATE    1                         0      1        0
  SINCE JUN 1     52                        52      0       12
  SINCE JUL 1      1                         0      1        0

 COOLING
  YESTERDAY       14                         7      7       11
  MONTH TO DATE  198                       186     12      223
  SINCE JUN 1    309                       304      5      371
  SINCE JAN 1    432                       334     98      406
..................................................................


WIND (MPH)
  HIGHEST WIND SPEED     9   HIGHEST WIND DIRECTION     S (180)
  HIGHEST GUST SPEED    13   HIGHEST GUST DIRECTION     S (170)
  AVERAGE WIND SPEED     3.9


SKY COVER
  AVERAGE SKY COVER 0.6



RELATIVE HUMIDITY (PERCENT)
 HIGHEST    90
 LOWEST     43
 AVERAGE    67

..........................................................


THE ALBANY NY CLIMATE NORMALS FOR TODAY
                         NORMAL    RECORD    YEAR
 MAXIMUM TEMPERATURE (F)   82        99      1929
 MINIMUM TEMPERATURE (F)   62        44      1971


SUNRISE AND SUNSET
JULY 28 2015..........SUNRISE   542 AM EDT   SUNSET   820 PM EDT
JULY 29 2015..........SUNRISE   543 AM EDT   SUNSET   819 PM EDT


-  INDICATES NEGATIVE NUMBERS.
R  INDICATES RECORD WAS SET OR TIED.
MM INDICATES DATA IS MISSING.
T  INDICATES TRACE AMOUNT.




$$
