000
CDUS41 KALY 090622
CLIALB


CLIMATE REPORT
NATIONAL WEATHER SERVICE ALBANY NY
122 AM EST THU MAR 9 2017


...................................

...THE ALBANY NY CLIMATE SUMMARY FOR MARCH 8 2017...

CLIMATE NORMAL PERIOD 1981 TO 2010
CLIMATE RECORD PERIOD 1874 TO 2017


WEATHER ITEM   OBSERVED TIME   RECORD YEAR NORMAL DEPARTURE LAST
                VALUE   (LST)  VALUE       VALUE  FROM      YEAR
                                                  NORMAL
..................................................................
TEMPERATURE (F)
 YESTERDAY
  MAXIMUM         58    144 PM  68    2012  41     17       60
  MINIMUM         41    850 AM  -2    1989  23     18       32
  AVERAGE         50                        32     18       46

PRECIPITATION (IN)
  YESTERDAY        0.03          1.15 1995   0.10  -0.07     0.00
  MONTH TO DATE    0.22                      0.77  -0.55     0.08
  SINCE MAR 1      0.22                      0.77  -0.55     0.08
  SINCE JAN 1      6.20                      5.56   0.64     5.39

SNOWFALL (IN)
  YESTERDAY        0.0           6.5  2013   0.5   -0.5      0.0
  MONTH TO DATE    0.2                       3.7   -3.5       T
  SINCE MAR 1      0.2                       3.7   -3.5       T
  SINCE JUL 1     41.4                      50.6   -9.2     10.3
  SNOW DEPTH       0

DEGREE DAYS
 HEATING
  YESTERDAY       15                        33    -18       19
  MONTH TO DATE  238                       273    -35      257
  SINCE MAR 1    238                       273    -35      257
  SINCE JUL 1   4401                      5217   -816     4186

 COOLING
  YESTERDAY        0                         0      0        0
  MONTH TO DATE    0                         0      0        0
  SINCE MAR 1      0                         0      0        0
  SINCE JAN 1      0                         0      0        0
..................................................................


WIND (MPH)
  HIGHEST WIND SPEED    36   HIGHEST WIND DIRECTION     W (260)
  HIGHEST GUST SPEED    46   HIGHEST GUST DIRECTION    SW (240)
  AVERAGE WIND SPEED    12.1


SKY COVER
  AVERAGE SKY COVER 0.7



RELATIVE HUMIDITY (PERCENT)
 HIGHEST    86
 LOWEST     24
 AVERAGE    55

..........................................................


THE ALBANY NY CLIMATE NORMALS FOR TODAY
                         NORMAL    RECORD    YEAR
 MAXIMUM TEMPERATURE (F)   41        81      2016
 MINIMUM TEMPERATURE (F)   23       -14      1943


SUNRISE AND SUNSET
MARCH  9 2017.........SUNRISE   617 AM EST   SUNSET   555 PM EST
MARCH 10 2017.........SUNRISE   615 AM EST   SUNSET   556 PM EST


-  INDICATES NEGATIVE NUMBERS.
R  INDICATES RECORD WAS SET OR TIED.
MM INDICATES DATA IS MISSING.
T  INDICATES TRACE AMOUNT.




$$
