519
CDUS41 KALY 160629
CLIALB


CLIMATE REPORT
NATIONAL WEATHER SERVICE ALBANY NY
227 AM EDT SAT JUL 16 2016


...................................

...THE ALBANY NY CLIMATE SUMMARY FOR JULY 15 2016...

CLIMATE NORMAL PERIOD 1981 TO 2010
CLIMATE RECORD PERIOD 1874 TO 2016


WEATHER ITEM   OBSERVED TIME   RECORD YEAR NORMAL DEPARTURE LAST
                VALUE   (LST)  VALUE       VALUE  FROM      YEAR
                                                  NORMAL
..................................................................
TEMPERATURE (F)
 YESTERDAY
  MAXIMUM         91    145 PM  96    1997  83      8       75
  MINIMUM         69   1159 PM  44    1950  62      7       59
  AVERAGE         80                        72      8       67

PRECIPITATION (IN)
  YESTERDAY        T             3.23 2000   0.14  -0.14     0.00
  MONTH TO DATE    3.07                      1.98   1.09     1.54
  SINCE JUN 1      5.38                      5.77  -0.39     8.24
  SINCE JAN 1     16.14                     20.55  -4.41    16.96

DEGREE DAYS
 HEATING
  YESTERDAY        0                         0      0        0
  MONTH TO DATE    0                         0      0        1
  SINCE JUN 1     38                        52    -14       52
  SINCE JUL 1      0                         0      0        1

 COOLING
  YESTERDAY       15                         7      8        2
  MONTH TO DATE  129                       102     27       96
  SINCE JUN 1    272                       220     52      207
  SINCE JAN 1    347                       250     97      330
..................................................................


WIND (MPH)
  HIGHEST WIND SPEED    26   HIGHEST WIND DIRECTION    NW (330)
  HIGHEST GUST SPEED    39   HIGHEST GUST DIRECTION    NW (310)
  AVERAGE WIND SPEED     4.6


SKY COVER
  AVERAGE SKY COVER 0.6



RELATIVE HUMIDITY (PERCENT)
 HIGHEST   100
 LOWEST     41
 AVERAGE    71

..........................................................


THE ALBANY NY CLIMATE NORMALS FOR TODAY
                         NORMAL    RECORD    YEAR
 MAXIMUM TEMPERATURE (F)   83        97      1900
 MINIMUM TEMPERATURE (F)   62        44      1946


SUNRISE AND SUNSET
JULY 16 2016..........SUNRISE   532 AM EDT   SUNSET   830 PM EDT
JULY 17 2016..........SUNRISE   533 AM EDT   SUNSET   830 PM EDT


-  INDICATES NEGATIVE NUMBERS.
R  INDICATES RECORD WAS SET OR TIED.
MM INDICATES DATA IS MISSING.
T  INDICATES TRACE AMOUNT.




$$
