000
CDUS41 KALY 140631
CLIALB


CLIMATE REPORT
NATIONAL WEATHER SERVICE ALBANY NY
231 AM EDT MON AUG 14 2017


...................................

...THE ALBANY NY CLIMATE SUMMARY FOR AUGUST 13 2017...

CLIMATE NORMAL PERIOD 1981 TO 2010
CLIMATE RECORD PERIOD 1874 TO 2017


WEATHER ITEM   OBSERVED TIME   RECORD YEAR NORMAL DEPARTURE LAST
                VALUE   (LST)  VALUE       VALUE  FROM      YEAR
                                                  NORMAL
..................................................................
TEMPERATURE (F)
 YESTERDAY
  MAXIMUM         82    412 PM  98    1947  81      1       92
  MINIMUM         63   1159 PM  43    1957  61      2       73
  AVERAGE         73                        71      2       83

PRECIPITATION (IN)
  YESTERDAY        0.00          1.76 1997   0.11  -0.11     0.09
  MONTH TO DATE    1.68                      1.59   0.09     2.94
  SINCE JUN 1     10.81                      9.50   1.31    11.69
  SINCE JAN 1     29.72                     24.28   5.44    22.45

DEGREE DAYS
 HEATING
  YESTERDAY        0                         0      0        0
  MONTH TO DATE    0                         0      0        0
  SINCE JUN 1     53                        57     -4       38
  SINCE JUL 1      2                         5     -3        0

 COOLING
  YESTERDAY        8                         6      2       18
  MONTH TO DATE   86                        87     -1      136
  SINCE JUN 1    453                       423     30      564
  SINCE JAN 1    503                       453     50      639
..................................................................


WIND (MPH)
  HIGHEST WIND SPEED    14   HIGHEST WIND DIRECTION     W (280)
  HIGHEST GUST SPEED    19   HIGHEST GUST DIRECTION    NW (320)
  AVERAGE WIND SPEED     5.6


SKY COVER
  AVERAGE SKY COVER 0.6



RELATIVE HUMIDITY (PERCENT)
 HIGHEST    93
 LOWEST     42
 AVERAGE    68

..........................................................


THE ALBANY NY CLIMATE NORMALS FOR TODAY
                         NORMAL    RECORD    YEAR
 MAXIMUM TEMPERATURE (F)   81        97      1988
 MINIMUM TEMPERATURE (F)   60        44      1941


SUNRISE AND SUNSET
AUGUST 14 2017........SUNRISE   601 AM EDT   SUNSET   758 PM EDT
AUGUST 15 2017........SUNRISE   602 AM EDT   SUNSET   757 PM EDT


-  INDICATES NEGATIVE NUMBERS.
R  INDICATES RECORD WAS SET OR TIED.
MM INDICATES DATA IS MISSING.
T  INDICATES TRACE AMOUNT.




$$
