000
CDUS41 KALY 080625
CLIALB


CLIMATE REPORT
NATIONAL WEATHER SERVICE ALBANY NY
223 AM EDT THU JUN 8 2017


...................................

...THE ALBANY NY CLIMATE SUMMARY FOR JUNE 7 2017...

CLIMATE NORMAL PERIOD 1981 TO 2010
CLIMATE RECORD PERIOD 1874 TO 2017


WEATHER ITEM   OBSERVED TIME   RECORD YEAR NORMAL DEPARTURE LAST
                VALUE   (LST)  VALUE       VALUE  FROM      YEAR
                                                  NORMAL
..................................................................
TEMPERATURE (F)
 YESTERDAY
  MAXIMUM         75    415 PM  95    1999  76     -1       77
  MINIMUM         49    332 AM  37    1958  54     -5       58
  AVERAGE         62                        65     -3       68

PRECIPITATION (IN)
  YESTERDAY        T             1.36 1901   0.13  -0.13     0.21
  MONTH TO DATE    1.84                      0.91   0.93     1.50
  SINCE JUN 1      1.84                      0.91   0.93     1.50
  SINCE JAN 1     20.75                     15.69   5.06    12.26

DEGREE DAYS
 HEATING
  YESTERDAY        3                         3      0        0
  MONTH TO DATE   46                        23     23        0
  SINCE JUN 1     46                        23     23        0
  SINCE JUL 1   5863                      6651   -788     5416

 COOLING
  YESTERDAY        0                         3     -3        3
  MONTH TO DATE    0                        15    -15       42
  SINCE JUN 1      0                        15    -15       42
  SINCE JAN 1     50                        45      5      117
..................................................................


WIND (MPH)
  HIGHEST WIND SPEED    14   HIGHEST WIND DIRECTION     N (10)
  HIGHEST GUST SPEED    21   HIGHEST GUST DIRECTION     N (20)
  AVERAGE WIND SPEED     5.4


SKY COVER
  AVERAGE SKY COVER 0.5



RELATIVE HUMIDITY (PERCENT)
 HIGHEST    89
 LOWEST     38
 AVERAGE    64

..........................................................


THE ALBANY NY CLIMATE NORMALS FOR TODAY
                         NORMAL    RECORD    YEAR
 MAXIMUM TEMPERATURE (F)   76        93      2011
                                             1984
 MINIMUM TEMPERATURE (F)   54        38      1951


SUNRISE AND SUNSET
JUNE  8 2017..........SUNRISE   517 AM EDT   SUNSET   832 PM EDT
JUNE  9 2017..........SUNRISE   517 AM EDT   SUNSET   832 PM EDT


-  INDICATES NEGATIVE NUMBERS.
R  INDICATES RECORD WAS SET OR TIED.
MM INDICATES DATA IS MISSING.
T  INDICATES TRACE AMOUNT.




$$
