000
CDUS41 KALY 080627
CLIALB


CLIMATE REPORT
NATIONAL WEATHER SERVICE ALBANY NY
126 AM EST WED FEB 8 2017


...................................

...THE ALBANY NY CLIMATE SUMMARY FOR FEBRUARY 7 2017...

CLIMATE NORMAL PERIOD 1981 TO 2010
CLIMATE RECORD PERIOD 1874 TO 2017


WEATHER ITEM   OBSERVED TIME   RECORD YEAR NORMAL DEPARTURE LAST
                VALUE   (LST)  VALUE       VALUE  FROM      YEAR
                                                  NORMAL
..................................................................
TEMPERATURE (F)
 YESTERDAY
  MAXIMUM         35   1159 PM  48    2005  33      2       46
                                      1951
  MINIMUM         27    537 AM -18    1995  16     11       24
  AVERAGE         31                        24      7       35

PRECIPITATION (IN)
  YESTERDAY        0.53          1.82 1941   0.08   0.45     0.00
  MONTH TO DATE    0.59                      0.55   0.04     0.35
  SINCE DEC 1      5.47                      6.07  -0.60     5.26
  SINCE JAN 1      3.72                      3.14   0.58     1.59

SNOWFALL (IN)
  YESTERDAY        0.3          12.4  1983   0.4   -0.1      0.0
  MONTH TO DATE    1.6                       3.3   -1.7      0.0
  SINCE DEC 1     18.3                      34.9  -16.6      5.5
  SINCE JUL 1     20.6                      38.0  -17.4      5.5
  SNOW DEPTH       0

DEGREE DAYS
 HEATING
  YESTERDAY       34                        41     -7       30
  MONTH TO DATE  257                       289    -32      182
  SINCE DEC 1   2384                      2736   -352     2040
  SINCE JUL 1   3540                      4140   -600     3123

 COOLING
  YESTERDAY        0                         0      0        0
  MONTH TO DATE    0                         0      0        0
  SINCE DEC 1      0                         0      0        0
  SINCE JAN 1      0                         0      0        0
..................................................................


WIND (MPH)
  HIGHEST WIND SPEED    15   HIGHEST WIND DIRECTION     S (170)
  HIGHEST GUST SPEED    21   HIGHEST GUST DIRECTION     S (170)
  AVERAGE WIND SPEED     4.7


SKY COVER
  AVERAGE SKY COVER 1.0



RELATIVE HUMIDITY (PERCENT)
 HIGHEST    92
 LOWEST     58
 AVERAGE    75

..........................................................


THE ALBANY NY CLIMATE NORMALS FOR TODAY
                         NORMAL    RECORD    YEAR
 MAXIMUM TEMPERATURE (F)   33        52      1925
 MINIMUM TEMPERATURE (F)   16       -16      1950


SUNRISE AND SUNSET
FEBRUARY  8 2017......SUNRISE   701 AM EST   SUNSET   518 PM EST
FEBRUARY  9 2017......SUNRISE   700 AM EST   SUNSET   519 PM EST


-  INDICATES NEGATIVE NUMBERS.
R  INDICATES RECORD WAS SET OR TIED.
MM INDICATES DATA IS MISSING.
T  INDICATES TRACE AMOUNT.




$$
