000
CDUS41 KALY 030625
CLIALB


CLIMATE REPORT
NATIONAL WEATHER SERVICE ALBANY NY
224 AM EDT THU APR 3 2014


...................................

...THE ALBANY NY CLIMATE SUMMARY FOR APRIL 2 2014...

CLIMATE NORMAL PERIOD 1981 TO 2010
CLIMATE RECORD PERIOD 1874 TO 2014


WEATHER ITEM   OBSERVED TIME   RECORD YEAR NORMAL DEPARTURE LAST
                VALUE   (LST)  VALUE       VALUE  FROM      YEAR
                                                  NORMAL
..................................................................
TEMPERATURE (F)
 YESTERDAY
  MAXIMUM         60    358 PM  77    2010  52      8       37
  MINIMUM         30    425 AM  17    1956  32     -2       25
  AVERAGE         45                        42      3       31

PRECIPITATION (IN)
  YESTERDAY        0.00          1.53 1970   0.11  -0.11     0.03
  MONTH TO DATE    0.00                      0.21  -0.21     0.06
  SINCE MAR 1      2.72                      3.42  -0.70     2.55
  SINCE JAN 1      8.51                      8.21   0.30     5.68

SNOWFALL (IN)
  YESTERDAY        0.0           8.0  1924   0.2   -0.2      1.2
  MONTH TO DATE    0.0                       0.3   -0.3      1.2
  SINCE MAR 1      5.9                      10.5   -4.6     20.7
  SINCE JUL 1     71.1                      57.0   14.1     51.4
  SNOW DEPTH       0

DEGREE DAYS
 HEATING
  YESTERDAY       20                        23     -3       34
  MONTH TO DATE   45                        46     -1       59
  SINCE MAR 1   1192                       975    217     1018
  SINCE JUL 1   6309                      5919    390     5556

 COOLING
  YESTERDAY        0                         0      0        0
  MONTH TO DATE    0                         0      0        0
  SINCE MAR 1      0                         0      0        0
  SINCE JAN 1      0                         0      0        0
..................................................................


WIND (MPH)
  HIGHEST WIND SPEED    16   HIGHEST WIND DIRECTION     N (340)
  HIGHEST GUST SPEED    20   HIGHEST GUST DIRECTION     S (170)
  AVERAGE WIND SPEED     6.4


SKY COVER
  AVERAGE SKY COVER 0.4



RELATIVE HUMIDITY (PERCENT)
 HIGHEST    85
 LOWEST     37
 AVERAGE    61

..........................................................


THE ALBANY NY CLIMATE NORMALS FOR TODAY
                         NORMAL    RECORD    YEAR
 MAXIMUM TEMPERATURE (F)   53        79      1981
 MINIMUM TEMPERATURE (F)   33        16      1954


SUNRISE AND SUNSET
APRIL  3 2014.........SUNRISE   634 AM EDT   SUNSET   724 PM EDT
APRIL  4 2014.........SUNRISE   632 AM EDT   SUNSET   725 PM EDT


-  INDICATES NEGATIVE NUMBERS.
R  INDICATES RECORD WAS SET OR TIED.
MM INDICATES DATA IS MISSING.
T  INDICATES TRACE AMOUNT.




$$
