000
CDUS41 KALY 250622
CLIALB


CLIMATE REPORT
NATIONAL WEATHER SERVICE ALBANY NY
221 AM EDT THU JUN 25 2015


...................................

...THE ALBANY NY CLIMATE SUMMARY FOR JUNE 24 2015...

CLIMATE NORMAL PERIOD 1981 TO 2010
CLIMATE RECORD PERIOD 1874 TO 2015


WEATHER ITEM   OBSERVED TIME   RECORD YEAR NORMAL DEPARTURE LAST
                VALUE   (LST)  VALUE       VALUE  FROM      YEAR
                                                  NORMAL
..................................................................
TEMPERATURE (F)
 YESTERDAY
  MAXIMUM         79    248 PM  96    1943  80     -1       79
  MINIMUM         61   1119 PM  44    1932  59      2       66
  AVERAGE         70                        70      0       73

PRECIPITATION (IN)
  YESTERDAY        0.00          0.89 1909   0.12  -0.12      T
  MONTH TO DATE    5.60                      3.06   2.54     3.13
  SINCE JUN 1      5.60                      3.06   2.54     3.13
  SINCE JAN 1     14.32                     17.84  -3.52    16.69

DEGREE DAYS
 HEATING
  YESTERDAY        0                         1     -1        0
  MONTH TO DATE   44                        49     -5       12
  SINCE JUN 1     44                        49     -5       12
  SINCE JUL 1   6866                      6677    189     6978

 COOLING
  YESTERDAY        5                         5      0        8
  MONTH TO DATE  102                        82     20       91
  SINCE JUN 1    102                        82     20       91
  SINCE JAN 1    225                       112    113      126
..................................................................


WIND (MPH)
  HIGHEST WIND SPEED    23   HIGHEST WIND DIRECTION     W (290)
  HIGHEST GUST SPEED    28   HIGHEST GUST DIRECTION     W (270)
  AVERAGE WIND SPEED    11.1


SKY COVER
  AVERAGE SKY COVER 0.3



RELATIVE HUMIDITY (PERCENT)
 HIGHEST    78
 LOWEST     42
 AVERAGE    60

..........................................................


THE ALBANY NY CLIMATE NORMALS FOR TODAY
                         NORMAL    RECORD    YEAR
 MAXIMUM TEMPERATURE (F)   80        95      1898
 MINIMUM TEMPERATURE (F)   59        45      1979


SUNRISE AND SUNSET
JUNE 25 2015..........SUNRISE   518 AM EDT   SUNSET   837 PM EDT
JUNE 26 2015..........SUNRISE   518 AM EDT   SUNSET   838 PM EDT


-  INDICATES NEGATIVE NUMBERS.
R  INDICATES RECORD WAS SET OR TIED.
MM INDICATES DATA IS MISSING.
T  INDICATES TRACE AMOUNT.




$$
