000
CDUS41 KALY 140637
CLIALB


CLIMATE REPORT
NATIONAL WEATHER SERVICE ALBANY NY
136 AM EST TUE FEB 14 2017


...................................

...THE ALBANY NY CLIMATE SUMMARY FOR FEBRUARY 13 2017...

CLIMATE NORMAL PERIOD 1981 TO 2010
CLIMATE RECORD PERIOD 1874 TO 2017


WEATHER ITEM   OBSERVED TIME   RECORD YEAR NORMAL DEPARTURE LAST
                VALUE   (LST)  VALUE       VALUE  FROM      YEAR
                                                  NORMAL
..................................................................
TEMPERATURE (F)
 YESTERDAY
  MAXIMUM         33    356 AM  58    1900  34     -1       20
  MINIMUM         16   1118 PM -18    1875  17     -1       -9
  AVERAGE         25                        25      0        6

PRECIPITATION (IN)
  YESTERDAY        T             0.90 1893   0.08  -0.08      T
  MONTH TO DATE    2.13                      1.00   1.13     0.51
  SINCE DEC 1      7.01                      6.52   0.49     5.42
  SINCE JAN 1      5.26                      3.59   1.67     1.75

SNOWFALL (IN)
  YESTERDAY        T             9.0  1893   0.5   -0.5       T
  MONTH TO DATE   22.2                       6.0   16.2      3.0
  SINCE DEC 1     38.9                      37.6    1.3      8.5
  SINCE JUL 1     41.2                      40.7    0.5      8.5
  SNOW DEPTH      11

DEGREE DAYS
 HEATING
  YESTERDAY       40                        40      0       59
  MONTH TO DATE  499                       530    -31      445
  SINCE DEC 1   2626                      2977   -351     2303
  SINCE JUL 1   3782                      4381   -599     3386

 COOLING
  YESTERDAY        0                         0      0        0
  MONTH TO DATE    0                         0      0        0
  SINCE DEC 1      0                         0      0        0
  SINCE JAN 1      0                         0      0        0
..................................................................


WIND (MPH)
  HIGHEST WIND SPEED    31   HIGHEST WIND DIRECTION     W (290)
  HIGHEST GUST SPEED    42   HIGHEST GUST DIRECTION     W (290)
  AVERAGE WIND SPEED    15.8


SKY COVER
  AVERAGE SKY COVER 0.7



RELATIVE HUMIDITY (PERCENT)
 HIGHEST    92
 LOWEST     53
 AVERAGE    73

..........................................................


THE ALBANY NY CLIMATE NORMALS FOR TODAY
                         NORMAL    RECORD    YEAR
 MAXIMUM TEMPERATURE (F)   34        63      1946
 MINIMUM TEMPERATURE (F)   17       -13      2016


SUNRISE AND SUNSET
FEBRUARY 14 2017......SUNRISE   653 AM EST   SUNSET   526 PM EST
FEBRUARY 15 2017......SUNRISE   652 AM EST   SUNSET   527 PM EST


-  INDICATES NEGATIVE NUMBERS.
R  INDICATES RECORD WAS SET OR TIED.
MM INDICATES DATA IS MISSING.
T  INDICATES TRACE AMOUNT.




$$
