000
CDUS41 KALY 100622
CLIALB


CLIMATE REPORT
NATIONAL WEATHER SERVICE ALBANY NY
221 AM EDT THU APR 10 2014


...................................

...THE ALBANY NY CLIMATE SUMMARY FOR APRIL 9 2014...

CLIMATE NORMAL PERIOD 1981 TO 2010
CLIMATE RECORD PERIOD 1874 TO 2014


WEATHER ITEM   OBSERVED TIME   RECORD YEAR NORMAL DEPARTURE LAST
                VALUE   (LST)  VALUE       VALUE  FROM      YEAR
                                                  NORMAL
..................................................................
TEMPERATURE (F)
 YESTERDAY
  MAXIMUM         54    153 PM  77    1991  55     -1       60
  MINIMUM         31   1119 PM  16    1977  35     -4       49
  AVERAGE         43                        45     -2       55

PRECIPITATION (IN)
  YESTERDAY        0.00          1.56 2000   0.11  -0.11     0.09
  MONTH TO DATE    0.16                      0.97  -0.81     0.16
  SINCE MAR 1      2.88                      4.18  -1.30     2.65
  SINCE JAN 1      8.67                      8.97  -0.30     5.78

SNOWFALL (IN)
  YESTERDAY        0.0          13.3  2000   0.1   -0.1      0.0
  MONTH TO DATE    T                         1.1   -1.1      1.2
  SINCE MAR 1      5.9                      11.3   -5.4     20.7
  SINCE JUL 1     71.1                      57.8   13.3     51.4
  SNOW DEPTH       0

DEGREE DAYS
 HEATING
  YESTERDAY       22                        20      2       10
  MONTH TO DATE  189                       194     -5      209
  SINCE MAR 1   1336                      1123    213     1168
  SINCE JUL 1   6453                      6067    386     5706

 COOLING
  YESTERDAY        0                         0      0        0
  MONTH TO DATE    0                         0      0        0
  SINCE MAR 1      0                         0      0        0
  SINCE JAN 1      0                         0      0        0
..................................................................


WIND (MPH)
  HIGHEST WIND SPEED    28   HIGHEST WIND DIRECTION     W (290)
  HIGHEST GUST SPEED    38   HIGHEST GUST DIRECTION    NW (310)
  AVERAGE WIND SPEED    13.9


SKY COVER
  AVERAGE SKY COVER 0.2



RELATIVE HUMIDITY (PERCENT)
 HIGHEST    85
 LOWEST     19
 AVERAGE    52

..........................................................


THE ALBANY NY CLIMATE NORMALS FOR TODAY
                         NORMAL    RECORD    YEAR
 MAXIMUM TEMPERATURE (F)   56        86      1922
 MINIMUM TEMPERATURE (F)   35        21      1974


SUNRISE AND SUNSET
APRIL 10 2014.........SUNRISE   622 AM EDT   SUNSET   732 PM EDT
APRIL 11 2014.........SUNRISE   620 AM EDT   SUNSET   733 PM EDT


-  INDICATES NEGATIVE NUMBERS.
R  INDICATES RECORD WAS SET OR TIED.
MM INDICATES DATA IS MISSING.
T  INDICATES TRACE AMOUNT.




$$
