000
CDUS41 KALY 230623
CLIALB


CLIMATE REPORT
NATIONAL WEATHER SERVICE ALBANY NY
222 AM EDT TUE JUN 23 2015


...................................

...THE ALBANY NY CLIMATE SUMMARY FOR JUNE 22 2015...

CLIMATE NORMAL PERIOD 1981 TO 2010
CLIMATE RECORD PERIOD 1874 TO 2015


WEATHER ITEM   OBSERVED TIME   RECORD YEAR NORMAL DEPARTURE LAST
                VALUE   (LST)  VALUE       VALUE  FROM      YEAR
                                                  NORMAL
..................................................................
TEMPERATURE (F)
 YESTERDAY
  MAXIMUM         84    351 PM  95    1954  80      4       80
  MINIMUM         66   1010 PM  37    1940  59      7       53
  AVERAGE         75                        69      6       67

PRECIPITATION (IN)
  YESTERDAY        0.00          1.52 2011   0.12  -0.12     0.00
  MONTH TO DATE    5.53                      2.82   2.71     3.13
  SINCE JUN 1      5.53                      2.82   2.71     3.13
  SINCE JAN 1     14.25                     17.60  -3.35    16.69

DEGREE DAYS
 HEATING
  YESTERDAY        0                         1     -1        0
  MONTH TO DATE   44                        47     -3       12
  SINCE JUN 1     44                        47     -3       12
  SINCE JUL 1   6866                      6675    191     6978

 COOLING
  YESTERDAY       10                         5      5        2
  MONTH TO DATE   84                        72     12       79
  SINCE JUN 1     84                        72     12       79
  SINCE JAN 1    207                       102    105      114
..................................................................


WIND (MPH)
  HIGHEST WIND SPEED    20   HIGHEST WIND DIRECTION    NW (300)
  HIGHEST GUST SPEED    25   HIGHEST GUST DIRECTION     W (290)
  AVERAGE WIND SPEED     9.0


SKY COVER
  AVERAGE SKY COVER 0.4



RELATIVE HUMIDITY (PERCENT)
 HIGHEST    78
 LOWEST     40
 AVERAGE    59

..........................................................


THE ALBANY NY CLIMATE NORMALS FOR TODAY
                         NORMAL    RECORD    YEAR
 MAXIMUM TEMPERATURE (F)   80        96      1888
 MINIMUM TEMPERATURE (F)   59        44      1940


SUNRISE AND SUNSET
JUNE 23 2015..........SUNRISE   517 AM EDT   SUNSET   837 PM EDT
JUNE 24 2015..........SUNRISE   518 AM EDT   SUNSET   837 PM EDT


-  INDICATES NEGATIVE NUMBERS.
R  INDICATES RECORD WAS SET OR TIED.
MM INDICATES DATA IS MISSING.
T  INDICATES TRACE AMOUNT.




$$
