877
CDUS41 KALY 270623
CLIALB


CLIMATE REPORT
NATIONAL WEATHER SERVICE ALBANY NY
122 AM EST SUN NOV 27 2016


...................................

...THE ALBANY NY CLIMATE SUMMARY FOR NOVEMBER 26 2016...

CLIMATE NORMAL PERIOD 1981 TO 2010
CLIMATE RECORD PERIOD 1874 TO 2016


WEATHER ITEM   OBSERVED TIME   RECORD YEAR NORMAL DEPARTURE LAST
                VALUE   (LST)  VALUE       VALUE  FROM      YEAR
                                                  NORMAL
..................................................................
TEMPERATURE (F)
 YESTERDAY
  MAXIMUM         43    324 PM  67    1979  44     -1       53
  MINIMUM         35    531 AM -11    1938  29      6       31
  AVERAGE         39                        36      3       42

PRECIPITATION (IN)
  YESTERDAY        0.01          1.75 1895   0.10  -0.09     0.00
  MONTH TO DATE    2.74                      2.86  -0.12     1.73
  SINCE SEP 1      7.82                      9.84  -2.02    11.82
  SINCE JAN 1     31.27                     35.99  -4.72    34.96

SNOWFALL (IN)
  YESTERDAY        0.0           9.6  2014   0.2   -0.2      0.0
  MONTH TO DATE    0.6                       2.1   -1.5       T
  SINCE SEP 1      2.3                       2.4   -0.1       T
  SINCE JUL 1      2.3                       2.4   -0.1       T
  SNOW DEPTH       0

DEGREE DAYS
 HEATING
  YESTERDAY       26                        29     -3       23
  MONTH TO DATE  600                       640    -40      484
  SINCE SEP 1   1054                      1262   -208      991
  SINCE JUL 1   1055                      1285   -230      992

 COOLING
  YESTERDAY        0                         0      0        0
  MONTH TO DATE    0                         0      0        0
  SINCE SEP 1    114                        55     59      158
  SINCE JAN 1    902                       598    304      906
..................................................................


WIND (MPH)
  HIGHEST WIND SPEED    13   HIGHEST WIND DIRECTION     W (290)
  HIGHEST GUST SPEED    16   HIGHEST GUST DIRECTION    NW (300)
  AVERAGE WIND SPEED     4.0


SKY COVER
  AVERAGE SKY COVER 0.9



RELATIVE HUMIDITY (PERCENT)
 HIGHEST   100
 LOWEST     76
 AVERAGE    88

..........................................................


THE ALBANY NY CLIMATE NORMALS FOR TODAY
                         NORMAL    RECORD    YEAR
 MAXIMUM TEMPERATURE (F)   43        66      1896
 MINIMUM TEMPERATURE (F)   28         8      1957


SUNRISE AND SUNSET
NOVEMBER 27 2016......SUNRISE   702 AM EST   SUNSET   424 PM EST
NOVEMBER 28 2016......SUNRISE   703 AM EST   SUNSET   423 PM EST


-  INDICATES NEGATIVE NUMBERS.
R  INDICATES RECORD WAS SET OR TIED.
MM INDICATES DATA IS MISSING.
T  INDICATES TRACE AMOUNT.




$$
