000
CDUS41 KALY 110623
CLIALB


CLIMATE REPORT
NATIONAL WEATHER SERVICE ALBANY NY
222 AM EDT THU MAY 11 2017


...................................

...THE ALBANY NY CLIMATE SUMMARY FOR MAY 10 2017...

CLIMATE NORMAL PERIOD 1981 TO 2010
CLIMATE RECORD PERIOD 1874 TO 2017


WEATHER ITEM   OBSERVED TIME   RECORD YEAR NORMAL DEPARTURE LAST
                VALUE   (LST)  VALUE       VALUE  FROM      YEAR
                                                  NORMAL
..................................................................
TEMPERATURE (F)
 YESTERDAY
  MAXIMUM         55    500 PM  92    1970  68    -13       69
  MINIMUM         36    502 AM  28    1958  45     -9       34
  AVERAGE         46                        56    -10       52

PRECIPITATION (IN)
  YESTERDAY        0.00          2.01 1931   0.11  -0.11     0.00
  MONTH TO DATE    2.65                      1.08   1.57     1.24
  SINCE MAR 1      9.60                      7.46   2.14     4.26
  SINCE JAN 1     15.58                     12.25   3.33     9.57

SNOWFALL (IN)
  YESTERDAY        0.0           5.0  1945   0.0    0.0      0.0
  MONTH TO DATE    T                         0.1   -0.1      0.0
  SINCE MAR 1     19.6                      13.4    6.2      6.6
  SINCE JUL 1     60.8                      60.3    0.5     16.9
  SNOW DEPTH       0

DEGREE DAYS
 HEATING
  YESTERDAY       19                         9     10       13
  MONTH TO DATE  141                       103     38      132
  SINCE MAR 1   1539                      1552    -13     1383
  SINCE JUL 1   5702                      6496   -794     5312

 COOLING
  YESTERDAY        0                         0      0        0
  MONTH TO DATE    0                         0      0        0
  SINCE MAR 1     22                         4     18        2
  SINCE JAN 1     22                         4     18        2
..................................................................


WIND (MPH)
  HIGHEST WIND SPEED    13   HIGHEST WIND DIRECTION    NW (330)
  HIGHEST GUST SPEED    17   HIGHEST GUST DIRECTION     N (340)
  AVERAGE WIND SPEED     5.4


SKY COVER
  AVERAGE SKY COVER 0.8



RELATIVE HUMIDITY (PERCENT)
 HIGHEST    92
 LOWEST     41
 AVERAGE    67

..........................................................


THE ALBANY NY CLIMATE NORMALS FOR TODAY
                         NORMAL    RECORD    YEAR
 MAXIMUM TEMPERATURE (F)   68        90      1911
 MINIMUM TEMPERATURE (F)   46        29      2010
                                             1966


SUNRISE AND SUNSET
MAY 11 2017...........SUNRISE   537 AM EDT   SUNSET   807 PM EDT
MAY 12 2017...........SUNRISE   536 AM EDT   SUNSET   808 PM EDT


-  INDICATES NEGATIVE NUMBERS.
R  INDICATES RECORD WAS SET OR TIED.
MM INDICATES DATA IS MISSING.
T  INDICATES TRACE AMOUNT.




$$
