000
CDUS41 KALY 080624
CLIALB


CLIMATE REPORT
NATIONAL WEATHER SERVICE ALBANY NY
123 AM EST MON DEC 8 2014


...................................

...THE ALBANY NY CLIMATE SUMMARY FOR DECEMBER 7 2014...

CLIMATE NORMAL PERIOD 1981 TO 2010
CLIMATE RECORD PERIOD 1874 TO 2014


WEATHER ITEM   OBSERVED TIME   RECORD YEAR NORMAL DEPARTURE LAST
                VALUE   (LST)  VALUE       VALUE  FROM      YEAR
                                                  NORMAL
..................................................................
TEMPERATURE (F)
 YESTERDAY
  MAXIMUM         34    348 AM  65    1998  39     -5       38
  MINIMUM         15   1159 PM  -7    1901  25    -10       28
  AVERAGE         25                        32     -7       33

PRECIPITATION (IN)
  YESTERDAY        0.00          1.43 2011   0.10  -0.10     0.01
  MONTH TO DATE    1.11                      0.74   0.37     0.39
  SINCE DEC 1      1.11                      0.74   0.37     0.39
  SINCE JAN 1     35.44                     37.16  -1.72    40.84

SNOWFALL (IN)
  YESTERDAY        0.0           5.5  2003   0.3   -0.3      0.1
  MONTH TO DATE    0.4                       2.3   -1.9      0.5
  SINCE DEC 1      0.4                       2.3   -1.9      0.5
  SINCE JUL 1     12.7                       5.1    7.6      2.6
  SNOW DEPTH       0

DEGREE DAYS
 HEATING
  YESTERDAY       40                        33      7       32
  MONTH TO DATE  229                       225      4      208
  SINCE DEC 1    229                       225      4      208
  SINCE JUL 1   1504                      1629   -125     1578

 COOLING
  YESTERDAY        0                         0      0        0
  MONTH TO DATE    0                         0      0        0
  SINCE DEC 1      0                         0      0        0
  SINCE JAN 1    659                       598     61      763
..................................................................


WIND (MPH)
  HIGHEST WIND SPEED    20   HIGHEST WIND DIRECTION     N (10)
  HIGHEST GUST SPEED    24   HIGHEST GUST DIRECTION     N (10)
  AVERAGE WIND SPEED    11.5


SKY COVER
  AVERAGE SKY COVER 0.4



RELATIVE HUMIDITY (PERCENT)
 HIGHEST    89
 LOWEST     45
 AVERAGE    67

..........................................................


THE ALBANY NY CLIMATE NORMALS FOR TODAY
                         NORMAL    RECORD    YEAR
 MAXIMUM TEMPERATURE (F)   38        58      1927
 MINIMUM TEMPERATURE (F)   24        -3      1902


SUNRISE AND SUNSET
DECEMBER  8 2014......SUNRISE   713 AM EST   SUNSET   421 PM EST
DECEMBER  9 2014......SUNRISE   714 AM EST   SUNSET   421 PM EST


-  INDICATES NEGATIVE NUMBERS.
R  INDICATES RECORD WAS SET OR TIED.
MM INDICATES DATA IS MISSING.
T  INDICATES TRACE AMOUNT.




$$
