000
CDUS41 KALY 110623
CLIALB


CLIMATE REPORT
NATIONAL WEATHER SERVICE ALBANY NY
222 AM EDT THU SEP 11 2014


...................................

...THE ALBANY NY CLIMATE SUMMARY FOR SEPTEMBER 10 2014...

CLIMATE NORMAL PERIOD 1981 TO 2010
CLIMATE RECORD PERIOD 1874 TO 2014


WEATHER ITEM   OBSERVED TIME   RECORD YEAR NORMAL DEPARTURE LAST
                VALUE   (LST)  VALUE       VALUE  FROM      YEAR
                                                  NORMAL
..................................................................
TEMPERATURE (F)
 YESTERDAY
  MAXIMUM         77    347 PM  96    1931  75      2       79
  MINIMUM         51    536 AM  34    1978  54     -3       62
  AVERAGE         64                        64      0       71

PRECIPITATION (IN)
  YESTERDAY        0.00          3.23 1890   0.10  -0.10     0.45
  MONTH TO DATE    0.17                      1.01  -0.84     1.06
  SINCE SEP 1      0.17                      1.01  -0.84     1.06
  SINCE JAN 1     26.95                     27.16  -0.21    32.57

DEGREE DAYS
 HEATING
  YESTERDAY        1                         3     -2        0
  MONTH TO DATE    4                        21    -17       31
  SINCE SEP 1      4                        21    -17       31
  SINCE JUL 1     12                        44    -32       37

 COOLING
  YESTERDAY        0                         2     -2        6
  MONTH TO DATE   63                        29     34       36
  SINCE SEP 1     63                        29     34       36
  SINCE JAN 1    630                       572     58      734
..................................................................


WIND (MPH)
  HIGHEST WIND SPEED    14   HIGHEST WIND DIRECTION    SE (150)
  HIGHEST GUST SPEED    20   HIGHEST GUST DIRECTION     S (160)
  AVERAGE WIND SPEED     5.5


SKY COVER
  AVERAGE SKY COVER 0.5



RELATIVE HUMIDITY (PERCENT)
 HIGHEST    89
 LOWEST     46
 AVERAGE    68

..........................................................


THE ALBANY NY CLIMATE NORMALS FOR TODAY
                         NORMAL    RECORD    YEAR
 MAXIMUM TEMPERATURE (F)   74        98      1931
 MINIMUM TEMPERATURE (F)   54        36      1917


SUNRISE AND SUNSET
SEPTEMBER 11 2014.....SUNRISE   631 AM EDT   SUNSET   712 PM EDT
SEPTEMBER 12 2014.....SUNRISE   632 AM EDT   SUNSET   710 PM EDT


-  INDICATES NEGATIVE NUMBERS.
R  INDICATES RECORD WAS SET OR TIED.
MM INDICATES DATA IS MISSING.
T  INDICATES TRACE AMOUNT.




$$
