484
CDUS41 KALY 160624
CLIALB


CLIMATE REPORT
NATIONAL WEATHER SERVICE ALBANY NY
223 AM EDT SUN APR 16 2017


...................................

...THE ALBANY NY CLIMATE SUMMARY FOR APRIL 15 2017...

CLIMATE NORMAL PERIOD 1981 TO 2010
CLIMATE RECORD PERIOD 1874 TO 2017


WEATHER ITEM   OBSERVED TIME   RECORD YEAR NORMAL DEPARTURE LAST
                VALUE   (LST)  VALUE       VALUE  FROM      YEAR
                                                  NORMAL
..................................................................
TEMPERATURE (F)
 YESTERDAY
  MAXIMUM         71    120 PM  86    2003  58     13       64
  MINIMUM         33    507 AM  21    1940  37     -4       32
  AVERAGE         52                        48      4       48

PRECIPITATION (IN)
  YESTERDAY        0.02          2.26 2007   0.10  -0.08     0.00
  MONTH TO DATE    1.83                      1.62   0.21     1.30
  SINCE MAR 1      5.90                      4.83   1.07     2.48
  SINCE JAN 1     11.88                      9.62   2.26     7.79

SNOWFALL (IN)
  YESTERDAY        0.0           2.4  2014   0.0    0.0      0.0
  MONTH TO DATE    0.2                       1.6   -1.4      6.4
  SINCE MAR 1     19.6                      12.6    7.0      6.6
  SINCE JUL 1     60.8                      59.5    1.3     16.9
  SNOW DEPTH       0

DEGREE DAYS
 HEATING
  YESTERDAY       13                        17     -4       17
  MONTH TO DATE  237                       304    -67      377
  SINCE MAR 1   1262                      1233     29     1059
  SINCE JUL 1   5425                      6177   -752     4988

 COOLING
  YESTERDAY        0                         0      0        0
  MONTH TO DATE    9                         0      9        0
  SINCE MAR 1      9                         0      9        0
  SINCE JAN 1      9                         0      9        0
..................................................................


WIND (MPH)
  HIGHEST WIND SPEED    24   HIGHEST WIND DIRECTION     S (170)
  HIGHEST GUST SPEED    35   HIGHEST GUST DIRECTION     S (180)
  AVERAGE WIND SPEED     9.1


SKY COVER
  AVERAGE SKY COVER 0.5



RELATIVE HUMIDITY (PERCENT)
 HIGHEST    82
 LOWEST     27
 AVERAGE    55

..........................................................


THE ALBANY NY CLIMATE NORMALS FOR TODAY
                         NORMAL    RECORD    YEAR
 MAXIMUM TEMPERATURE (F)   59        91      2012
 MINIMUM TEMPERATURE (F)   38        22      1981


SUNRISE AND SUNSET
APRIL 16 2017.........SUNRISE   612 AM EDT   SUNSET   739 PM EDT
APRIL 17 2017.........SUNRISE   610 AM EDT   SUNSET   740 PM EDT


-  INDICATES NEGATIVE NUMBERS.
R  INDICATES RECORD WAS SET OR TIED.
MM INDICATES DATA IS MISSING.
T  INDICATES TRACE AMOUNT.




$$
