000
CDUS41 KALY 120624
CLIALB


CLIMATE REPORT
NATIONAL WEATHER SERVICE ALBANY NY
223 AM EDT THU MAY 12 2016


...................................

...THE ALBANY NY CLIMATE SUMMARY FOR MAY 11 2016...

CLIMATE NORMAL PERIOD 1981 TO 2010
CLIMATE RECORD PERIOD 1874 TO 2016


WEATHER ITEM   OBSERVED TIME   RECORD YEAR NORMAL DEPARTURE LAST
                VALUE   (LST)  VALUE       VALUE  FROM      YEAR
                                                  NORMAL
..................................................................
TEMPERATURE (F)
 YESTERDAY
  MAXIMUM         75    323 PM  90    1911  68      7       88
  MINIMUM         40    419 AM  29    2010  46     -6       63
                                      1966
  AVERAGE         58                        57      1       76

PRECIPITATION (IN)
  YESTERDAY        0.00          1.16 1996   0.11  -0.11     0.00
  MONTH TO DATE    1.24                      1.19   0.05      T
  SINCE MAR 1      4.26                      7.57  -3.31     3.35
  SINCE JAN 1      9.57                     12.36  -2.79     7.67

SNOWFALL (IN)
  YESTERDAY        0.0           0.5  1907   0.0    0.0      0.0
  MONTH TO DATE    0.0                       0.1   -0.1      0.0
  SINCE MAR 1      6.6                      13.4   -6.8      5.3
  SINCE JUL 1     16.9                      60.3  -43.4     75.9
  SNOW DEPTH       0

DEGREE DAYS
 HEATING
  YESTERDAY        7                         9     -2        0
  MONTH TO DATE  139                       112     27       16
  SINCE MAR 1   1390                      1561   -171     1612
  SINCE JUL 1   5319                      6505  -1186     6742

 COOLING
  YESTERDAY        0                         0      0       11
  MONTH TO DATE    0                         0      0       49
  SINCE MAR 1      2                         4     -2       49
  SINCE JAN 1      2                         4     -2       49
..................................................................


WIND (MPH)
  HIGHEST WIND SPEED     9   HIGHEST WIND DIRECTION     N (20)
  HIGHEST GUST SPEED    12   HIGHEST GUST DIRECTION    NE (60)
  AVERAGE WIND SPEED     2.7


SKY COVER
  AVERAGE SKY COVER 0.1



RELATIVE HUMIDITY (PERCENT)
 HIGHEST    70
 LOWEST     25
 AVERAGE    48

..........................................................


THE ALBANY NY CLIMATE NORMALS FOR TODAY
                         NORMAL    RECORD    YEAR
 MAXIMUM TEMPERATURE (F)   68        91      1881
 MINIMUM TEMPERATURE (F)   46        29      1969


SUNRISE AND SUNSET
MAY 12 2016...........SUNRISE   535 AM EDT   SUNSET   808 PM EDT
MAY 13 2016...........SUNRISE   534 AM EDT   SUNSET   809 PM EDT


-  INDICATES NEGATIVE NUMBERS.
R  INDICATES RECORD WAS SET OR TIED.
MM INDICATES DATA IS MISSING.
T  INDICATES TRACE AMOUNT.




$$
