000
CDUS41 KALY 080649
CLIALB


CLIMATE REPORT
NATIONAL WEATHER SERVICE ALBANY NY
247 AM EDT SAT APR 8 2017


...................................

...THE ALBANY NY CLIMATE SUMMARY FOR APRIL 7 2017...

CLIMATE NORMAL PERIOD 1981 TO 2010
CLIMATE RECORD PERIOD 1874 TO 2017


WEATHER ITEM   OBSERVED TIME   RECORD YEAR NORMAL DEPARTURE LAST
                VALUE   (LST)  VALUE       VALUE  FROM      YEAR
                                                  NORMAL
..................................................................
TEMPERATURE (F)
 YESTERDAY
  MAXIMUM         46    540 AM  87    2010  55     -9       62
                                      1991
  MINIMUM         37   1159 PM  13    1982  34      3       42
  AVERAGE         42                        44     -2       52

PRECIPITATION (IN)
  YESTERDAY        0.03          1.29 1924   0.11  -0.08     0.38
  MONTH TO DATE    1.68                      0.75   0.93     0.95
  SINCE MAR 1      5.75                      3.96   1.79     2.13
  SINCE JAN 1     11.73                      8.75   2.98     7.44

SNOWFALL (IN)
  YESTERDAY        0.0           3.2  1896   0.1   -0.1      0.0
  MONTH TO DATE    0.2                       0.9   -0.7      6.4
  SINCE MAR 1     19.6                      11.9    7.7      6.6
  SINCE JUL 1     60.8                      58.8    2.0     16.9
  SNOW DEPTH       0

DEGREE DAYS
 HEATING
  YESTERDAY       23                        21      2       13
  MONTH TO DATE  143                       154    -11      193
  SINCE MAR 1   1168                      1083     85      875
  SINCE JUL 1   5331                      6027   -696     4804

 COOLING
  YESTERDAY        0                         0      0        0
  MONTH TO DATE    0                         0      0        0
  SINCE MAR 1      0                         0      0        0
  SINCE JAN 1      0                         0      0        0
..................................................................


WIND (MPH)
  HIGHEST WIND SPEED    25   HIGHEST WIND DIRECTION     W (290)
  HIGHEST GUST SPEED    35   HIGHEST GUST DIRECTION     W (290)
  AVERAGE WIND SPEED    14.0


SKY COVER
  AVERAGE SKY COVER 0.9



RELATIVE HUMIDITY (PERCENT)
 HIGHEST    89
 LOWEST     65
 AVERAGE    77

..........................................................


THE ALBANY NY CLIMATE NORMALS FOR TODAY
                         NORMAL    RECORD    YEAR
 MAXIMUM TEMPERATURE (F)   55        88      1929
 MINIMUM TEMPERATURE (F)   35        19      1982


SUNRISE AND SUNSET
APRIL  8 2017.........SUNRISE   625 AM EDT   SUNSET   730 PM EDT
APRIL  9 2017.........SUNRISE   623 AM EDT   SUNSET   731 PM EDT


-  INDICATES NEGATIVE NUMBERS.
R  INDICATES RECORD WAS SET OR TIED.
MM INDICATES DATA IS MISSING.
T  INDICATES TRACE AMOUNT.




$$
