000
CDUS41 KALY 110624
CLIALB


CLIMATE REPORT
NATIONAL WEATHER SERVICE ALBANY NY
223 AM EDT WED OCT 11 2017


...................................

...THE ALBANY NY CLIMATE SUMMARY FOR OCTOBER 10 2017...

CLIMATE NORMAL PERIOD 1981 TO 2010
CLIMATE RECORD PERIOD 1874 TO 2017


WEATHER ITEM   OBSERVED TIME   RECORD YEAR NORMAL DEPARTURE LAST
                VALUE   (LST)  VALUE       VALUE  FROM      YEAR
                                                  NORMAL
..................................................................
TEMPERATURE (F)
 YESTERDAY
  MAXIMUM         76    213 PM  89    1939  62     14       59
  MINIMUM         58   1152 PM  25    1980  41     17       39
  AVERAGE         67                        52     15       49

PRECIPITATION (IN)
  YESTERDAY        0.00          2.22 1998   0.12  -0.12     0.00
  MONTH TO DATE    0.66                      1.19  -0.53     0.09
  SINCE SEP 1      3.39                      4.49  -1.10     2.27
  SINCE JAN 1     35.19                     30.64   4.55    25.72

SNOWFALL (IN)
  YESTERDAY        0.0           0.8  1925   0.0    0.0      0.0
  MONTH TO DATE    0.0                       0.1   -0.1      0.0
  SINCE SEP 1      0.0                       0.1   -0.1      0.0
  SINCE JUL 1      0.0                       0.1   -0.1      0.0
  SNOW DEPTH       0

DEGREE DAYS
 HEATING
  YESTERDAY        0                        13    -13       16
  MONTH TO DATE   44                       117    -73       71
  SINCE SEP 1    137                       261   -124      137
  SINCE JUL 1    156                       284   -128      138

 COOLING
  YESTERDAY        2                         0      2        0
  MONTH TO DATE   14                         0     14        0
  SINCE SEP 1    134                        51     83      108
  SINCE JAN 1    709                       594    115      896
..................................................................


WIND (MPH)
  HIGHEST WIND SPEED    20   HIGHEST WIND DIRECTION     W (280)
  HIGHEST GUST SPEED    23   HIGHEST GUST DIRECTION     W (280)
  AVERAGE WIND SPEED     6.7


SKY COVER
  AVERAGE SKY COVER 0.4



RELATIVE HUMIDITY (PERCENT)
 HIGHEST    93
 LOWEST     50
 AVERAGE    72

..........................................................


THE ALBANY NY CLIMATE NORMALS FOR TODAY
                         NORMAL    RECORD    YEAR
 MAXIMUM TEMPERATURE (F)   62        86      1949
 MINIMUM TEMPERATURE (F)   41        22      1943


SUNRISE AND SUNSET
OCTOBER 11 2017.......SUNRISE   704 AM EDT   SUNSET   619 PM EDT
OCTOBER 12 2017.......SUNRISE   705 AM EDT   SUNSET   617 PM EDT


-  INDICATES NEGATIVE NUMBERS.
R  INDICATES RECORD WAS SET OR TIED.
MM INDICATES DATA IS MISSING.
T  INDICATES TRACE AMOUNT.




$$
