000
CDUS41 KALY 130626
CLIALB


CLIMATE REPORT
NATIONAL WEATHER SERVICE ALBANY NY
225 AM EDT SUN AUG 13 2017


...................................

...THE ALBANY NY CLIMATE SUMMARY FOR AUGUST 12 2017...

CLIMATE NORMAL PERIOD 1981 TO 2010
CLIMATE RECORD PERIOD 1874 TO 2017


WEATHER ITEM   OBSERVED TIME   RECORD YEAR NORMAL DEPARTURE LAST
                VALUE   (LST)  VALUE       VALUE  FROM      YEAR
                                                  NORMAL
..................................................................
TEMPERATURE (F)
 YESTERDAY
  MAXIMUM         81    309 PM  99    1944  81      0       93
  MINIMUM         63    540 AM  46    1987  61      2       73
  AVERAGE         72                        71      1       83

PRECIPITATION (IN)
  YESTERDAY        0.59          1.30 1888   0.12   0.47     0.39
  MONTH TO DATE    1.68                      1.48   0.20     2.85
  SINCE JUN 1     10.81                      9.39   1.42    11.60
  SINCE JAN 1     29.72                     24.17   5.55    22.36

DEGREE DAYS
 HEATING
  YESTERDAY        0                         0      0        0
  MONTH TO DATE    0                         0      0        0
  SINCE JUN 1     53                        57     -4       38
  SINCE JUL 1      2                         5     -3        0

 COOLING
  YESTERDAY        7                         6      1       18
  MONTH TO DATE   78                        81     -3      118
  SINCE JUN 1    445                       417     28      546
  SINCE JAN 1    495                       447     48      621
..................................................................


WIND (MPH)
  HIGHEST WIND SPEED    18   HIGHEST WIND DIRECTION     S (190)
  HIGHEST GUST SPEED    25   HIGHEST GUST DIRECTION     S (180)
  AVERAGE WIND SPEED     9.1


SKY COVER
  AVERAGE SKY COVER 0.8



RELATIVE HUMIDITY (PERCENT)
 HIGHEST    93
 LOWEST     58
 AVERAGE    76

..........................................................


THE ALBANY NY CLIMATE NORMALS FOR TODAY
                         NORMAL    RECORD    YEAR
 MAXIMUM TEMPERATURE (F)   81        98      1947
 MINIMUM TEMPERATURE (F)   61        43      1957


SUNRISE AND SUNSET
AUGUST 13 2017........SUNRISE   600 AM EDT   SUNSET   800 PM EDT
AUGUST 14 2017........SUNRISE   601 AM EDT   SUNSET   758 PM EDT


-  INDICATES NEGATIVE NUMBERS.
R  INDICATES RECORD WAS SET OR TIED.
MM INDICATES DATA IS MISSING.
T  INDICATES TRACE AMOUNT.




$$
