000
CDUS41 KALY 180624
CLIALB


CLIMATE REPORT
NATIONAL WEATHER SERVICE ALBANY NY
223 AM EDT MON MAY 18 2015


...................................

...THE ALBANY NY CLIMATE SUMMARY FOR MAY 17 2015...

CLIMATE NORMAL PERIOD 1981 TO 2010
CLIMATE RECORD PERIOD 1874 TO 2015


WEATHER ITEM   OBSERVED TIME   RECORD YEAR NORMAL DEPARTURE LAST
                VALUE   (LST)  VALUE       VALUE  FROM      YEAR
                                                  NORMAL
..................................................................
TEMPERATURE (F)
 YESTERDAY
  MAXIMUM         86    209 PM  89    1977  70     16       63
  MINIMUM         58    450 AM  30    1959  47     11       45
  AVERAGE         72                        59     13       54

PRECIPITATION (IN)
  YESTERDAY        0.00          1.35 1953   0.11  -0.11     0.33
  MONTH TO DATE    0.06                      1.86  -1.80     1.95
  SINCE MAR 1      3.41                      8.24  -4.83     7.11
  SINCE JAN 1      7.73                     13.03  -5.30    12.90

SNOWFALL (IN)
  YESTERDAY        0.0           0.0    MM   0.0    0.0      0.0
  MONTH TO DATE    0.0                       0.1   -0.1      0.0
  SINCE MAR 1      5.3                      12.6   -7.3      8.3
  SINCE JUL 1     75.9                      59.1   16.8     73.5
  SNOW DEPTH       0

DEGREE DAYS
 HEATING
  YESTERDAY        0                         7     -7       11
  MONTH TO DATE   43                       158   -115      109
  SINCE MAR 1   1639                      1607     32     1781
  SINCE JUL 1   6769                      6551    218     6898

 COOLING
  YESTERDAY        7                         1      6        0
  MONTH TO DATE   61                         6     55       15
  SINCE MAR 1     61                        10     51       21
  SINCE JAN 1     61                        10     51       21
..................................................................


WIND (MPH)
  HIGHEST WIND SPEED    15   HIGHEST WIND DIRECTION    NW (300)
  HIGHEST GUST SPEED    21   HIGHEST GUST DIRECTION    NW (330)
  AVERAGE WIND SPEED     4.6


SKY COVER
  AVERAGE SKY COVER 0.4



RELATIVE HUMIDITY (PERCENT)
 HIGHEST    90
 LOWEST     32
 AVERAGE    61

..........................................................


THE ALBANY NY CLIMATE NORMALS FOR TODAY
                         NORMAL    RECORD    YEAR
 MAXIMUM TEMPERATURE (F)   70        94      1962
 MINIMUM TEMPERATURE (F)   48        29      1981


SUNRISE AND SUNSET
MAY 18 2015...........SUNRISE   530 AM EDT   SUNSET   814 PM EDT
MAY 19 2015...........SUNRISE   529 AM EDT   SUNSET   815 PM EDT


-  INDICATES NEGATIVE NUMBERS.
R  INDICATES RECORD WAS SET OR TIED.
MM INDICATES DATA IS MISSING.
T  INDICATES TRACE AMOUNT.




$$
