000
CDUS41 KALY 050623
CLIALB


CLIMATE REPORT
NATIONAL WEATHER SERVICE ALBANY NY
121 AM EST SUN FEB 5 2017


...................................

...THE ALBANY NY CLIMATE SUMMARY FOR FEBRUARY 4 2017...

CLIMATE NORMAL PERIOD 1981 TO 2010
CLIMATE RECORD PERIOD 1874 TO 2017


WEATHER ITEM   OBSERVED TIME   RECORD YEAR NORMAL DEPARTURE LAST
                VALUE   (LST)  VALUE       VALUE  FROM      YEAR
                                                  NORMAL
..................................................................
TEMPERATURE (F)
 YESTERDAY
  MAXIMUM         32    342 PM  61    1991  32      0       57
  MINIMUM         17    511 AM -13    1978  15      2       36
  AVERAGE         25                        24      1       47

PRECIPITATION (IN)
  YESTERDAY        T             1.51 1926   0.07  -0.07      T
  MONTH TO DATE    0.06                      0.31  -0.25     0.35
  SINCE DEC 1      4.94                      5.83  -0.89     5.26
  SINCE JAN 1      3.19                      2.90   0.29     1.59

SNOWFALL (IN)
  YESTERDAY        T            15.5  1926   0.5   -0.5      0.0
  MONTH TO DATE    1.3                       1.9   -0.6      0.0
  SINCE DEC 1     18.0                      33.5  -15.5      5.5
  SINCE JUL 1     20.3                      36.6  -16.3      5.5
  SNOW DEPTH       0

DEGREE DAYS
 HEATING
  YESTERDAY       40                        41     -1       18
  MONTH TO DATE  152                       166    -14       86
  SINCE DEC 1   2279                      2613   -334     1944
  SINCE JUL 1   3435                      4017   -582     3027

 COOLING
  YESTERDAY        0                         0      0        0
  MONTH TO DATE    0                         0      0        0
  SINCE DEC 1      0                         0      0        0
  SINCE JAN 1      0                         0      0        0
..................................................................


WIND (MPH)
  HIGHEST WIND SPEED    17   HIGHEST WIND DIRECTION     W (280)
  HIGHEST GUST SPEED    20   HIGHEST GUST DIRECTION     W (280)
  AVERAGE WIND SPEED     7.4


SKY COVER
  AVERAGE SKY COVER 0.6



RELATIVE HUMIDITY (PERCENT)
 HIGHEST    74
 LOWEST     36
 AVERAGE    55

..........................................................


THE ALBANY NY CLIMATE NORMALS FOR TODAY
                         NORMAL    RECORD    YEAR
 MAXIMUM TEMPERATURE (F)   32        59      1890
 MINIMUM TEMPERATURE (F)   15       -15      1918


SUNRISE AND SUNSET
FEBRUARY  5 2017......SUNRISE   705 AM EST   SUNSET   514 PM EST
FEBRUARY  6 2017......SUNRISE   704 AM EST   SUNSET   515 PM EST


-  INDICATES NEGATIVE NUMBERS.
R  INDICATES RECORD WAS SET OR TIED.
MM INDICATES DATA IS MISSING.
T  INDICATES TRACE AMOUNT.




$$
