000
CDUS41 KALY 212113
CLIALB


CLIMATE REPORT
NATIONAL WEATHER SERVICE ALBANY NY
513 PM EDT SAT MAR 21 2015


...................................

...THE ALBANY NY CLIMATE SUMMARY FOR MARCH 21 2015...
VALID TODAY AS OF 0400 PM LOCAL TIME.

CLIMATE NORMAL PERIOD 1981 TO 2010
CLIMATE RECORD PERIOD 1874 TO 2015


WEATHER ITEM   OBSERVED TIME   RECORD YEAR NORMAL DEPARTURE LAST
                VALUE   (LST)  VALUE       VALUE  FROM      YEAR
                                                  NORMAL
..................................................................
TEMPERATURE (F)
 TODAY
  MAXIMUM         40    403 PM  78    1921  46     -6       37
  MINIMUM         28    619 AM  -1    1956  27      1       24
  AVERAGE         34                        37     -3       31

PRECIPITATION (IN)
  TODAY            T             1.66 1901   0.11  -0.11      T
  MONTH TO DATE    0.38                      2.12  -1.74     0.98
  SINCE MAR 1      0.38                      2.12  -1.74     0.98
  SINCE JAN 1      4.70                      6.91  -2.21     6.77

SNOWFALL (IN)
  TODAY           MM             6.0  1905   0.3   MM         T
  MONTH TO DATE    3.2                       8.0   -4.8      5.9
  SINCE MAR 1      3.2                       8.0   -4.8      5.9
  SINCE JUL 1     73.8                      54.5   19.3     71.1
  SNOW DEPTH       0

DEGREE DAYS
 HEATING
  TODAY           31                        28      3       34
  MONTH TO DATE  751                       670     81      828
  SINCE MAR 1    751                       670     81      828
  SINCE JUL 1   5881                      5614    267     5945

 COOLING
  TODAY            0                         0      0        0
  MONTH TO DATE    0                         0      0        0
  SINCE MAR 1      0                         0      0        0
  SINCE JAN 1      0                         0      0        0
..................................................................


WIND (MPH)
  HIGHEST WIND SPEED    14   HIGHEST WIND DIRECTION     S (170)
  HIGHEST GUST SPEED    19   HIGHEST GUST DIRECTION     S (170)
  AVERAGE WIND SPEED     7.8


SKY COVER
  AVERAGE SKY COVER 1.0



RELATIVE HUMIDITY (PERCENT)
 HIGHEST    78          1200 AM
 LOWEST     64          1100 AM
 AVERAGE    71

..........................................................


THE ALBANY NY CLIMATE NORMALS FOR TOMORROW
                         NORMAL    RECORD    YEAR
 MAXIMUM TEMPERATURE (F)   47        81      2012
 MINIMUM TEMPERATURE (F)   28         2      1875


SUNRISE AND SUNSET
MARCH 21 2015.........SUNRISE   657 AM EDT   SUNSET   708 PM EDT
MARCH 22 2015.........SUNRISE   655 AM EDT   SUNSET   709 PM EDT


-  INDICATES NEGATIVE NUMBERS.
R  INDICATES RECORD WAS SET OR TIED.
MM INDICATES DATA IS MISSING.
T  INDICATES TRACE AMOUNT.




$$
