000
CDUS41 KALY 010631
CLIALB


CLIMATE REPORT
NATIONAL WEATHER SERVICE ALBANY NY
230 AM EDT TUE APR 1 2014


...................................

...THE ALBANY NY CLIMATE SUMMARY FOR MARCH 31 2014...

CLIMATE NORMAL PERIOD 1981 TO 2010
CLIMATE RECORD PERIOD 1874 TO 2014


WEATHER ITEM   OBSERVED TIME   RECORD YEAR NORMAL DEPARTURE LAST
                VALUE   (LST)  VALUE       VALUE  FROM      YEAR
                                                  NORMAL
..................................................................
TEMPERATURE (F)
 YESTERDAY
  MAXIMUM         47    138 PM  89    1998  51     -4       56
  MINIMUM         32   1153 PM  12    1923  31      1       27
  AVERAGE         40                        41     -1       42

PRECIPITATION (IN)
  YESTERDAY        0.00          2.02 1997   0.11  -0.11     0.17
  MONTH TO DATE    2.72                      3.21  -0.49     2.49
  SINCE MAR 1      2.72                      3.21  -0.49     2.49
  SINCE JAN 1      8.51                      8.00   0.51     5.62

SNOWFALL (IN)
  YESTERDAY        0.0          14.6  1997   0.2   -0.2      0.0
  MONTH TO DATE    5.9                      10.2   -4.3     19.5
  SINCE MAR 1      5.9                      10.2   -4.3     19.5
  SINCE JUL 1     71.1                      56.7   14.4     50.2
  SNOW DEPTH       0

DEGREE DAYS
 HEATING
  YESTERDAY       25                        24      1       23
  MONTH TO DATE 1147                       928    219      959
  SINCE MAR 1   1147                       929    218      959
  SINCE JUL 1   6264                      5873    391     5497

 COOLING
  YESTERDAY        0                         0      0        0
  MONTH TO DATE    0                         0      0        0
  SINCE MAR 1      0                         0      0        0
  SINCE JAN 1      0                         0      0        0
..................................................................


WIND (MPH)
  HIGHEST WIND SPEED    25   HIGHEST WIND DIRECTION     N (20)
  HIGHEST GUST SPEED    32   HIGHEST GUST DIRECTION     N (20)
  AVERAGE WIND SPEED    12.4


SKY COVER
  AVERAGE SKY COVER 0.6



RELATIVE HUMIDITY (PERCENT)
 HIGHEST    82
 LOWEST     53
 AVERAGE    68

..........................................................


THE ALBANY NY CLIMATE NORMALS FOR TODAY
                         NORMAL    RECORD    YEAR
 MAXIMUM TEMPERATURE (F)   52        77      1986
 MINIMUM TEMPERATURE (F)   32         9      1923


SUNRISE AND SUNSET
APRIL  1 2014.........SUNRISE   638 AM EDT   SUNSET   721 PM EDT
APRIL  2 2014.........SUNRISE   636 AM EDT   SUNSET   722 PM EDT


-  INDICATES NEGATIVE NUMBERS.
R  INDICATES RECORD WAS SET OR TIED.
MM INDICATES DATA IS MISSING.
T  INDICATES TRACE AMOUNT.




$$
