000
CDUS41 KALY 160624
CLIALB


CLIMATE REPORT
NATIONAL WEATHER SERVICE ALBANY NY
223 AM EDT SAT SEP 16 2017


...................................

...THE ALBANY NY CLIMATE SUMMARY FOR SEPTEMBER 15 2017...

CLIMATE NORMAL PERIOD 1981 TO 2010
CLIMATE RECORD PERIOD 1874 TO 2017


WEATHER ITEM   OBSERVED TIME   RECORD YEAR NORMAL DEPARTURE LAST
                VALUE   (LST)  VALUE       VALUE  FROM      YEAR
                                                  NORMAL
..................................................................
TEMPERATURE (F)
 YESTERDAY
  MAXIMUM         83    355 PM  92    1915  73     10       71
  MINIMUM         64    449 AM  33    1975  52     12       48
  AVERAGE         74                        62     12       60

PRECIPITATION (IN)
  YESTERDAY        0.18          2.76 1916   0.10   0.08     0.00
  MONTH TO DATE    2.57                      1.53   1.04     0.80
  SINCE SEP 1      2.57                      1.53   1.04     0.80
  SINCE JAN 1     34.37                     27.68   6.69    24.25

DEGREE DAYS
 HEATING
  YESTERDAY        0                         4     -4        5
  MONTH TO DATE   65                        39     26        7
  SINCE SEP 1     65                        39     26        7
  SINCE JUL 1     84                        62     22        8

 COOLING
  YESTERDAY        9                         2      7        0
  MONTH TO DATE   23                        39    -16       78
  SINCE SEP 1     23                        39    -16       78
  SINCE JAN 1    598                       582     16      866
..................................................................


WIND (MPH)
  HIGHEST WIND SPEED     8   HIGHEST WIND DIRECTION     N (340)
  HIGHEST GUST SPEED    11   HIGHEST GUST DIRECTION     N (340)
  AVERAGE WIND SPEED     2.4


SKY COVER
  AVERAGE SKY COVER 0.7



RELATIVE HUMIDITY (PERCENT)
 HIGHEST    93
 LOWEST     55
 AVERAGE    74

..........................................................


THE ALBANY NY CLIMATE NORMALS FOR TODAY
                         NORMAL    RECORD    YEAR
 MAXIMUM TEMPERATURE (F)   72        92      1939
 MINIMUM TEMPERATURE (F)   52        32      1964


SUNRISE AND SUNSET
SEPTEMBER 16 2017.....SUNRISE   636 AM EDT   SUNSET   703 PM EDT
SEPTEMBER 17 2017.....SUNRISE   637 AM EDT   SUNSET   701 PM EDT


-  INDICATES NEGATIVE NUMBERS.
R  INDICATES RECORD WAS SET OR TIED.
MM INDICATES DATA IS MISSING.
T  INDICATES TRACE AMOUNT.




$$
