000
CDUS41 KALY 060621
CLIALB


CLIMATE REPORT
NATIONAL WEATHER SERVICE ALBANY NY
221 AM EDT THU JUL 6 2017


...................................

...THE ALBANY NY CLIMATE SUMMARY FOR JULY 5 2017...

CLIMATE NORMAL PERIOD 1981 TO 2010
CLIMATE RECORD PERIOD 1874 TO 2017


WEATHER ITEM   OBSERVED TIME   RECORD YEAR NORMAL DEPARTURE LAST
                VALUE   (LST)  VALUE       VALUE  FROM      YEAR
                                                  NORMAL
..................................................................
TEMPERATURE (F)
 YESTERDAY
  MAXIMUM         84    422 PM  99    1919  82      2       89
  MINIMUM         57    440 AM  44    1982  61     -4       66
  AVERAGE         71                        71      0       78

PRECIPITATION (IN)
  YESTERDAY        0.00          2.18 2005   0.13  -0.13      T
  MONTH TO DATE    0.57                      0.64  -0.07     1.37
  SINCE JUN 1      5.69                      4.43   1.26     3.68
  SINCE JAN 1     24.60                     19.21   5.39    14.44

DEGREE DAYS
 HEATING
  YESTERDAY        0                         0      0        0
  MONTH TO DATE    0                         0      0        0
  SINCE JUN 1     51                        52     -1       38
  SINCE JUL 1      0                         0      0        0

 COOLING
  YESTERDAY        6                         7     -1       13
  MONTH TO DATE   39                        32      7       30
  SINCE JUN 1    186                       150     36      173
  SINCE JAN 1    236                       180     56      248
..................................................................


WIND (MPH)
  HIGHEST WIND SPEED    15   HIGHEST WIND DIRECTION     S (170)
  HIGHEST GUST SPEED    23   HIGHEST GUST DIRECTION     S (180)
  AVERAGE WIND SPEED     5.6


SKY COVER
  AVERAGE SKY COVER 0.2



RELATIVE HUMIDITY (PERCENT)
 HIGHEST    93
 LOWEST     37
 AVERAGE    65

..........................................................


THE ALBANY NY CLIMATE NORMALS FOR TODAY
                         NORMAL    RECORD    YEAR
 MAXIMUM TEMPERATURE (F)   82        97      1886
 MINIMUM TEMPERATURE (F)   61        47      1961


SUNRISE AND SUNSET
JULY  6 2017..........SUNRISE   524 AM EDT   SUNSET   836 PM EDT
JULY  7 2017..........SUNRISE   525 AM EDT   SUNSET   835 PM EDT


-  INDICATES NEGATIVE NUMBERS.
R  INDICATES RECORD WAS SET OR TIED.
MM INDICATES DATA IS MISSING.
T  INDICATES TRACE AMOUNT.




$$
