000
CDUS41 KALY 170624
CLIALB


CLIMATE REPORT
NATIONAL WEATHER SERVICE ALBANY NY
223 AM EDT WED MAY 17 2017


...................................

...THE ALBANY NY CLIMATE SUMMARY FOR MAY 16 2017...

CLIMATE NORMAL PERIOD 1981 TO 2010
CLIMATE RECORD PERIOD 1874 TO 2017


WEATHER ITEM   OBSERVED TIME   RECORD YEAR NORMAL DEPARTURE LAST
                VALUE   (LST)  VALUE       VALUE  FROM      YEAR
                                                  NORMAL
..................................................................
TEMPERATURE (F)
 YESTERDAY
  MAXIMUM         77    403 PM  89    1991  70      7       59
  MINIMUM         44    352 AM  33    1980  47     -3       39
  AVERAGE         61                        58      3       49

PRECIPITATION (IN)
  YESTERDAY        0.00          1.34 1972   0.12  -0.12      T
  MONTH TO DATE    3.56                      1.75   1.81     1.79
  SINCE MAR 1     10.51                      8.13   2.38     4.81
  SINCE JAN 1     16.49                     12.92   3.57    10.12

SNOWFALL (IN)
  YESTERDAY        0.0           0.0    MM   0.0    0.0      0.0
  MONTH TO DATE    T                         0.1   -0.1      0.0
  SINCE MAR 1     19.6                      13.4    6.2      6.6
  SINCE JUL 1     60.8                      60.3    0.5     16.9
  SNOW DEPTH       0

DEGREE DAYS
 HEATING
  YESTERDAY        4                         7     -3       16
  MONTH TO DATE  197                       151     46      189
  SINCE MAR 1   1595                      1600     -5     1440
  SINCE JUL 1   5758                      6544   -786     5369

 COOLING
  YESTERDAY        0                         1     -1        0
  MONTH TO DATE    0                         5     -5        0
  SINCE MAR 1     22                         9     13        2
  SINCE JAN 1     22                         9     13        2
..................................................................


WIND (MPH)
  HIGHEST WIND SPEED    21   HIGHEST WIND DIRECTION     W (270)
  HIGHEST GUST SPEED    26   HIGHEST GUST DIRECTION     W (260)
  AVERAGE WIND SPEED     8.6


SKY COVER
  AVERAGE SKY COVER 0.4



RELATIVE HUMIDITY (PERCENT)
 HIGHEST    83
 LOWEST     27
 AVERAGE    55

..........................................................


THE ALBANY NY CLIMATE NORMALS FOR TODAY
                         NORMAL    RECORD    YEAR
 MAXIMUM TEMPERATURE (F)   70        89      1977
 MINIMUM TEMPERATURE (F)   47        30      1959


SUNRISE AND SUNSET
MAY 17 2017...........SUNRISE   530 AM EDT   SUNSET   813 PM EDT
MAY 18 2017...........SUNRISE   530 AM EDT   SUNSET   814 PM EDT


-  INDICATES NEGATIVE NUMBERS.
R  INDICATES RECORD WAS SET OR TIED.
MM INDICATES DATA IS MISSING.
T  INDICATES TRACE AMOUNT.




$$
