000
CDUS41 KALY 220629
CLIALB


CLIMATE REPORT
NATIONAL WEATHER SERVICE ALBANY NY
228 AM EDT MON JUN 22 2015


...................................

...THE ALBANY NY CLIMATE SUMMARY FOR JUNE 21 2015...

CLIMATE NORMAL PERIOD 1981 TO 2010
CLIMATE RECORD PERIOD 1874 TO 2015


WEATHER ITEM   OBSERVED TIME   RECORD YEAR NORMAL DEPARTURE LAST
                VALUE   (LST)  VALUE       VALUE  FROM      YEAR
                                                  NORMAL
..................................................................
TEMPERATURE (F)
 YESTERDAY
  MAXIMUM         86    324 PM  97    1938  79      7       77
  MINIMUM         65    208 AM  41    1970  58      7       50
  AVERAGE         76                        69      7       64

PRECIPITATION (IN)
  YESTERDAY        0.23          1.58 1905   0.12   0.11     0.00
  MONTH TO DATE    5.53                      2.70   2.83     3.13
  SINCE JUN 1      5.53                      2.70   2.83     3.13
  SINCE JAN 1     14.25                     17.48  -3.23    16.69

DEGREE DAYS
 HEATING
  YESTERDAY        0                         1     -1        1
  MONTH TO DATE   44                        46     -2       12
  SINCE JUN 1     44                        46     -2       12
  SINCE JUL 1   6866                      6674    192     6978

 COOLING
  YESTERDAY       11                         5      6        0
  MONTH TO DATE   74                        67      7       77
  SINCE JUN 1     74                        67      7       77
  SINCE JAN 1    197                        97    100      112
..................................................................


WIND (MPH)
  HIGHEST WIND SPEED    18   HIGHEST WIND DIRECTION     W (280)
  HIGHEST GUST SPEED    23   HIGHEST GUST DIRECTION    NW (300)
  AVERAGE WIND SPEED     6.8


SKY COVER
  AVERAGE SKY COVER 0.8



RELATIVE HUMIDITY (PERCENT)
 HIGHEST    93
 LOWEST     51
 AVERAGE    72

..........................................................


THE ALBANY NY CLIMATE NORMALS FOR TODAY
                         NORMAL    RECORD    YEAR
 MAXIMUM TEMPERATURE (F)   80        95      1954
 MINIMUM TEMPERATURE (F)   59        37      1940


SUNRISE AND SUNSET
JUNE 22 2015..........SUNRISE   517 AM EDT   SUNSET   837 PM EDT
JUNE 23 2015..........SUNRISE   517 AM EDT   SUNSET   837 PM EDT


-  INDICATES NEGATIVE NUMBERS.
R  INDICATES RECORD WAS SET OR TIED.
MM INDICATES DATA IS MISSING.
T  INDICATES TRACE AMOUNT.




$$
