000
CDUS41 KALY 070622
CLIALB


CLIMATE REPORT
NATIONAL WEATHER SERVICE ALBANY NY
221 AM EDT SUN AUG 7 2016


...................................

...THE ALBANY NY CLIMATE SUMMARY FOR AUGUST 6 2016...

CLIMATE NORMAL PERIOD 1981 TO 2010
CLIMATE RECORD PERIOD 1874 TO 2016


WEATHER ITEM   OBSERVED TIME   RECORD YEAR NORMAL DEPARTURE LAST
                VALUE   (LST)  VALUE       VALUE  FROM      YEAR
                                                  NORMAL
..................................................................
TEMPERATURE (F)
 YESTERDAY
  MAXIMUM         86    314 PM  98    1900  82      4       80
  MINIMUM         69   1159 PM  45    1994  61      8       58
  AVERAGE         78                        72      6       69

PRECIPITATION (IN)
  YESTERDAY        0.06          2.27 1936   0.12  -0.06     0.00
  MONTH TO DATE    1.38                      0.76   0.62     0.52
  SINCE JUN 1     10.13                      8.67   1.46    10.64
  SINCE JAN 1     20.89                     23.45  -2.56    19.36

DEGREE DAYS
 HEATING
  YESTERDAY        0                         0      0        0
  MONTH TO DATE    0                         0      0        0
  SINCE JUN 1     38                        57    -19       52
  SINCE JUL 1      0                         5     -5        1

 COOLING
  YESTERDAY       13                         7      6        4
  MONTH TO DATE   49                        42      7       46
  SINCE JUN 1    477                       378     99      412
  SINCE JAN 1    552                       408    144      535
..................................................................


WIND (MPH)
  HIGHEST WIND SPEED    22   HIGHEST WIND DIRECTION     W (290)
  HIGHEST GUST SPEED    29   HIGHEST GUST DIRECTION     W (290)
  AVERAGE WIND SPEED    10.0


SKY COVER
  AVERAGE SKY COVER 0.6



RELATIVE HUMIDITY (PERCENT)
 HIGHEST    90
 LOWEST     42
 AVERAGE    66

..........................................................


THE ALBANY NY CLIMATE NORMALS FOR TODAY
                         NORMAL    RECORD    YEAR
 MAXIMUM TEMPERATURE (F)   82       102      1918
 MINIMUM TEMPERATURE (F)   61        46      1994


SUNRISE AND SUNSET
AUGUST  7 2016........SUNRISE   554 AM EDT   SUNSET   808 PM EDT
AUGUST  8 2016........SUNRISE   555 AM EDT   SUNSET   806 PM EDT


-  INDICATES NEGATIVE NUMBERS.
R  INDICATES RECORD WAS SET OR TIED.
MM INDICATES DATA IS MISSING.
T  INDICATES TRACE AMOUNT.




$$
