743
CDUS41 KALY 250626
CLIALB


CLIMATE REPORT
NATIONAL WEATHER SERVICE ALBANY NY
125 AM EST FRI NOV 25 2016


...................................

...THE ALBANY NY CLIMATE SUMMARY FOR NOVEMBER 24 2016...

CLIMATE NORMAL PERIOD 1981 TO 2010
CLIMATE RECORD PERIOD 1874 TO 2016


WEATHER ITEM   OBSERVED TIME   RECORD YEAR NORMAL DEPARTURE LAST
                VALUE   (LST)  VALUE       VALUE  FROM      YEAR
                                                  NORMAL
..................................................................
TEMPERATURE (F)
 YESTERDAY
  MAXIMUM         40   1206 PM  70    2014  44     -4       44
  MINIMUM         30    135 AM   7    2000  29      1       20
  AVERAGE         35                        37     -2       32

PRECIPITATION (IN)
  YESTERDAY        0.09          1.04 1980   0.11  -0.02     0.00
  MONTH TO DATE    2.68                      2.65   0.03     1.73
  SINCE SEP 1      7.76                      9.63  -1.87    11.82
  SINCE JAN 1     31.21                     35.78  -4.57    34.96

SNOWFALL (IN)
  YESTERDAY        T             8.8  1898   0.1   -0.1      0.0
  MONTH TO DATE    0.6                       1.7   -1.1       T
  SINCE SEP 1      2.3                       2.0    0.3       T
  SINCE JUL 1      2.3                       2.0    0.3       T
  SNOW DEPTH       0

DEGREE DAYS
 HEATING
  YESTERDAY       30                        28      2       33
  MONTH TO DATE  550                       582    -32      432
  SINCE SEP 1   1004                      1204   -200      939
  SINCE JUL 1   1005                      1227   -222      940

 COOLING
  YESTERDAY        0                         0      0        0
  MONTH TO DATE    0                         0      0        0
  SINCE SEP 1    114                        55     59      158
  SINCE JAN 1    902                       598    304      906
..................................................................


WIND (MPH)
  HIGHEST WIND SPEED    10   HIGHEST WIND DIRECTION     S (160)
  HIGHEST GUST SPEED    14   HIGHEST GUST DIRECTION    SE (130)
  AVERAGE WIND SPEED     2.2


SKY COVER
  AVERAGE SKY COVER 0.9



RELATIVE HUMIDITY (PERCENT)
 HIGHEST    96
 LOWEST     59
 AVERAGE    78

..........................................................


THE ALBANY NY CLIMATE NORMALS FOR TODAY
                         NORMAL    RECORD    YEAR
 MAXIMUM TEMPERATURE (F)   44        64      2004
                                             2001
 MINIMUM TEMPERATURE (F)   29         2      1938


SUNRISE AND SUNSET
NOVEMBER 25 2016......SUNRISE   700 AM EST   SUNSET   425 PM EST
NOVEMBER 26 2016......SUNRISE   701 AM EST   SUNSET   424 PM EST


-  INDICATES NEGATIVE NUMBERS.
R  INDICATES RECORD WAS SET OR TIED.
MM INDICATES DATA IS MISSING.
T  INDICATES TRACE AMOUNT.




$$
