000
CDUS41 KALY 090627
CLIALB


CLIMATE REPORT
NATIONAL WEATHER SERVICE ALBANY NY
126 AM EST THU FEB 9 2017


...................................

...THE ALBANY NY CLIMATE SUMMARY FOR FEBRUARY 8 2017...

CLIMATE NORMAL PERIOD 1981 TO 2010
CLIMATE RECORD PERIOD 1874 TO 2017


WEATHER ITEM   OBSERVED TIME   RECORD YEAR NORMAL DEPARTURE LAST
                VALUE   (LST)  VALUE       VALUE  FROM      YEAR
                                                  NORMAL
..................................................................
TEMPERATURE (F)
 YESTERDAY
  MAXIMUM         44   1229 PM  52    1925  33     11       36
  MINIMUM         29   1044 PM -16    1950  16     13       25
  AVERAGE         37                        24     13       31

PRECIPITATION (IN)
  YESTERDAY        0.09          1.48 1895   0.07   0.02     0.10
  MONTH TO DATE    0.68                      0.62   0.06     0.45
  SINCE DEC 1      5.56                      6.14  -0.58     5.36
  SINCE JAN 1      3.81                      3.21   0.60     1.69

SNOWFALL (IN)
  YESTERDAY        0.0          14.0  1895   0.5   -0.5      1.3
  MONTH TO DATE    1.6                       3.8   -2.2      1.3
  SINCE DEC 1     18.3                      35.4  -17.1      6.8
  SINCE JUL 1     20.6                      38.5  -17.9      6.8
  SNOW DEPTH       0

DEGREE DAYS
 HEATING
  YESTERDAY       28                        41    -13       34
  MONTH TO DATE  285                       330    -45      216
  SINCE DEC 1   2412                      2777   -365     2074
  SINCE JUL 1   3568                      4181   -613     3157

 COOLING
  YESTERDAY        0                         0      0        0
  MONTH TO DATE    0                         0      0        0
  SINCE DEC 1      0                         0      0        0
  SINCE JAN 1      0                         0      0        0
..................................................................


WIND (MPH)
  HIGHEST WIND SPEED    22   HIGHEST WIND DIRECTION    NW (300)
  HIGHEST GUST SPEED    29   HIGHEST GUST DIRECTION     S (180)
  AVERAGE WIND SPEED    12.2


SKY COVER
  AVERAGE SKY COVER 0.9



RELATIVE HUMIDITY (PERCENT)
 HIGHEST    92
 LOWEST     54
 AVERAGE    73

..........................................................


THE ALBANY NY CLIMATE NORMALS FOR TODAY
                         NORMAL    RECORD    YEAR
 MAXIMUM TEMPERATURE (F)   33        57      1925
 MINIMUM TEMPERATURE (F)   16       -20      1934


SUNRISE AND SUNSET
FEBRUARY  9 2017......SUNRISE   700 AM EST   SUNSET   519 PM EST
FEBRUARY 10 2017......SUNRISE   659 AM EST   SUNSET   521 PM EST


-  INDICATES NEGATIVE NUMBERS.
R  INDICATES RECORD WAS SET OR TIED.
MM INDICATES DATA IS MISSING.
T  INDICATES TRACE AMOUNT.




$$
