000
CDUS41 KALY 130623
CLIALB


CLIMATE REPORT
NATIONAL WEATHER SERVICE ALBANY NY
223 AM EDT TUE SEP 13 2016


...................................

...THE ALBANY NY CLIMATE SUMMARY FOR SEPTEMBER 12 2016...

CLIMATE NORMAL PERIOD 1981 TO 2010
CLIMATE RECORD PERIOD 1874 TO 2016


WEATHER ITEM   OBSERVED TIME   RECORD YEAR NORMAL DEPARTURE LAST
                VALUE   (LST)  VALUE       VALUE  FROM      YEAR
                                                  NORMAL
..................................................................
TEMPERATURE (F)
 YESTERDAY
  MAXIMUM         77    427 PM  94    1947  74      3       77
  MINIMUM         49    548 AM  36    1875  53     -4       56
  AVERAGE         63                        64     -1       67

PRECIPITATION (IN)
  YESTERDAY        0.00          3.46 1960   0.10  -0.10     1.57
  MONTH TO DATE    0.80                      1.22  -0.42     2.55
  SINCE SEP 1      0.80                      1.22  -0.42     2.55
  SINCE JAN 1     24.25                     27.37  -3.12    25.69

DEGREE DAYS
 HEATING
  YESTERDAY        2                         3     -1        0
  MONTH TO DATE    2                        27    -25        0
  SINCE SEP 1      2                        27    -25        0
  SINCE JUL 1      3                        50    -47        1

 COOLING
  YESTERDAY        0                         2     -2        2
  MONTH TO DATE   72                        33     39      119
  SINCE SEP 1     72                        33     39      119
  SINCE JAN 1    860                       576    284      867
..................................................................


WIND (MPH)
  HIGHEST WIND SPEED    12   HIGHEST WIND DIRECTION     W (270)
  HIGHEST GUST SPEED    14   HIGHEST GUST DIRECTION     W (290)
  AVERAGE WIND SPEED     1.5


SKY COVER
  AVERAGE SKY COVER 0.1



RELATIVE HUMIDITY (PERCENT)
 HIGHEST    89
 LOWEST     38
 AVERAGE    64

..........................................................


THE ALBANY NY CLIMATE NORMALS FOR TODAY
                         NORMAL    RECORD    YEAR
 MAXIMUM TEMPERATURE (F)   73        92      1948
 MINIMUM TEMPERATURE (F)   53        37      1964


SUNRISE AND SUNSET
SEPTEMBER 13 2016.....SUNRISE   633 AM EDT   SUNSET   708 PM EDT
SEPTEMBER 14 2016.....SUNRISE   634 AM EDT   SUNSET   706 PM EDT


-  INDICATES NEGATIVE NUMBERS.
R  INDICATES RECORD WAS SET OR TIED.
MM INDICATES DATA IS MISSING.
T  INDICATES TRACE AMOUNT.




$$
