000
CDUS41 KALY 070626
CLIALB


CLIMATE REPORT
NATIONAL WEATHER SERVICE ALBANY NY
225 AM EDT FRI APR 7 2017


...................................

...THE ALBANY NY CLIMATE SUMMARY FOR APRIL 6 2017...

CLIMATE NORMAL PERIOD 1981 TO 2010
CLIMATE RECORD PERIOD 1874 TO 2017


WEATHER ITEM   OBSERVED TIME   RECORD YEAR NORMAL DEPARTURE LAST
                VALUE   (LST)  VALUE       VALUE  FROM      YEAR
                                                  NORMAL
..................................................................
TEMPERATURE (F)
 YESTERDAY
  MAXIMUM         48    111 AM  82    1921  54     -6       44
  MINIMUM         41    319 PM  14    1943  34      7       17
  AVERAGE         45                        44      1       31

PRECIPITATION (IN)
  YESTERDAY        0.62          2.02 1886   0.10   0.52     0.00
  MONTH TO DATE    1.65                      0.64   1.01     0.57
  SINCE MAR 1      5.72                      3.85   1.87     1.75
  SINCE JAN 1     11.70                      8.64   3.06     7.06

SNOWFALL (IN)
  YESTERDAY        0.0          17.3  1982   0.2   -0.2      0.0
  MONTH TO DATE    0.2                       0.8   -0.6      6.4
  SINCE MAR 1     19.6                      11.8    7.8      6.6
  SINCE JUL 1     60.8                      58.7    2.1     16.9
  SNOW DEPTH       0

DEGREE DAYS
 HEATING
  YESTERDAY       20                        21     -1       34
  MONTH TO DATE  120                       133    -13      180
  SINCE MAR 1   1145                      1062     83      862
  SINCE JUL 1   5308                      6006   -698     4791

 COOLING
  YESTERDAY        0                         0      0        0
  MONTH TO DATE    0                         0      0        0
  SINCE MAR 1      0                         0      0        0
  SINCE JAN 1      0                         0      0        0
..................................................................


WIND (MPH)
  HIGHEST WIND SPEED    18   HIGHEST WIND DIRECTION    NE (50)
  HIGHEST GUST SPEED    23   HIGHEST GUST DIRECTION     S (190)
  AVERAGE WIND SPEED     8.0


SKY COVER
  AVERAGE SKY COVER 1.0



RELATIVE HUMIDITY (PERCENT)
 HIGHEST    89
 LOWEST     70
 AVERAGE    80

..........................................................


THE ALBANY NY CLIMATE NORMALS FOR TODAY
                         NORMAL    RECORD    YEAR
 MAXIMUM TEMPERATURE (F)   55        87      2010
                                             1991
 MINIMUM TEMPERATURE (F)   34        13      1982


SUNRISE AND SUNSET
APRIL  7 2017.........SUNRISE   627 AM EDT   SUNSET   728 PM EDT
APRIL  8 2017.........SUNRISE   625 AM EDT   SUNSET   730 PM EDT


-  INDICATES NEGATIVE NUMBERS.
R  INDICATES RECORD WAS SET OR TIED.
MM INDICATES DATA IS MISSING.
T  INDICATES TRACE AMOUNT.




$$
