000
CDUS41 KALY 090623
CLIALB


CLIMATE REPORT
NATIONAL WEATHER SERVICE ALBANY NY
222 AM EDT SUN APR 9 2017


...................................

...THE ALBANY NY CLIMATE SUMMARY FOR APRIL 8 2017...

CLIMATE NORMAL PERIOD 1981 TO 2010
CLIMATE RECORD PERIOD 1874 TO 2017


WEATHER ITEM   OBSERVED TIME   RECORD YEAR NORMAL DEPARTURE LAST
                VALUE   (LST)  VALUE       VALUE  FROM      YEAR
                                                  NORMAL
..................................................................
TEMPERATURE (F)
 YESTERDAY
  MAXIMUM         50    341 PM  88    1929  55     -5       47
  MINIMUM         34   1125 PM  19    1982  35     -1       31
  AVERAGE         42                        45     -3       39

PRECIPITATION (IN)
  YESTERDAY        T             1.50 1914   0.11  -0.11     0.20
  MONTH TO DATE    1.68                      0.86   0.82     1.15
  SINCE MAR 1      5.75                      4.07   1.68     2.33
  SINCE JAN 1     11.73                      8.86   2.87     7.64

SNOWFALL (IN)
  YESTERDAY        T             4.5  1907   0.1   -0.1       T
  MONTH TO DATE    0.2                       1.0   -0.8      6.4
  SINCE MAR 1     19.6                      12.0    7.6      6.6
  SINCE JUL 1     60.8                      58.9    1.9     16.9
  SNOW DEPTH       0

DEGREE DAYS
 HEATING
  YESTERDAY       23                        20      3       26
  MONTH TO DATE  166                       174     -8      219
  SINCE MAR 1   1191                      1103     88      901
  SINCE JUL 1   5354                      6047   -693     4830

 COOLING
  YESTERDAY        0                         0      0        0
  MONTH TO DATE    0                         0      0        0
  SINCE MAR 1      0                         0      0        0
  SINCE JAN 1      0                         0      0        0
..................................................................


WIND (MPH)
  HIGHEST WIND SPEED    28   HIGHEST WIND DIRECTION     W (280)
  HIGHEST GUST SPEED    41   HIGHEST GUST DIRECTION    NW (310)
  AVERAGE WIND SPEED    15.6


SKY COVER
  AVERAGE SKY COVER 0.7



RELATIVE HUMIDITY (PERCENT)
 HIGHEST    70
 LOWEST     39
 AVERAGE    55

..........................................................


THE ALBANY NY CLIMATE NORMALS FOR TODAY
                         NORMAL    RECORD    YEAR
 MAXIMUM TEMPERATURE (F)   55        77      1991
 MINIMUM TEMPERATURE (F)   35        16      1977


SUNRISE AND SUNSET
APRIL  9 2017.........SUNRISE   623 AM EDT   SUNSET   731 PM EDT
APRIL 10 2017.........SUNRISE   622 AM EDT   SUNSET   732 PM EDT


-  INDICATES NEGATIVE NUMBERS.
R  INDICATES RECORD WAS SET OR TIED.
MM INDICATES DATA IS MISSING.
T  INDICATES TRACE AMOUNT.




$$
