000
CDUS41 KALY 040632
CLIALB


CLIMATE REPORT
NATIONAL WEATHER SERVICE ALBANY NY
232 AM EDT FRI AUG 4 2017


...................................

...THE ALBANY NY CLIMATE SUMMARY FOR AUGUST 3 2017...

CLIMATE NORMAL PERIOD 1981 TO 2010
CLIMATE RECORD PERIOD 1874 TO 2017


WEATHER ITEM   OBSERVED TIME   RECORD YEAR NORMAL DEPARTURE LAST
                VALUE   (LST)  VALUE       VALUE  FROM      YEAR
                                                  NORMAL
..................................................................
TEMPERATURE (F)
 YESTERDAY
  MAXIMUM         86    211 PM  97    1975  82      4       83
  MINIMUM         65    634 AM  44    1976  61      4       60
  AVERAGE         76                        72      4       72

PRECIPITATION (IN)
  YESTERDAY        T             1.52 1875   0.13  -0.13     0.00
  MONTH TO DATE    T                         0.39  -0.39     1.32
  SINCE JUN 1      9.13                      8.30   0.83    10.07
  SINCE JAN 1     28.04                     23.08   4.96    20.83

DEGREE DAYS
 HEATING
  YESTERDAY        0                         0      0        0
  MONTH TO DATE    0                         0      0        0
  SINCE JUN 1     53                        57     -4       38
  SINCE JUL 1      2                         5     -3        0

 COOLING
  YESTERDAY       11                         7      4        7
  MONTH TO DATE   31                        21     10       18
  SINCE JUN 1    398                       357     41      446
  SINCE JAN 1    448                       387     61      521
..................................................................


WIND (MPH)
  HIGHEST WIND SPEED    14   HIGHEST WIND DIRECTION     S (170)
  HIGHEST GUST SPEED    17   HIGHEST GUST DIRECTION     S (160)
  AVERAGE WIND SPEED     5.3


SKY COVER
  AVERAGE SKY COVER 0.5



RELATIVE HUMIDITY (PERCENT)
 HIGHEST    93
 LOWEST     48
 AVERAGE    71

..........................................................


THE ALBANY NY CLIMATE NORMALS FOR TODAY
                         NORMAL    RECORD    YEAR
 MAXIMUM TEMPERATURE (F)   82        98      1955
 MINIMUM TEMPERATURE (F)   61        46      1966


SUNRISE AND SUNSET
AUGUST  4 2017........SUNRISE   550 AM EDT   SUNSET   812 PM EDT
AUGUST  5 2017........SUNRISE   551 AM EDT   SUNSET   810 PM EDT


-  INDICATES NEGATIVE NUMBERS.
R  INDICATES RECORD WAS SET OR TIED.
MM INDICATES DATA IS MISSING.
T  INDICATES TRACE AMOUNT.




$$
