000
CDUS41 KALY 280624
CLIALB


CLIMATE REPORT
NATIONAL WEATHER SERVICE ALBANY NY
122 AM EST TUE NOV 28 2017


...................................

...THE ALBANY NY CLIMATE SUMMARY FOR NOVEMBER 27 2017...

CLIMATE NORMAL PERIOD 1981 TO 2010
CLIMATE RECORD PERIOD 1874 TO 2017


WEATHER ITEM   OBSERVED TIME   RECORD YEAR NORMAL DEPARTURE LAST
                VALUE   (LST)  VALUE       VALUE  FROM      YEAR
                                                  NORMAL
..................................................................
TEMPERATURE (F)
 YESTERDAY
  MAXIMUM         43    135 PM  66    1896  43      0       42
  MINIMUM         23   1159 PM   8    1957  28     -5       30
  AVERAGE         33                        36     -3       36

PRECIPITATION (IN)
  YESTERDAY        T             1.02 1921   0.11  -0.11     0.00
  MONTH TO DATE    0.79                      2.97  -2.18     2.74
  SINCE SEP 1      6.32                      9.95  -3.63     7.82
  SINCE JAN 1     38.12                     36.10   2.02    31.27

SNOWFALL (IN)
  YESTERDAY        T             4.8  1940   0.1   -0.1      0.0
  MONTH TO DATE    T                         2.2   -2.2      0.6
  SINCE SEP 1      T                         2.5   -2.5      2.3
  SINCE JUL 1      T                         2.5   -2.5      2.3
  SNOW DEPTH       0

DEGREE DAYS
 HEATING
  YESTERDAY       32                        29      3       29
  MONTH TO DATE  673                       669      4      629
  SINCE SEP 1   1002                      1291   -289     1083
  SINCE JUL 1   1021                      1314   -293     1084

 COOLING
  YESTERDAY        0                         0      0        0
  MONTH TO DATE    0                         0      0        0
  SINCE SEP 1    139                        55     84      114
  SINCE JAN 1    714                       598    116      902
..................................................................


WIND (MPH)
  HIGHEST WIND SPEED    25   HIGHEST WIND DIRECTION     W (290)
  HIGHEST GUST SPEED    35   HIGHEST GUST DIRECTION     W (280)
  AVERAGE WIND SPEED    10.4


SKY COVER
  AVERAGE SKY COVER 0.6



RELATIVE HUMIDITY (PERCENT)
 HIGHEST    78
 LOWEST     43
 AVERAGE    61

..........................................................


THE ALBANY NY CLIMATE NORMALS FOR TODAY
                         NORMAL    RECORD    YEAR
 MAXIMUM TEMPERATURE (F)   43        68      1990
 MINIMUM TEMPERATURE (F)   28         6      1951


SUNRISE AND SUNSET
NOVEMBER 28 2017......SUNRISE   703 AM EST   SUNSET   423 PM EST
NOVEMBER 29 2017......SUNRISE   704 AM EST   SUNSET   423 PM EST


-  INDICATES NEGATIVE NUMBERS.
R  INDICATES RECORD WAS SET OR TIED.
MM INDICATES DATA IS MISSING.
T  INDICATES TRACE AMOUNT.




$$
