000
CDUS41 KALY 070855
CLIALB


CLIMATE REPORT
NATIONAL WEATHER SERVICE ALBANY NY
355 AM EST SUN DEC 7 2014


...................................

...THE ALBANY NY CLIMATE SUMMARY FOR DECEMBER 6 2014...

CLIMATE NORMAL PERIOD 1981 TO 2010
CLIMATE RECORD PERIOD 1874 TO 2014


WEATHER ITEM   OBSERVED TIME   RECORD YEAR NORMAL DEPARTURE LAST
                VALUE   (LST)  VALUE       VALUE  FROM      YEAR
                                                  NORMAL
..................................................................
TEMPERATURE (F)
 YESTERDAY
  MAXIMUM         35   1135 PM  68    2001  39     -4       52
  MINIMUM         31   1257 AM  -5    1901  25      6       32
  AVERAGE         33                        32      1       42

PRECIPITATION (IN)
  YESTERDAY        0.73          1.26 1953   0.11   0.62     0.35
  MONTH TO DATE    1.11                      0.64   0.47     0.38
  SINCE DEC 1      1.11                      0.64   0.47     0.38
  SINCE JAN 1     35.44                     37.06  -1.62    40.83

SNOWFALL (IN)
  YESTERDAY        T            12.5  2003   0.4   -0.4      0.4
  MONTH TO DATE    0.4                       2.0   -1.6      0.4
  SINCE DEC 1      0.4                       2.0   -1.6      0.4
  SINCE JUL 1     12.7                       4.8    7.9      2.5
  SNOW DEPTH       0

DEGREE DAYS
 HEATING
  YESTERDAY       32                        33     -1       23
  MONTH TO DATE  189                       192     -3      176
  SINCE DEC 1    189                       192     -3      176
  SINCE JUL 1   1464                      1596   -132     1546

 COOLING
  YESTERDAY        0                         0      0        0
  MONTH TO DATE    0                         0      0        0
  SINCE DEC 1      0                         0      0        0
  SINCE JAN 1    659                       598     61      763
..................................................................


WIND (MPH)
  HIGHEST WIND SPEED    12   HIGHEST WIND DIRECTION     N (10)
  HIGHEST GUST SPEED    15   HIGHEST GUST DIRECTION     N (20)
  AVERAGE WIND SPEED     3.7


SKY COVER
  AVERAGE SKY COVER 1.0



RELATIVE HUMIDITY (PERCENT)
 HIGHEST    96
 LOWEST     85
 AVERAGE    91

..........................................................


THE ALBANY NY CLIMATE NORMALS FOR TODAY
                         NORMAL    RECORD    YEAR
 MAXIMUM TEMPERATURE (F)   39        65      1998
 MINIMUM TEMPERATURE (F)   25        -7      1901


SUNRISE AND SUNSET
DECEMBER  7 2014......SUNRISE   712 AM EST   SUNSET   421 PM EST
DECEMBER  8 2014......SUNRISE   713 AM EST   SUNSET   421 PM EST


-  INDICATES NEGATIVE NUMBERS.
R  INDICATES RECORD WAS SET OR TIED.
MM INDICATES DATA IS MISSING.
T  INDICATES TRACE AMOUNT.




$$
