254
CDUS41 KALY 250624
CLIALB


CLIMATE REPORT
NATIONAL WEATHER SERVICE ALBANY NY
224 AM EDT SAT MAR 25 2017


...................................

...THE ALBANY NY CLIMATE SUMMARY FOR MARCH 24 2017...

CLIMATE NORMAL PERIOD 1981 TO 2010
CLIMATE RECORD PERIOD 1874 TO 2017


WEATHER ITEM   OBSERVED TIME   RECORD YEAR NORMAL DEPARTURE LAST
                VALUE   (LST)  VALUE       VALUE  FROM      YEAR
                                                  NORMAL
..................................................................
TEMPERATURE (F)
 YESTERDAY
  MAXIMUM         43    933 PM  69    1976  48     -5       59
  MINIMUM         27   1244 AM   0    1875  29     -2       33
  AVERAGE         35                        38     -3       46

PRECIPITATION (IN)
  YESTERDAY        0.09          0.99 1966   0.11  -0.02      T
  MONTH TO DATE    1.88                      2.46  -0.58     0.77
  SINCE MAR 1      1.88                      2.46  -0.58     0.77
  SINCE JAN 1      7.86                      7.25   0.61     6.08

SNOWFALL (IN)
  YESTERDAY        0.3           5.5  1956   0.2    0.1      0.0
  MONTH TO DATE   17.5                       9.4    8.1      0.2
  SINCE MAR 1     17.5                       9.4    8.1      0.2
  SINCE JUL 1     58.7                      56.3    2.4     10.5
  SNOW DEPTH       3

DEGREE DAYS
 HEATING
  YESTERDAY       30                        27      3       19
  MONTH TO DATE  840                       752     88      557
  SINCE MAR 1    840                       752     88      557
  SINCE JUL 1   5003                      5696   -693     4486

 COOLING
  YESTERDAY        0                         0      0        0
  MONTH TO DATE    0                         0      0        0
  SINCE MAR 1      0                         0      0        0
  SINCE JAN 1      0                         0      0        0
..................................................................


WIND (MPH)
  HIGHEST WIND SPEED    21   HIGHEST WIND DIRECTION     S (180)
  HIGHEST GUST SPEED    29   HIGHEST GUST DIRECTION     S (180)
  AVERAGE WIND SPEED     9.9


SKY COVER
  AVERAGE SKY COVER 1.0



RELATIVE HUMIDITY (PERCENT)
 HIGHEST    79
 LOWEST     35
 AVERAGE    57

..........................................................


THE ALBANY NY CLIMATE NORMALS FOR TODAY
                         NORMAL    RECORD    YEAR
 MAXIMUM TEMPERATURE (F)   48        74      1910
 MINIMUM TEMPERATURE (F)   29         0      1875


SUNRISE AND SUNSET
MARCH 25 2017.........SUNRISE   649 AM EDT   SUNSET   714 PM EDT
MARCH 26 2017.........SUNRISE   648 AM EDT   SUNSET   715 PM EDT


-  INDICATES NEGATIVE NUMBERS.
R  INDICATES RECORD WAS SET OR TIED.
MM INDICATES DATA IS MISSING.
T  INDICATES TRACE AMOUNT.




$$
