469
CDUS41 KALY 230628
CLIALB


CLIMATE REPORT
NATIONAL WEATHER SERVICE ALBANY NY
128 AM EST THU NOV 23 2017


...................................

...THE ALBANY NY CLIMATE SUMMARY FOR NOVEMBER 22 2017...

CLIMATE NORMAL PERIOD 1981 TO 2010
CLIMATE RECORD PERIOD 1874 TO 2017


WEATHER ITEM   OBSERVED TIME   RECORD YEAR NORMAL DEPARTURE LAST
                VALUE   (LST)  VALUE       VALUE  FROM      YEAR
                                                  NORMAL
..................................................................
TEMPERATURE (F)
 YESTERDAY
  MAXIMUM         46   1238 AM  70    1931  45      1       37
  MINIMUM         34   1159 PM   9    1969  30      4       30
  AVERAGE         40                        38      2       34

PRECIPITATION (IN)
  YESTERDAY        0.06          2.23 1924   0.11  -0.05      T
  MONTH TO DATE    0.78                      2.42  -1.64     2.59
  SINCE SEP 1      6.31                      9.40  -3.09     7.67
  SINCE JAN 1     38.11                     35.55   2.56    31.12

SNOWFALL (IN)
  YESTERDAY        0.0           9.1  1943   0.1   -0.1       T
  MONTH TO DATE    T                         1.4   -1.4      0.6
  SINCE SEP 1      T                         1.7   -1.7      2.3
  SINCE JUL 1      T                         1.7   -1.7      2.3
  SNOW DEPTH       0

DEGREE DAYS
 HEATING
  YESTERDAY       25                        27     -2       31
  MONTH TO DATE  543                       526     17      487
  SINCE SEP 1    872                      1148   -276      941
  SINCE JUL 1    891                      1171   -280      942

 COOLING
  YESTERDAY        0                         0      0        0
  MONTH TO DATE    0                         0      0        0
  SINCE SEP 1    139                        55     84      114
  SINCE JAN 1    714                       598    116      902
..................................................................


WIND (MPH)
  HIGHEST WIND SPEED    25   HIGHEST WIND DIRECTION    NW (310)
  HIGHEST GUST SPEED    36   HIGHEST GUST DIRECTION    NW (320)
  AVERAGE WIND SPEED    11.0


SKY COVER
  AVERAGE SKY COVER 0.8



RELATIVE HUMIDITY (PERCENT)
 HIGHEST    82
 LOWEST     49
 AVERAGE    66

..........................................................


THE ALBANY NY CLIMATE NORMALS FOR TODAY
                         NORMAL    RECORD    YEAR
 MAXIMUM TEMPERATURE (F)   45        72      1931
 MINIMUM TEMPERATURE (F)   30         5      1972


SUNRISE AND SUNSET
NOVEMBER 23 2017......SUNRISE   657 AM EST   SUNSET   426 PM EST
NOVEMBER 24 2017......SUNRISE   658 AM EST   SUNSET   425 PM EST


-  INDICATES NEGATIVE NUMBERS.
R  INDICATES RECORD WAS SET OR TIED.
MM INDICATES DATA IS MISSING.
T  INDICATES TRACE AMOUNT.




$$
