000
CDUS41 KALY 010622
CLIALB


CLIMATE REPORT
NATIONAL WEATHER SERVICE ALBANY NY
222 AM EDT WED OCT 1 2014


...................................

...THE ALBANY NY CLIMATE SUMMARY FOR SEPTEMBER 30 2014...

CLIMATE NORMAL PERIOD 1981 TO 2010
CLIMATE RECORD PERIOD 1874 TO 2014


WEATHER ITEM   OBSERVED TIME   RECORD YEAR NORMAL DEPARTURE LAST
                VALUE   (LST)  VALUE       VALUE  FROM      YEAR
                                                  NORMAL
..................................................................
TEMPERATURE (F)
 YESTERDAY
  MAXIMUM         75    258 PM  88    1905  66      9       73
  MINIMUM         55    508 AM  28    1991  45     10       48
  AVERAGE         65                        56      9       61

PRECIPITATION (IN)
  YESTERDAY        0.00          2.68 2010   0.12  -0.12     0.00
  MONTH TO DATE    0.89                      3.30  -2.41     4.81
  SINCE SEP 1      0.89                      3.30  -2.41     4.81
  SINCE JAN 1     27.67                     29.45  -1.78    36.32

DEGREE DAYS
 HEATING
  YESTERDAY        0                        10    -10        4
  MONTH TO DATE  122                       143    -21      166
  SINCE SEP 1    122                       144    -22      166
  SINCE JUL 1    130                       167    -37      172

 COOLING
  YESTERDAY        0                         1     -1        0
  MONTH TO DATE   74                        51     23       65
  SINCE SEP 1     74                        51     23       65
  SINCE JAN 1    641                       594     47      763
..................................................................


WIND (MPH)
  HIGHEST WIND SPEED    12   HIGHEST WIND DIRECTION     S (170)
  HIGHEST GUST SPEED    16   HIGHEST GUST DIRECTION     S (190)
  AVERAGE WIND SPEED     3.1


SKY COVER
  AVERAGE SKY COVER 0.8



RELATIVE HUMIDITY (PERCENT)
 HIGHEST   100
 LOWEST     53
 AVERAGE    77

..........................................................


THE ALBANY NY CLIMATE NORMALS FOR TODAY
                         NORMAL    RECORD    YEAR
 MAXIMUM TEMPERATURE (F)   66        90      1927
 MINIMUM TEMPERATURE (F)   45        28      1993


SUNRISE AND SUNSET
OCTOBER  1 2014.......SUNRISE   652 AM EDT   SUNSET   637 PM EDT
OCTOBER  2 2014.......SUNRISE   653 AM EDT   SUNSET   635 PM EDT


-  INDICATES NEGATIVE NUMBERS.
R  INDICATES RECORD WAS SET OR TIED.
MM INDICATES DATA IS MISSING.
T  INDICATES TRACE AMOUNT.




$$
