363
CDUS41 KALY 090624
CLIALB


CLIMATE REPORT
NATIONAL WEATHER SERVICE ALBANY NY
123 AM EST SAT DEC 9 2017


...................................

...THE ALBANY NY CLIMATE SUMMARY FOR DECEMBER 8 2017...

CLIMATE NORMAL PERIOD 1981 TO 2010
CLIMATE RECORD PERIOD 1874 TO 2017


WEATHER ITEM   OBSERVED TIME   RECORD YEAR NORMAL DEPARTURE LAST
                VALUE   (LST)  VALUE       VALUE  FROM      YEAR
                                                  NORMAL
..................................................................
TEMPERATURE (F)
 YESTERDAY
  MAXIMUM         38   1220 PM  58    1927  38      0       40
  MINIMUM         20    704 AM  -3    1902  24     -4       30
  AVERAGE         29                        31     -2       35

PRECIPITATION (IN)
  YESTERDAY        T             0.65 1950   0.10  -0.10      T
  MONTH TO DATE    0.44                      0.84  -0.40     0.49
  SINCE DEC 1      0.44                      0.84  -0.40     0.49
  SINCE JAN 1     38.67                     37.26   1.41    32.12

SNOWFALL (IN)
  YESTERDAY        T             5.1  2001   0.3   -0.3       T
  MONTH TO DATE    T                         2.7   -2.7      2.2
  SINCE DEC 1      T                         2.7   -2.7      2.2
  SINCE JUL 1      T                         5.8   -5.8      4.5
  SNOW DEPTH       0

DEGREE DAYS
 HEATING
  YESTERDAY       36                        34      2       30
  MONTH TO DATE  232                       259    -27      223
  SINCE DEC 1    232                       259    -27      223
  SINCE JUL 1   1346                      1663   -317     1379

 COOLING
  YESTERDAY        0                         0      0        0
  MONTH TO DATE    0                         0      0        0
  SINCE DEC 1      0                         0      0        0
  SINCE JAN 1    714                       598    116      902
..................................................................


WIND (MPH)
  HIGHEST WIND SPEED    17   HIGHEST WIND DIRECTION     W (270)
  HIGHEST GUST SPEED    22   HIGHEST GUST DIRECTION    NW (300)
  AVERAGE WIND SPEED     5.6


SKY COVER
  AVERAGE SKY COVER 0.8



RELATIVE HUMIDITY (PERCENT)
 HIGHEST    84
 LOWEST     40
 AVERAGE    62

..........................................................


THE ALBANY NY CLIMATE NORMALS FOR TODAY
                         NORMAL    RECORD    YEAR
 MAXIMUM TEMPERATURE (F)   38        62      1966
 MINIMUM TEMPERATURE (F)   24       -11      1902


SUNRISE AND SUNSET
DECEMBER  9 2017......SUNRISE   714 AM EST   SUNSET   421 PM EST
DECEMBER 10 2017......SUNRISE   715 AM EST   SUNSET   421 PM EST


-  INDICATES NEGATIVE NUMBERS.
R  INDICATES RECORD WAS SET OR TIED.
MM INDICATES DATA IS MISSING.
T  INDICATES TRACE AMOUNT.




$$
