000
CDUS41 KALY 072041
CLIALB


CLIMATE REPORT
NATIONAL WEATHER SERVICE ALBANY NY
440 PM EDT THU JUL 7 2016


...................................

...THE ALBANY NY CLIMATE SUMMARY FOR JULY 7 2016...
VALID TODAY AS OF 0400 PM LOCAL TIME.

CLIMATE NORMAL PERIOD 1981 TO 2010
CLIMATE RECORD PERIOD 1874 TO 2016


WEATHER ITEM   OBSERVED TIME   RECORD YEAR NORMAL DEPARTURE LAST
                VALUE   (LST)  VALUE       VALUE  FROM      YEAR
                                                  NORMAL
..................................................................
TEMPERATURE (F)
 TODAY
  MAXIMUM         89    149 PM  97    1988  82      7       86
  MINIMUM         70    206 AM  44    1979  61      9       70
  AVERAGE         80                        72      8       78

PRECIPITATION (IN)
  TODAY            0.49          2.08 1935   0.13   0.36     0.25
  MONTH TO DATE    1.86                      0.90   0.96     0.64
  SINCE JUN 1      4.17                      4.69  -0.52     7.34
  SINCE JAN 1     14.93                     19.47  -4.54    16.06

DEGREE DAYS
 HEATING
  TODAY            0                         0      0        0
  MONTH TO DATE    0                         0      0        1
  SINCE JUN 1     38                        52    -14       52
  SINCE JUL 1      0                         0      0        1

 COOLING
  TODAY           15                         7      8       13
  MONTH TO DATE   57                        46     11       34
  SINCE JUN 1    200                       164     36      145
  SINCE JAN 1    275                       194     81      268
..................................................................


WIND (MPH)
  HIGHEST WIND SPEED    25   HIGHEST WIND DIRECTION    NW (310)
  HIGHEST GUST SPEED    30   HIGHEST GUST DIRECTION    NW (310)
  AVERAGE WIND SPEED     4.8


SKY COVER
  AVERAGE SKY COVER 0.8



RELATIVE HUMIDITY (PERCENT)
 HIGHEST    79          1200 AM
 LOWEST     55           200 PM
 AVERAGE    67

..........................................................


THE ALBANY NY CLIMATE NORMALS FOR TOMORROW
                         NORMAL    RECORD    YEAR
 MAXIMUM TEMPERATURE (F)   82       100      1936
 MINIMUM TEMPERATURE (F)   61        43      1969


SUNRISE AND SUNSET
JULY  7 2016..........SUNRISE   525 AM EDT   SUNSET   835 PM EDT
JULY  8 2016..........SUNRISE   525 AM EDT   SUNSET   835 PM EDT


-  INDICATES NEGATIVE NUMBERS.
R  INDICATES RECORD WAS SET OR TIED.
MM INDICATES DATA IS MISSING.
T  INDICATES TRACE AMOUNT.




$$
