000
CDUS41 KALY 200623
CLIALB


CLIMATE REPORT
NATIONAL WEATHER SERVICE ALBANY NY
221 AM EDT FRI MAR 20 2015


...................................

...THE ALBANY NY CLIMATE SUMMARY FOR MARCH 19 2015...

CLIMATE NORMAL PERIOD 1981 TO 2010
CLIMATE RECORD PERIOD 1874 TO 2015


WEATHER ITEM   OBSERVED TIME   RECORD YEAR NORMAL DEPARTURE LAST
                VALUE   (LST)  VALUE       VALUE  FROM      YEAR
                                                  NORMAL
..................................................................
TEMPERATURE (F)
 YESTERDAY
  MAXIMUM         37    232 PM  78    2012  46     -9       40
  MINIMUM         15    259 AM -10    1967  27    -12       23
  AVERAGE         26                        36    -10       32

PRECIPITATION (IN)
  YESTERDAY        0.00          1.12 1896   0.11  -0.11     0.24
  MONTH TO DATE    0.34                      1.90  -1.56     0.97
  SINCE MAR 1      0.34                      1.90  -1.56     0.97
  SINCE JAN 1      4.66                      6.69  -2.03     6.76

SNOWFALL (IN)
  YESTERDAY        0.0           9.6  1971   0.3   -0.3      0.2
  MONTH TO DATE    2.6                       7.4   -4.8      5.7
  SINCE MAR 1      2.6                       7.4   -4.8      5.7
  SINCE JUL 1     73.2                      53.9   19.3     70.9
  SNOW DEPTH       0

DEGREE DAYS
 HEATING
  YESTERDAY       39                        29     10       33
  MONTH TO DATE  683                       613     70      769
  SINCE MAR 1    683                       613     70      769
  SINCE JUL 1   5813                      5557    256     5886

 COOLING
  YESTERDAY        0                         0      0        0
  MONTH TO DATE    0                         0      0        0
  SINCE MAR 1      0                         0      0        0
  SINCE JAN 1      0                         0      0        0
..................................................................


WIND (MPH)
  HIGHEST WIND SPEED    22   HIGHEST WIND DIRECTION     W (290)
  HIGHEST GUST SPEED    29   HIGHEST GUST DIRECTION    NW (300)
  AVERAGE WIND SPEED    10.1


SKY COVER
  AVERAGE SKY COVER 0.2



RELATIVE HUMIDITY (PERCENT)
 HIGHEST    59
 LOWEST     20
 AVERAGE    40

..........................................................


THE ALBANY NY CLIMATE NORMALS FOR TODAY
                         NORMAL    RECORD    YEAR
 MAXIMUM TEMPERATURE (F)   46        78      2012
 MINIMUM TEMPERATURE (F)   27         2      1967


SUNRISE AND SUNSET
MARCH 20 2015.........SUNRISE   659 AM EDT   SUNSET   707 PM EDT
MARCH 21 2015.........SUNRISE   657 AM EDT   SUNSET   708 PM EDT


-  INDICATES NEGATIVE NUMBERS.
R  INDICATES RECORD WAS SET OR TIED.
MM INDICATES DATA IS MISSING.
T  INDICATES TRACE AMOUNT.




$$
