430
CDUS41 KALY 120635
CLIALB


CLIMATE REPORT
NATIONAL WEATHER SERVICE ALBANY NY
134 AM EST SUN FEB 12 2017


...................................

...THE ALBANY NY CLIMATE SUMMARY FOR FEBRUARY 11 2017...

CLIMATE NORMAL PERIOD 1981 TO 2010
CLIMATE RECORD PERIOD 1874 TO 2017


WEATHER ITEM   OBSERVED TIME   RECORD YEAR NORMAL DEPARTURE LAST
                VALUE   (LST)  VALUE       VALUE  FROM      YEAR
                                                  NORMAL
..................................................................
TEMPERATURE (F)
 YESTERDAY
  MAXIMUM         34    351 PM  59    1981  34      0       27
  MINIMUM         20    104 AM -18    1962  17      3        8
  AVERAGE         27                        25      2       18

PRECIPITATION (IN)
  YESTERDAY        0.06          1.00 1981   0.08  -0.02      T
  MONTH TO DATE    1.43                      0.85   0.58     0.51
  SINCE DEC 1      6.31                      6.37  -0.06     5.42
  SINCE JAN 1      4.56                      3.44   1.12     1.75

SNOWFALL (IN)
  YESTERDAY        0.8           9.6  1933   0.4    0.4       T
  MONTH TO DATE   14.6                       5.1    9.5      3.0
  SINCE DEC 1     31.3                      36.7   -5.4      8.5
  SINCE JUL 1     33.6                      39.8   -6.2      8.5
  SNOW DEPTH       8

DEGREE DAYS
 HEATING
  YESTERDAY       38                        40     -2       47
  MONTH TO DATE  421                       450    -29      335
  SINCE DEC 1   2548                      2897   -349     2193
  SINCE JUL 1   3704                      4301   -597     3276

 COOLING
  YESTERDAY        0                         0      0        0
  MONTH TO DATE    0                         0      0        0
  SINCE DEC 1      0                         0      0        0
  SINCE JAN 1      0                         0      0        0
..................................................................


WIND (MPH)
  HIGHEST WIND SPEED    17   HIGHEST WIND DIRECTION     S (170)
  HIGHEST GUST SPEED    25   HIGHEST GUST DIRECTION     S (160)
  AVERAGE WIND SPEED     6.0


SKY COVER
  AVERAGE SKY COVER 1.0



RELATIVE HUMIDITY (PERCENT)
 HIGHEST    84
 LOWEST     61
 AVERAGE    73

..........................................................


THE ALBANY NY CLIMATE NORMALS FOR TODAY
                         NORMAL    RECORD    YEAR
 MAXIMUM TEMPERATURE (F)   34        55      1932
 MINIMUM TEMPERATURE (F)   17       -16      1979


SUNRISE AND SUNSET
FEBRUARY 12 2017......SUNRISE   656 AM EST   SUNSET   523 PM EST
FEBRUARY 13 2017......SUNRISE   655 AM EST   SUNSET   525 PM EST


-  INDICATES NEGATIVE NUMBERS.
R  INDICATES RECORD WAS SET OR TIED.
MM INDICATES DATA IS MISSING.
T  INDICATES TRACE AMOUNT.




$$
