000
CDUS41 KALY 300622
CLIALB


CLIMATE REPORT
NATIONAL WEATHER SERVICE ALBANY NY
221 AM EDT WED AUG 30 2017


...................................

...THE ALBANY NY CLIMATE SUMMARY FOR AUGUST 29 2017...

CLIMATE NORMAL PERIOD 1981 TO 2010
CLIMATE RECORD PERIOD 1874 TO 2017


WEATHER ITEM   OBSERVED TIME   RECORD YEAR NORMAL DEPARTURE LAST
                VALUE   (LST)  VALUE       VALUE  FROM      YEAR
                                                  NORMAL
..................................................................
TEMPERATURE (F)
 YESTERDAY
  MAXIMUM         64    337 PM  95    1953  78    -14       84
  MINIMUM         54    612 AM  34    1982  58     -4       63
  AVERAGE         59                        68     -9       74

PRECIPITATION (IN)
  YESTERDAY        0.00          2.20 1884   0.09  -0.09     0.00
  MONTH TO DATE    3.76                      3.27   0.49     3.94
  SINCE JUN 1     12.89                     11.18   1.71    12.69
  SINCE JAN 1     31.80                     25.96   5.84    23.45

DEGREE DAYS
 HEATING
  YESTERDAY        6                         1      5        0
  MONTH TO DATE   15                        12      3        1
  SINCE JUN 1     68                        69     -1       39
  SINCE JUL 1     17                        17      0        1

 COOLING
  YESTERDAY        0                         4     -4        9
  MONTH TO DATE  157                       170    -13      278
  SINCE JUN 1    524                       506     18      706
  SINCE JAN 1    574                       536     38      781
..................................................................


WIND (MPH)
  HIGHEST WIND SPEED     6   HIGHEST WIND DIRECTION     N (340)
  HIGHEST GUST SPEED     7   HIGHEST GUST DIRECTION     N (360)
  AVERAGE WIND SPEED     1.5


SKY COVER
  AVERAGE SKY COVER 1.0



RELATIVE HUMIDITY (PERCENT)
 HIGHEST    93
 LOWEST     63
 AVERAGE    78

..........................................................


THE ALBANY NY CLIMATE NORMALS FOR TODAY
                         NORMAL    RECORD    YEAR
 MAXIMUM TEMPERATURE (F)   78        98      1953
 MINIMUM TEMPERATURE (F)   58        38      1982


SUNRISE AND SUNSET
AUGUST 30 2017........SUNRISE   618 AM EDT   SUNSET   733 PM EDT
AUGUST 31 2017........SUNRISE   619 AM EDT   SUNSET   731 PM EDT


-  INDICATES NEGATIVE NUMBERS.
R  INDICATES RECORD WAS SET OR TIED.
MM INDICATES DATA IS MISSING.
T  INDICATES TRACE AMOUNT.




$$
