000
CDUS41 KALY 042144
CLIALB


CLIMATE REPORT
NATIONAL WEATHER SERVICE ALBANY NY
443 PM EST TUE NOV 4 2014


...................................

...THE ALBANY NY CLIMATE SUMMARY FOR NOVEMBER 4 2014...
VALID TODAY AS OF 0400 PM LOCAL TIME.

CLIMATE NORMAL PERIOD 1981 TO 2010
CLIMATE RECORD PERIOD 1874 TO 2014


WEATHER ITEM   OBSERVED TIME   RECORD YEAR NORMAL DEPARTURE LAST
                VALUE   (LST)  VALUE       VALUE  FROM      YEAR
                                                  NORMAL
..................................................................
TEMPERATURE (F)
 TODAY
  MAXIMUM         64    400 PM  76    1994  53     11       42
  MINIMUM         44   1229 AM  17    1951  34     10       20
  AVERAGE         54                        44     10       31

PRECIPITATION (IN)
  TODAY            0.00          1.23 1936   0.11  -0.11     0.00
  MONTH TO DATE    0.04                      0.46  -0.42     0.13
  SINCE SEP 1      5.15                      7.44  -2.29     7.23
  SINCE JAN 1     31.93                     33.59  -1.66    38.74

SNOWFALL (IN)
  TODAY            0.0           T    2006   0.0    0.0      0.0
  MONTH TO DATE    0.0                       0.1   -0.1      0.0
  SINCE SEP 1      0.0                       0.1   -0.1      0.0
  SINCE JUL 1      0.0                       0.1   -0.1      0.0
  SNOW DEPTH       0

DEGREE DAYS
 HEATING
  TODAY           11                        22    -11       34
  MONTH TO DATE   79                        85     -6       89
  SINCE SEP 1    551                       707   -156      630
  SINCE JUL 1    559                       730   -171      636

 COOLING
  TODAY            0                         0      0        0
  MONTH TO DATE    0                         0      0        0
  SINCE SEP 1     92                        55     37       65
  SINCE JAN 1    659                       598     61      763
..................................................................


WIND (MPH)
  HIGHEST WIND SPEED    16   HIGHEST WIND DIRECTION     S (160)
  HIGHEST GUST SPEED    23   HIGHEST GUST DIRECTION     S (160)
  AVERAGE WIND SPEED     6.0


SKY COVER
  AVERAGE SKY COVER 0.9



RELATIVE HUMIDITY (PERCENT)
 HIGHEST    65          1200 AM
 LOWEST     26           400 PM
 AVERAGE    46

..........................................................


THE ALBANY NY CLIMATE NORMALS FOR TOMORROW
                         NORMAL    RECORD    YEAR
 MAXIMUM TEMPERATURE (F)   52        75      1994
 MINIMUM TEMPERATURE (F)   34        17      1951


SUNRISE AND SUNSET
NOVEMBER  4 2014......SUNRISE   633 AM EST   SUNSET   444 PM EST
NOVEMBER  5 2014......SUNRISE   634 AM EST   SUNSET   443 PM EST


-  INDICATES NEGATIVE NUMBERS.
R  INDICATES RECORD WAS SET OR TIED.
MM INDICATES DATA IS MISSING.
T  INDICATES TRACE AMOUNT.




$$
