000
CDUS41 KALY 170626
CLIALB


CLIMATE REPORT
NATIONAL WEATHER SERVICE ALBANY NY
225 AM EDT SAT SEP 17 2016


...................................

...THE ALBANY NY CLIMATE SUMMARY FOR SEPTEMBER 16 2016...

CLIMATE NORMAL PERIOD 1981 TO 2010
CLIMATE RECORD PERIOD 1874 TO 2016


WEATHER ITEM   OBSERVED TIME   RECORD YEAR NORMAL DEPARTURE LAST
                VALUE   (LST)  VALUE       VALUE  FROM      YEAR
                                                  NORMAL
..................................................................
TEMPERATURE (F)
 YESTERDAY
  MAXIMUM         75    401 PM  92    1939  72      3       84
  MINIMUM         43    511 AM  32    1964  52     -9       53
  AVERAGE         59                        62     -3       69

PRECIPITATION (IN)
  YESTERDAY        0.00          5.60 1999   0.11  -0.11     0.00
  MONTH TO DATE    0.80                      1.64  -0.84     2.97
  SINCE SEP 1      0.80                      1.64  -0.84     2.97
  SINCE JAN 1     24.25                     27.79  -3.54    26.11

DEGREE DAYS
 HEATING
  YESTERDAY        6                         4      2        0
  MONTH TO DATE   13                        43    -30        2
  SINCE SEP 1     13                        43    -30        2
  SINCE JUL 1     14                        66    -52        3

 COOLING
  YESTERDAY        0                         1     -1        4
  MONTH TO DATE   78                        40     38      129
  SINCE SEP 1     78                        40     38      129
  SINCE JAN 1    866                       583    283      877
..................................................................


WIND (MPH)
  HIGHEST WIND SPEED    15   HIGHEST WIND DIRECTION     S (180)
  HIGHEST GUST SPEED    20   HIGHEST GUST DIRECTION     S (180)
  AVERAGE WIND SPEED     5.1


SKY COVER
  AVERAGE SKY COVER 0.4



RELATIVE HUMIDITY (PERCENT)
 HIGHEST    93
 LOWEST     35
 AVERAGE    64

..........................................................


THE ALBANY NY CLIMATE NORMALS FOR TODAY
                         NORMAL    RECORD    YEAR
 MAXIMUM TEMPERATURE (F)   72        89      1942
 MINIMUM TEMPERATURE (F)   51        32      1959


SUNRISE AND SUNSET
SEPTEMBER 17 2016.....SUNRISE   638 AM EDT   SUNSET   701 PM EDT
SEPTEMBER 18 2016.....SUNRISE   639 AM EDT   SUNSET   659 PM EDT


-  INDICATES NEGATIVE NUMBERS.
R  INDICATES RECORD WAS SET OR TIED.
MM INDICATES DATA IS MISSING.
T  INDICATES TRACE AMOUNT.




$$
