000
CDUS41 KALY 190622
CLIALB


CLIMATE REPORT
NATIONAL WEATHER SERVICE ALBANY NY
222 AM EDT WED AUG 19 2015


...................................

...THE ALBANY NY CLIMATE SUMMARY FOR AUGUST 18 2015...

CLIMATE NORMAL PERIOD 1981 TO 2010
CLIMATE RECORD PERIOD 1874 TO 2015


WEATHER ITEM   OBSERVED TIME   RECORD YEAR NORMAL DEPARTURE LAST
                VALUE   (LST)  VALUE       VALUE  FROM      YEAR
                                                  NORMAL
..................................................................
TEMPERATURE (F)
 YESTERDAY
  MAXIMUM         91    249 PM  95    1913  80     11       76
  MINIMUM         70    545 AM  40    1981  60     10       56
  AVERAGE         81                        70     11       66

PRECIPITATION (IN)
  YESTERDAY        0.00          1.74 1875   0.11  -0.11     0.00
  MONTH TO DATE    2.99                      2.14   0.85     0.83
  SINCE JUN 1     13.11                     10.05   3.06    12.47
  SINCE JAN 1     21.83                     24.83  -3.00    26.03

DEGREE DAYS
 HEATING
  YESTERDAY        0                         1     -1        0
  MONTH TO DATE    0                         1     -1        6
  SINCE JUN 1     52                        58     -6       18
  SINCE JUL 1      1                         6     -5        6

 COOLING
  YESTERDAY       16                         6     10        1
  MONTH TO DATE  155                       117     38       85
  SINCE JUN 1    521                       453     68      470
  SINCE JAN 1    644                       483    161      505
..................................................................


WIND (MPH)
  HIGHEST WIND SPEED    13   HIGHEST WIND DIRECTION     S (200)
  HIGHEST GUST SPEED    17   HIGHEST GUST DIRECTION     S (200)
  AVERAGE WIND SPEED     3.7


SKY COVER
  AVERAGE SKY COVER 0.6



RELATIVE HUMIDITY (PERCENT)
 HIGHEST    90
 LOWEST     44
 AVERAGE    67

..........................................................


THE ALBANY NY CLIMATE NORMALS FOR TODAY
                         NORMAL    RECORD    YEAR
 MAXIMUM TEMPERATURE (F)   80        92      1892
 MINIMUM TEMPERATURE (F)   60        43      1973


SUNRISE AND SUNSET
AUGUST 19 2015........SUNRISE   606 AM EDT   SUNSET   751 PM EDT
AUGUST 20 2015........SUNRISE   607 AM EDT   SUNSET   750 PM EDT


-  INDICATES NEGATIVE NUMBERS.
R  INDICATES RECORD WAS SET OR TIED.
MM INDICATES DATA IS MISSING.
T  INDICATES TRACE AMOUNT.




$$
