000
CDUS41 KALY 050622
CLIALB


CLIMATE REPORT
NATIONAL WEATHER SERVICE ALBANY NY
221 AM EDT SAT APR 5 2014


...................................

...THE ALBANY NY CLIMATE SUMMARY FOR APRIL 4 2014...

CLIMATE NORMAL PERIOD 1981 TO 2010
CLIMATE RECORD PERIOD 1874 TO 2014


WEATHER ITEM   OBSERVED TIME   RECORD YEAR NORMAL DEPARTURE LAST
                VALUE   (LST)  VALUE       VALUE  FROM      YEAR
                                                  NORMAL
..................................................................
TEMPERATURE (F)
 YESTERDAY
  MAXIMUM         51   1111 AM  79    1950  53     -2       53
  MINIMUM         34    557 AM  14    1954  33      1       26
  AVERAGE         43                        43      0       40

PRECIPITATION (IN)
  YESTERDAY        0.10          1.74 1876   0.11  -0.01     0.00
  MONTH TO DATE    0.10                      0.43  -0.33     0.06
  SINCE MAR 1      2.82                      3.64  -0.82     2.55
  SINCE JAN 1      8.61                      8.43   0.18     5.68

SNOWFALL (IN)
  YESTERDAY        0.0           1.8  1955   0.1   -0.1      0.0
  MONTH TO DATE    0.0                       0.5   -0.5      1.2
  SINCE MAR 1      5.9                      10.7   -4.8     20.7
  SINCE JUL 1     71.1                      57.2   13.9     51.4
  SNOW DEPTH       0

DEGREE DAYS
 HEATING
  YESTERDAY       22                        22      0       25
  MONTH TO DATE   89                        90     -1      116
  SINCE MAR 1   1236                      1019    217     1075
  SINCE JUL 1   6353                      5963    390     5613

 COOLING
  YESTERDAY        0                         0      0        0
  MONTH TO DATE    0                         0      0        0
  SINCE MAR 1      0                         0      0        0
  SINCE JAN 1      0                         0      0        0
..................................................................


WIND (MPH)
  HIGHEST WIND SPEED    22   HIGHEST WIND DIRECTION     S (160)
  HIGHEST GUST SPEED    33   HIGHEST GUST DIRECTION     S (170)
  AVERAGE WIND SPEED     9.8


SKY COVER
  AVERAGE SKY COVER 1.0



RELATIVE HUMIDITY (PERCENT)
 HIGHEST    85
 LOWEST     36
 AVERAGE    61

..........................................................


THE ALBANY NY CLIMATE NORMALS FOR TODAY
                         NORMAL    RECORD    YEAR
 MAXIMUM TEMPERATURE (F)   54        82      1928
 MINIMUM TEMPERATURE (F)   33        15      1982


SUNRISE AND SUNSET
APRIL  5 2014.........SUNRISE   631 AM EDT   SUNSET   726 PM EDT
APRIL  6 2014.........SUNRISE   629 AM EDT   SUNSET   727 PM EDT


-  INDICATES NEGATIVE NUMBERS.
R  INDICATES RECORD WAS SET OR TIED.
MM INDICATES DATA IS MISSING.
T  INDICATES TRACE AMOUNT.




$$
