000
CDUS41 KALY 032156
CLIALB


CLIMATE REPORT
NATIONAL WEATHER SERVICE ALBANY NY
455 PM EST FRI FEB 3 2017


...................................

...THE ALBANY NY CLIMATE SUMMARY FOR FEBRUARY 3 2017...
VALID TODAY AS OF 0400 PM LOCAL TIME.

CLIMATE NORMAL PERIOD 1981 TO 2010
CLIMATE RECORD PERIOD 1874 TO 2017


WEATHER ITEM   OBSERVED TIME   RECORD YEAR NORMAL DEPARTURE LAST
                VALUE   (LST)  VALUE       VALUE  FROM      YEAR
                                                  NORMAL
..................................................................
TEMPERATURE (F)
 TODAY
  MAXIMUM         30   1237 PM  57    2016  32     -2       57
  MINIMUM         19    633 AM -18    1955  15      4       30
  AVERAGE         25                        24      1       44

PRECIPITATION (IN)
  TODAY            0.00          1.39 1883   0.08  -0.08     0.35
  MONTH TO DATE    0.06                      0.24  -0.18     0.35
  SINCE DEC 1      4.94                      5.76  -0.82     5.26
  SINCE JAN 1      3.19                      2.83   0.36     1.59

SNOWFALL (IN)
  TODAY           MM             6.1  2004   0.5   MM        0.0
  MONTH TO DATE    1.3                       1.4   -0.1      0.0
  SINCE DEC 1     18.0                      33.0  -15.0      5.5
  SINCE JUL 1     20.3                      36.1  -15.8      5.5
  SNOW DEPTH      MM

DEGREE DAYS
 HEATING
  TODAY           40                        41     -1       21
  MONTH TO DATE  112                       125    -13       68
  SINCE DEC 1   2239                      2572   -333     1926
  SINCE JUL 1   3395                      3976   -581     3009

 COOLING
  TODAY            0                         0      0        0
  MONTH TO DATE    0                         0      0        0
  SINCE DEC 1      0                         0      0        0
  SINCE JAN 1      0                         0      0        0
..................................................................


WIND (MPH)
  HIGHEST WIND SPEED    18   HIGHEST WIND DIRECTION     W (270)
  HIGHEST GUST SPEED    23   HIGHEST GUST DIRECTION     W (270)
  AVERAGE WIND SPEED     8.1


SKY COVER
  AVERAGE SKY COVER 0.8



RELATIVE HUMIDITY (PERCENT)
 HIGHEST    57           700 AM
 LOWEST     38           400 PM
 AVERAGE    48

..........................................................


THE ALBANY NY CLIMATE NORMALS FOR TOMORROW
                         NORMAL    RECORD    YEAR
 MAXIMUM TEMPERATURE (F)   32        61      1991
 MINIMUM TEMPERATURE (F)   15       -13      1978


SUNRISE AND SUNSET
FEBRUARY  3 2017......SUNRISE   707 AM EST   SUNSET   511 PM EST
FEBRUARY  4 2017......SUNRISE   706 AM EST   SUNSET   513 PM EST


-  INDICATES NEGATIVE NUMBERS.
R  INDICATES RECORD WAS SET OR TIED.
MM INDICATES DATA IS MISSING.
T  INDICATES TRACE AMOUNT.




$$
