000
CDUS41 KALY 070654
CLIALB


CLIMATE REPORT
NATIONAL WEATHER SERVICE ALBANY NY
153 AM EST TUE MAR 7 2017


...................................

...THE ALBANY NY CLIMATE SUMMARY FOR MARCH 6 2017...

CLIMATE NORMAL PERIOD 1981 TO 2010
CLIMATE RECORD PERIOD 1874 TO 2017


WEATHER ITEM   OBSERVED TIME   RECORD YEAR NORMAL DEPARTURE LAST
                VALUE   (LST)  VALUE       VALUE  FROM      YEAR
                                                  NORMAL
..................................................................
TEMPERATURE (F)
 YESTERDAY
  MAXIMUM         43    819 PM  63    1974  40      3       43
  MINIMUM         13    622 AM -21    1948  22     -9       24
  AVERAGE         28                        31     -3       34

PRECIPITATION (IN)
  YESTERDAY        0.00          1.33 2011   0.10  -0.10     0.00
  MONTH TO DATE    0.04                      0.57  -0.53     0.08
  SINCE MAR 1      0.04                      0.57  -0.53     0.08
  SINCE JAN 1      6.02                      5.36   0.66     5.39

SNOWFALL (IN)
  YESTERDAY        0.0          10.5  1887   0.5   -0.5      0.0
  MONTH TO DATE    0.2                       2.8   -2.6       T
  SINCE MAR 1      0.2                       2.8   -2.6       T
  SINCE JUL 1     41.4                      49.7   -8.3     10.3
  SNOW DEPTH       0

DEGREE DAYS
 HEATING
  YESTERDAY       37                        34      3       31
  MONTH TO DATE  201                       207     -6      215
  SINCE MAR 1    201                       207     -6      215
  SINCE JUL 1   4364                      5151   -787     4144

 COOLING
  YESTERDAY        0                         0      0        0
  MONTH TO DATE    0                         0      0        0
  SINCE MAR 1      0                         0      0        0
  SINCE JAN 1      0                         0      0        0
..................................................................


WIND (MPH)
  HIGHEST WIND SPEED    12   HIGHEST WIND DIRECTION     S (180)
  HIGHEST GUST SPEED    22   HIGHEST GUST DIRECTION     S (160)
  AVERAGE WIND SPEED     5.2


SKY COVER
  AVERAGE SKY COVER 0.5



RELATIVE HUMIDITY (PERCENT)
 HIGHEST    67
 LOWEST     17
 AVERAGE    42

..........................................................


THE ALBANY NY CLIMATE NORMALS FOR TODAY
                         NORMAL    RECORD    YEAR
 MAXIMUM TEMPERATURE (F)   41        62      1974
 MINIMUM TEMPERATURE (F)   22        -6      1950


SUNRISE AND SUNSET
MARCH  7 2017.........SUNRISE   621 AM EST   SUNSET   552 PM EST
MARCH  8 2017.........SUNRISE   619 AM EST   SUNSET   554 PM EST


-  INDICATES NEGATIVE NUMBERS.
R  INDICATES RECORD WAS SET OR TIED.
MM INDICATES DATA IS MISSING.
T  INDICATES TRACE AMOUNT.




$$
