000
CDUS41 KALY 190623
CLIALB


CLIMATE REPORT
NATIONAL WEATHER SERVICE ALBANY NY
122 AM EST THU FEB 19 2015


...................................

...THE ALBANY NY CLIMATE SUMMARY FOR FEBRUARY 18 2015...

CLIMATE NORMAL PERIOD 1981 TO 2010
CLIMATE RECORD PERIOD 1874 TO 2015


WEATHER ITEM   OBSERVED TIME   RECORD YEAR NORMAL DEPARTURE LAST
                VALUE   (LST)  VALUE       VALUE  FROM      YEAR
                                                  NORMAL
..................................................................
TEMPERATURE (F)
 YESTERDAY
  MAXIMUM         27    543 PM  63    1981  35     -8       29
  MINIMUM         -7    729 AM -21    1973  18    -25        5
  AVERAGE         10                        27    -17       17

PRECIPITATION (IN)
  YESTERDAY        0.01          1.32 1931   0.08  -0.07     0.04
  MONTH TO DATE    2.04                      1.38   0.66     2.52
  SINCE DEC 1      9.58                      6.90   2.68     8.21
  SINCE JAN 1      4.21                      3.97   0.24     4.83

SNOWFALL (IN)
  YESTERDAY        0.3           6.3  2000   0.4   -0.1      0.7
  MONTH TO DATE   29.1                       8.2   20.9     26.4
  SINCE DEC 1     56.8                      39.5   17.3     61.4
  SINCE JUL 1     69.1                      42.3   26.8     63.5
  SNOW DEPTH      14

DEGREE DAYS
 HEATING
  YESTERDAY       55                        38     17       48
  MONTH TO DATE  938                       724    214      812
  SINCE DEC 1   3334                      3171    163     3359
  SINCE JUL 1   4609                      4575     34     4729

 COOLING
  YESTERDAY        0                         0      0        0
  MONTH TO DATE    0                         0      0        0
  SINCE DEC 1      0                         0      0        0
  SINCE JAN 1      0                         0      0        0
..................................................................


WIND (MPH)
  HIGHEST WIND SPEED    10   HIGHEST WIND DIRECTION     S (190)
  HIGHEST GUST SPEED    13   HIGHEST GUST DIRECTION     S (200)
  AVERAGE WIND SPEED     1.2


SKY COVER
  AVERAGE SKY COVER 0.4



RELATIVE HUMIDITY (PERCENT)
 HIGHEST    87
 LOWEST     38
 AVERAGE    63

..........................................................


THE ALBANY NY CLIMATE NORMALS FOR TODAY
                         NORMAL    RECORD    YEAR
 MAXIMUM TEMPERATURE (F)   36        66      1981
 MINIMUM TEMPERATURE (F)   18        -7      1878


SUNRISE AND SUNSET
FEBRUARY 19 2015......SUNRISE   647 AM EST   SUNSET   532 PM EST
FEBRUARY 20 2015......SUNRISE   645 AM EST   SUNSET   533 PM EST


-  INDICATES NEGATIVE NUMBERS.
R  INDICATES RECORD WAS SET OR TIED.
MM INDICATES DATA IS MISSING.
T  INDICATES TRACE AMOUNT.




$$
