000
CDUS41 KALY 020623
CLIALB


CLIMATE REPORT
NATIONAL WEATHER SERVICE ALBANY NY
222 AM EDT WED AUG 2 2017


...................................

...THE ALBANY NY CLIMATE SUMMARY FOR AUGUST 1 2017...

CLIMATE NORMAL PERIOD 1981 TO 2010
CLIMATE RECORD PERIOD 1874 TO 2017


WEATHER ITEM   OBSERVED TIME   RECORD YEAR NORMAL DEPARTURE LAST
                VALUE   (LST)  VALUE       VALUE  FROM      YEAR
                                                  NORMAL
..................................................................
TEMPERATURE (F)
 YESTERDAY
  MAXIMUM         87    422 PM 101    1933  82      5       74
  MINIMUM         62    512 AM  46    1964  62      0       67
  AVERAGE         75                        72      3       71

PRECIPITATION (IN)
  YESTERDAY        0.00          1.41 2003   0.13  -0.13     0.19
  MONTH TO DATE    0.00                      0.13  -0.13     0.19
  SINCE JUN 1      9.13                      8.04   1.09     8.94
  SINCE JAN 1     28.04                     22.82   5.22    19.70

DEGREE DAYS
 HEATING
  YESTERDAY        0                         0      0        0
  MONTH TO DATE    0                         0      0        0
  SINCE JUN 1     53                        57     -4       38
  SINCE JUL 1      2                         5     -3        0

 COOLING
  YESTERDAY       10                         7      3        6
  MONTH TO DATE   10                         7      3        6
  SINCE JUN 1    377                       343     34      434
  SINCE JAN 1    427                       373     54      509
..................................................................


WIND (MPH)
  HIGHEST WIND SPEED     8   HIGHEST WIND DIRECTION    SW (210)
  HIGHEST GUST SPEED    14   HIGHEST GUST DIRECTION    NE (60)
  AVERAGE WIND SPEED     2.3


SKY COVER
  AVERAGE SKY COVER 0.1



RELATIVE HUMIDITY (PERCENT)
 HIGHEST    93
 LOWEST     42
 AVERAGE    68

..........................................................


THE ALBANY NY CLIMATE NORMALS FOR TODAY
                         NORMAL    RECORD    YEAR
 MAXIMUM TEMPERATURE (F)   82        97      1975
 MINIMUM TEMPERATURE (F)   61        45      1976


SUNRISE AND SUNSET
AUGUST  2 2017........SUNRISE   548 AM EDT   SUNSET   814 PM EDT
AUGUST  3 2017........SUNRISE   549 AM EDT   SUNSET   813 PM EDT


-  INDICATES NEGATIVE NUMBERS.
R  INDICATES RECORD WAS SET OR TIED.
MM INDICATES DATA IS MISSING.
T  INDICATES TRACE AMOUNT.




$$
