000
CDUS41 KALY 200644
CLIALB


CLIMATE REPORT
NATIONAL WEATHER SERVICE ALBANY NY
143 AM EST MON NOV 20 2017


...................................

...THE ALBANY NY CLIMATE SUMMARY FOR NOVEMBER 19 2017...

CLIMATE NORMAL PERIOD 1981 TO 2010
CLIMATE RECORD PERIOD 1874 TO 2017


WEATHER ITEM   OBSERVED TIME   RECORD YEAR NORMAL DEPARTURE LAST
                VALUE   (LST)  VALUE       VALUE  FROM      YEAR
                                                  NORMAL
..................................................................
TEMPERATURE (F)
 YESTERDAY
  MAXIMUM         52    724 AM  71    1921  47      5       64
  MINIMUM         33   1159 PM  12    1972  31      2       28
  AVERAGE         43                        39      4       46

PRECIPITATION (IN)
  YESTERDAY        0.18          1.63 1932   0.11   0.07     0.00
  MONTH TO DATE    0.72                      2.08  -1.36     1.98
  SINCE SEP 1      6.25                      9.06  -2.81     7.06
  SINCE JAN 1     38.05                     35.21   2.84    30.51

SNOWFALL (IN)
  YESTERDAY        T             4.2  1914   0.1   -0.1      0.0
  MONTH TO DATE    T                         1.1   -1.1      0.0
  SINCE SEP 1      T                         1.4   -1.4      1.7
  SINCE JUL 1      T                         1.4   -1.4      1.7
  SNOW DEPTH       0

DEGREE DAYS
 HEATING
  YESTERDAY       22                        26     -4       19
  MONTH TO DATE  468                       445     23      394
  SINCE SEP 1    797                      1067   -270      848
  SINCE JUL 1    816                      1090   -274      849

 COOLING
  YESTERDAY        0                         0      0        0
  MONTH TO DATE    0                         0      0        0
  SINCE SEP 1    139                        55     84      114
  SINCE JAN 1    714                       598    116      902
..................................................................


WIND (MPH)
  HIGHEST WIND SPEED    43   HIGHEST WIND DIRECTION     W (290)
  HIGHEST GUST SPEED    56   HIGHEST GUST DIRECTION     W (280)
  AVERAGE WIND SPEED    18.3


SKY COVER
  AVERAGE SKY COVER 0.9



RELATIVE HUMIDITY (PERCENT)
 HIGHEST    86
 LOWEST     54
 AVERAGE    70

..........................................................


THE ALBANY NY CLIMATE NORMALS FOR TODAY
                         NORMAL    RECORD    YEAR
 MAXIMUM TEMPERATURE (F)   46        72      1991
 MINIMUM TEMPERATURE (F)   31         6      1986


SUNRISE AND SUNSET
NOVEMBER 20 2017......SUNRISE   653 AM EST   SUNSET   428 PM EST
NOVEMBER 21 2017......SUNRISE   655 AM EST   SUNSET   427 PM EST


-  INDICATES NEGATIVE NUMBERS.
R  INDICATES RECORD WAS SET OR TIED.
MM INDICATES DATA IS MISSING.
T  INDICATES TRACE AMOUNT.




$$
