000
CDUS41 KALY 020625
CLIALB


CLIMATE REPORT
NATIONAL WEATHER SERVICE ALBANY NY
125 AM EST FRI FEB 2 2018


...................................

...THE ALBANY NY CLIMATE SUMMARY FOR FEBRUARY 1 2018...

CLIMATE NORMAL PERIOD 1981 TO 2010
CLIMATE RECORD PERIOD 1874 TO 2018


WEATHER ITEM   OBSERVED TIME   RECORD YEAR NORMAL DEPARTURE LAST
                VALUE   (LST)  VALUE       VALUE  FROM      YEAR
                                                  NORMAL
..................................................................
TEMPERATURE (F)
 YESTERDAY
  MAXIMUM         39    929 PM  65    1989  32      7       40
  MINIMUM         28    654 AM -20    1920  15     13       22
  AVERAGE         34                        23     11       31

PRECIPITATION (IN)
  YESTERDAY        0.02          1.39 1898   0.08  -0.06     0.06
  MONTH TO DATE    0.02                      0.08  -0.06     0.06
  SINCE DEC 1      4.34                      5.60  -1.26     4.94
  SINCE JAN 1      2.41                      2.67  -0.26     3.19

SNOWFALL (IN)
  YESTERDAY        T            15.0  1898   0.5   -0.5      1.3
  MONTH TO DATE    T                         0.5   -0.5      1.3
  SINCE DEC 1     24.9                      32.1   -7.2     18.0
  SINCE JUL 1     24.9                      35.2  -10.3     20.3
  SNOW DEPTH       0

DEGREE DAYS
 HEATING
  YESTERDAY       31                        42    -11       34
  MONTH TO DATE   31                        42    -11       34
  SINCE DEC 1   2554                      2489     65     2161
  SINCE JUL 1   3668                      3893   -225     3317

 COOLING
  YESTERDAY        0                         0      0        0
  MONTH TO DATE    0                         0      0        0
  SINCE DEC 1      0                         0      0        0
  SINCE JAN 1      0                         0      0        0
..................................................................


WIND (MPH)
  HIGHEST WIND SPEED    18   HIGHEST WIND DIRECTION     S (170)
  HIGHEST GUST SPEED    27   HIGHEST GUST DIRECTION     S (160)
  AVERAGE WIND SPEED    11.6


SKY COVER
  AVERAGE SKY COVER 1.0



RELATIVE HUMIDITY (PERCENT)
 HIGHEST    69
 LOWEST     39
 AVERAGE    54

..........................................................


THE ALBANY NY CLIMATE NORMALS FOR TODAY
                         NORMAL    RECORD    YEAR
 MAXIMUM TEMPERATURE (F)   32        53      1981
 MINIMUM TEMPERATURE (F)   15       -18      1961


SUNRISE AND SUNSET
FEBRUARY  2 2018......SUNRISE   709 AM EST   SUNSET   510 PM EST
FEBRUARY  3 2018......SUNRISE   707 AM EST   SUNSET   511 PM EST


-  INDICATES NEGATIVE NUMBERS.
R  INDICATES RECORD WAS SET OR TIED.
MM INDICATES DATA IS MISSING.
T  INDICATES TRACE AMOUNT.




$$
