000
CDUS41 KALY 190624
CLIALB


CLIMATE REPORT
NATIONAL WEATHER SERVICE ALBANY NY
123 AM EST SUN FEB 19 2017


...................................

...THE ALBANY NY CLIMATE SUMMARY FOR FEBRUARY 18 2017...

CLIMATE NORMAL PERIOD 1981 TO 2010
CLIMATE RECORD PERIOD 1874 TO 2017


WEATHER ITEM   OBSERVED TIME   RECORD YEAR NORMAL DEPARTURE LAST
                VALUE   (LST)  VALUE       VALUE  FROM      YEAR
                                                  NORMAL
..................................................................
TEMPERATURE (F)
 YESTERDAY
  MAXIMUM         52    427 PM  63    1981  35     17       30
  MINIMUM         18    351 AM -21    1973  18      0       16
  AVERAGE         35                        27      8       23

PRECIPITATION (IN)
  YESTERDAY        0.00          1.32 1931   0.08  -0.08      T
  MONTH TO DATE    2.14                      1.38   0.76     1.47
  SINCE DEC 1      7.02                      6.90   0.12     6.38
  SINCE JAN 1      5.27                      3.97   1.30     2.71

SNOWFALL (IN)
  YESTERDAY        0.0           6.3  2000   0.4   -0.4       T
  MONTH TO DATE   22.2                       8.1   14.1      4.5
  SINCE DEC 1     38.9                      39.7   -0.8     10.0
  SINCE JUL 1     41.2                      42.8   -1.6     10.0
  SNOW DEPTH       6

DEGREE DAYS
 HEATING
  YESTERDAY       30                        38     -8       42
  MONTH TO DATE  671                       724    -53      671
  SINCE DEC 1   2798                      3171   -373     2529
  SINCE JUL 1   3954                      4575   -621     3612

 COOLING
  YESTERDAY        0                         0      0        0
  MONTH TO DATE    0                         0      0        0
  SINCE DEC 1      0                         0      0        0
  SINCE JAN 1      0                         0      0        0
..................................................................


WIND (MPH)
  HIGHEST WIND SPEED    17   HIGHEST WIND DIRECTION     S (180)
  HIGHEST GUST SPEED    23   HIGHEST GUST DIRECTION     S (190)
  AVERAGE WIND SPEED     6.9


SKY COVER
  AVERAGE SKY COVER 0.4



RELATIVE HUMIDITY (PERCENT)
 HIGHEST    80
 LOWEST     38
 AVERAGE    59

..........................................................


THE ALBANY NY CLIMATE NORMALS FOR TODAY
                         NORMAL    RECORD    YEAR
 MAXIMUM TEMPERATURE (F)   36        66      1981
 MINIMUM TEMPERATURE (F)   18        -7      1878


SUNRISE AND SUNSET
FEBRUARY 19 2017......SUNRISE   646 AM EST   SUNSET   532 PM EST
FEBRUARY 20 2017......SUNRISE   645 AM EST   SUNSET   534 PM EST


-  INDICATES NEGATIVE NUMBERS.
R  INDICATES RECORD WAS SET OR TIED.
MM INDICATES DATA IS MISSING.
T  INDICATES TRACE AMOUNT.




$$
