362
CDUS41 KALY 130622
CLIALB


CLIMATE REPORT
NATIONAL WEATHER SERVICE ALBANY NY
221 AM EDT TUE JUN 13 2017


...................................

...THE ALBANY NY CLIMATE SUMMARY FOR JUNE 12 2017...

CLIMATE NORMAL PERIOD 1981 TO 2010
CLIMATE RECORD PERIOD 1874 TO 2017


WEATHER ITEM   OBSERVED TIME   RECORD YEAR NORMAL DEPARTURE LAST
                VALUE   (LST)  VALUE       VALUE  FROM      YEAR
                                                  NORMAL
..................................................................
TEMPERATURE (F)
 YESTERDAY
  MAXIMUM         95R   302 PM  94    1949  77     18       69
  MINIMUM         64    406 AM  38    1972  56      8       52
  AVERAGE         80                        66     14       61

PRECIPITATION (IN)
  YESTERDAY        0.00          2.13 1903   0.13  -0.13      T
  MONTH TO DATE    1.84                      1.56   0.28     1.95
  SINCE JUN 1      1.84                      1.56   0.28     1.95
  SINCE JAN 1     20.75                     16.34   4.41    12.71

DEGREE DAYS
 HEATING
  YESTERDAY        0                         2     -2        4
  MONTH TO DATE   46                        34     12       29
  SINCE JUN 1     46                        34     12       29
  SINCE JUL 1   5863                      6662   -799     5445

 COOLING
  YESTERDAY       15                         3     12        0
  MONTH TO DATE   37                        30      7       42
  SINCE JUN 1     37                        30      7       42
  SINCE JAN 1     87                        60     27      117
..................................................................


WIND (MPH)
  HIGHEST WIND SPEED    16   HIGHEST WIND DIRECTION     W (280)
  HIGHEST GUST SPEED    21   HIGHEST GUST DIRECTION     W (290)
  AVERAGE WIND SPEED     5.9


SKY COVER
  AVERAGE SKY COVER 0.2



RELATIVE HUMIDITY (PERCENT)
 HIGHEST    87
 LOWEST     33
 AVERAGE    60

..........................................................


THE ALBANY NY CLIMATE NORMALS FOR TODAY
                         NORMAL    RECORD    YEAR
 MAXIMUM TEMPERATURE (F)   77        94      1892
 MINIMUM TEMPERATURE (F)   56        38      1974


SUNRISE AND SUNSET
JUNE 13 2017..........SUNRISE   516 AM EDT   SUNSET   834 PM EDT
JUNE 14 2017..........SUNRISE   516 AM EDT   SUNSET   835 PM EDT


-  INDICATES NEGATIVE NUMBERS.
R  INDICATES RECORD WAS SET OR TIED.
MM INDICATES DATA IS MISSING.
T  INDICATES TRACE AMOUNT.




$$
