000
CDUS41 KALY 050652
CLIALB


CLIMATE REPORT
NATIONAL WEATHER SERVICE ALBANY NY
251 AM EDT FRI MAY 5 2017


...................................

...THE ALBANY NY CLIMATE SUMMARY FOR MAY 4 2017...

CLIMATE NORMAL PERIOD 1981 TO 2010
CLIMATE RECORD PERIOD 1874 TO 2017


WEATHER ITEM   OBSERVED TIME   RECORD YEAR NORMAL DEPARTURE LAST
                VALUE   (LST)  VALUE       VALUE  FROM      YEAR
                                                  NORMAL
..................................................................
TEMPERATURE (F)
 YESTERDAY
  MAXIMUM         64    249 PM  91    1944  66     -2       52
  MINIMUM         36    505 AM  28    1985  44     -8       48
  AVERAGE         50                        55     -5       50

PRECIPITATION (IN)
  YESTERDAY        T             2.17 1893   0.11  -0.11     0.29
  MONTH TO DATE    1.05                      0.43   0.62     0.81
  SINCE MAR 1      8.00                      6.81   1.19     3.83
  SINCE JAN 1     13.98                     11.60   2.38     9.14

SNOWFALL (IN)
  YESTERDAY       MM             T    1986   0.0   MM        0.0
  MONTH TO DATE    0.0                       0.0    0.0      0.0
  SINCE MAR 1     19.6                      13.3    6.3      6.6
  SINCE JUL 1     60.8                      60.2    0.6     16.9
  SNOW DEPTH       0

DEGREE DAYS
 HEATING
  YESTERDAY       15                        11      4       15
  MONTH TO DATE   42                        45     -3       61
  SINCE MAR 1   1440                      1494    -54     1312
  SINCE JUL 1   5603                      6438   -835     5241

 COOLING
  YESTERDAY        0                         0      0        0
  MONTH TO DATE    0                         0      0        0
  SINCE MAR 1     22                         4     18        2
  SINCE JAN 1     22                         4     18        2
..................................................................


WIND (MPH)
  HIGHEST WIND SPEED    21   HIGHEST WIND DIRECTION     S (190)
  HIGHEST GUST SPEED    27   HIGHEST GUST DIRECTION     S (200)
  AVERAGE WIND SPEED     5.7


SKY COVER
  AVERAGE SKY COVER 0.7



RELATIVE HUMIDITY (PERCENT)
 HIGHEST    82
 LOWEST     26
 AVERAGE    54

..........................................................


THE ALBANY NY CLIMATE NORMALS FOR TODAY
                         NORMAL    RECORD    YEAR
 MAXIMUM TEMPERATURE (F)   66        91      1944
 MINIMUM TEMPERATURE (F)   44        29      1974


SUNRISE AND SUNSET
MAY  5 2017...........SUNRISE   544 AM EDT   SUNSET   800 PM EDT
MAY  6 2017...........SUNRISE   543 AM EDT   SUNSET   802 PM EDT


-  INDICATES NEGATIVE NUMBERS.
R  INDICATES RECORD WAS SET OR TIED.
MM INDICATES DATA IS MISSING.
T  INDICATES TRACE AMOUNT.




$$
