000
CDUS41 KALY 180622
CLIALB


CLIMATE REPORT
NATIONAL WEATHER SERVICE ALBANY NY
222 AM EDT TUE AUG 18 2015


...................................

...THE ALBANY NY CLIMATE SUMMARY FOR AUGUST 17 2015...

CLIMATE NORMAL PERIOD 1981 TO 2010
CLIMATE RECORD PERIOD 1874 TO 2015


WEATHER ITEM   OBSERVED TIME   RECORD YEAR NORMAL DEPARTURE LAST
                VALUE   (LST)  VALUE       VALUE  FROM      YEAR
                                                  NORMAL
..................................................................
TEMPERATURE (F)
 YESTERDAY
  MAXIMUM         92        MM  97    1913  81     11       77
  MINIMUM         65        MM  40    1979  60      5       61
  AVERAGE         79                        70      9       69

PRECIPITATION (IN)
  YESTERDAY        0.00          1.08 1944   0.11  -0.11     0.01
  MONTH TO DATE    2.99                      2.03   0.96     0.83
  SINCE JUN 1     13.11                      9.94   3.17    12.47
  SINCE JAN 1     21.83                     24.72  -2.89    26.03

DEGREE DAYS
 HEATING
  YESTERDAY        0                         0      0        0
  MONTH TO DATE    0                         0      0        6
  SINCE JUN 1     52                        57     -5       18
  SINCE JUL 1      1                         5     -4        6

 COOLING
  YESTERDAY       14                         6      8        4
  MONTH TO DATE  139                       111     28       84
  SINCE JUN 1    505                       447     58      469
  SINCE JAN 1    628                       477    151      504
..................................................................


WIND (MPH)
  HIGHEST WIND SPEED     6   HIGHEST WIND DIRECTION    SW (210)
  HIGHEST GUST SPEED    MM   HIGHEST GUST DIRECTION    MM
  AVERAGE WIND SPEED     1.6


SKY COVER
  AVERAGE SKY COVER 0.5



RELATIVE HUMIDITY (PERCENT)
 HIGHEST    93
 LOWEST     41
 AVERAGE    67

..........................................................


THE ALBANY NY CLIMATE NORMALS FOR TODAY
                         NORMAL    RECORD    YEAR
 MAXIMUM TEMPERATURE (F)   80        95      1913
 MINIMUM TEMPERATURE (F)   60        40      1981


SUNRISE AND SUNSET
AUGUST 18 2015........SUNRISE   604 AM EDT   SUNSET   753 PM EDT
AUGUST 19 2015........SUNRISE   606 AM EDT   SUNSET   751 PM EDT


-  INDICATES NEGATIVE NUMBERS.
R  INDICATES RECORD WAS SET OR TIED.
MM INDICATES DATA IS MISSING.
T  INDICATES TRACE AMOUNT.




$$
