000
CDUS41 KALY 140638
CLIALB


CLIMATE REPORT
NATIONAL WEATHER SERVICE ALBANY NY
238 AM EDT THU JUL 14 2016


...................................

...THE ALBANY NY CLIMATE SUMMARY FOR JULY 13 2016...

CLIMATE NORMAL PERIOD 1981 TO 2010
CLIMATE RECORD PERIOD 1874 TO 2016


WEATHER ITEM   OBSERVED TIME   RECORD YEAR NORMAL DEPARTURE LAST
                VALUE   (LST)  VALUE       VALUE  FROM      YEAR
                                                  NORMAL
..................................................................
TEMPERATURE (F)
 YESTERDAY
  MAXIMUM         90    333 PM  96    1894  83      7       87
  MINIMUM         70    517 AM  45    1939  62      8       65
  AVERAGE         80                        72      8       76

PRECIPITATION (IN)
  YESTERDAY        0.00          3.49 1996   0.14  -0.14     0.00
  MONTH TO DATE    2.87                      1.71   1.16     1.54
  SINCE JUN 1      5.18                      5.50  -0.32     8.24
  SINCE JAN 1     15.94                     20.28  -4.34    16.96

DEGREE DAYS
 HEATING
  YESTERDAY        0                         0      0        0
  MONTH TO DATE    0                         0      0        1
  SINCE JUN 1     38                        52    -14       52
  SINCE JUL 1      0                         0      0        1

 COOLING
  YESTERDAY       15                         7      8       11
  MONTH TO DATE   99                        88     11       84
  SINCE JUN 1    242                       206     36      195
  SINCE JAN 1    317                       236     81      318
..................................................................


WIND (MPH)
  HIGHEST WIND SPEED    24   HIGHEST WIND DIRECTION     S (190)
  HIGHEST GUST SPEED    30   HIGHEST GUST DIRECTION     S (190)
  AVERAGE WIND SPEED    12.0


SKY COVER
  AVERAGE SKY COVER 0.3



RELATIVE HUMIDITY (PERCENT)
 HIGHEST    84
 LOWEST     52
 AVERAGE    68

..........................................................


THE ALBANY NY CLIMATE NORMALS FOR TODAY
                         NORMAL    RECORD    YEAR
 MAXIMUM TEMPERATURE (F)   83        99      1995
 MINIMUM TEMPERATURE (F)   62        49      1940


SUNRISE AND SUNSET
JULY 14 2016..........SUNRISE   530 AM EDT   SUNSET   832 PM EDT
JULY 15 2016..........SUNRISE   531 AM EDT   SUNSET   831 PM EDT


-  INDICATES NEGATIVE NUMBERS.
R  INDICATES RECORD WAS SET OR TIED.
MM INDICATES DATA IS MISSING.
T  INDICATES TRACE AMOUNT.




$$
