000
CDUS41 KALY 170624
CLIALB


CLIMATE REPORT
NATIONAL WEATHER SERVICE ALBANY NY
123 AM EST TUE FEB 17 2015


...................................

...THE ALBANY NY CLIMATE SUMMARY FOR FEBRUARY 16 2015...

CLIMATE NORMAL PERIOD 1981 TO 2010
CLIMATE RECORD PERIOD 1874 TO 2015


WEATHER ITEM   OBSERVED TIME   RECORD YEAR NORMAL DEPARTURE LAST
                VALUE   (LST)  VALUE       VALUE  FROM      YEAR
                                                  NORMAL
..................................................................
TEMPERATURE (F)
 YESTERDAY
  MAXIMUM         11    349 PM  61    2006  35    -24       24
  MINIMUM         -8    655 AM -20    1943  17    -25       15
  AVERAGE          2                        26    -24       20

PRECIPITATION (IN)
  YESTERDAY        0.00          1.26 1958   0.08  -0.08      T
  MONTH TO DATE    2.03                      1.23   0.80     2.48
  SINCE DEC 1      9.57                      6.75   2.82     8.17
  SINCE JAN 1      4.20                      3.82   0.38     4.79

SNOWFALL (IN)
  YESTERDAY        0.0          17.3  1958   0.4   -0.4       T
  MONTH TO DATE   28.8                       7.3   21.5     25.7
  SINCE DEC 1     56.5                      38.6   17.9     60.7
  SINCE JUL 1     68.8                      41.4   27.4     62.8
  SNOW DEPTH      15

DEGREE DAYS
 HEATING
  YESTERDAY       63                        39     24       45
  MONTH TO DATE  829                       647    182      714
  SINCE DEC 1   3225                      3094    131     3261
  SINCE JUL 1   4500                      4498      2     4631

 COOLING
  YESTERDAY        0                         0      0        0
  MONTH TO DATE    0                         0      0        0
  SINCE DEC 1      0                         0      0        0
  SINCE JAN 1      0                         0      0        0
..................................................................


WIND (MPH)
  HIGHEST WIND SPEED    24   HIGHEST WIND DIRECTION     W (280)
  HIGHEST GUST SPEED    31   HIGHEST GUST DIRECTION     W (290)
  AVERAGE WIND SPEED    14.1


SKY COVER
  AVERAGE SKY COVER 0.4



RELATIVE HUMIDITY (PERCENT)
 HIGHEST    57
 LOWEST     37
 AVERAGE    47

..........................................................


THE ALBANY NY CLIMATE NORMALS FOR TODAY
                         NORMAL    RECORD    YEAR
 MAXIMUM TEMPERATURE (F)   35        60      1981
 MINIMUM TEMPERATURE (F)   18       -16      1973


SUNRISE AND SUNSET
FEBRUARY 17 2015......SUNRISE   650 AM EST   SUNSET   529 PM EST
FEBRUARY 18 2015......SUNRISE   648 AM EST   SUNSET   530 PM EST


-  INDICATES NEGATIVE NUMBERS.
R  INDICATES RECORD WAS SET OR TIED.
MM INDICATES DATA IS MISSING.
T  INDICATES TRACE AMOUNT.




$$
