000
CDUS41 KALY 252042
CLIALB


CLIMATE REPORT
NATIONAL WEATHER SERVICE ALBANY NY
442 PM EDT TUE JUL 25 2017


...................................

...THE ALBANY NY CLIMATE SUMMARY FOR JULY 25 2017...
VALID TODAY AS OF 0400 PM LOCAL TIME.

CLIMATE NORMAL PERIOD 1981 TO 2010
CLIMATE RECORD PERIOD 1874 TO 2017


WEATHER ITEM   OBSERVED TIME   RECORD YEAR NORMAL DEPARTURE LAST
                VALUE   (LST)  VALUE       VALUE  FROM      YEAR
                                                  NORMAL
..................................................................
TEMPERATURE (F)
 TODAY
  MAXIMUM         66    317 PM  97    1963  83    -17       89
  MINIMUM         58    816 AM  46    1953  62     -4       67
  AVERAGE         62                        72    -10       78

PRECIPITATION (IN)
  TODAY            0.16          1.57 1908   0.13   0.03     0.02
  MONTH TO DATE    3.70                      3.32   0.38     3.21
  SINCE JUN 1      8.82                      7.11   1.71     5.52
  SINCE JAN 1     27.73                     21.89   5.84    16.28

DEGREE DAYS
 HEATING
  TODAY            3                         0      3        0
  MONTH TO DATE    3                         0      3        0
  SINCE JUN 1     54                        52      2       38
  SINCE JUL 1      3                         0      3        0

 COOLING
  TODAY            0                         7     -7       13
  MONTH TO DATE  199                       172     27      226
  SINCE JUN 1    346                       290     56      369
  SINCE JAN 1    396                       320     76      444
..................................................................


WIND (MPH)
  HIGHEST WIND SPEED     8   HIGHEST WIND DIRECTION     S (180)
  HIGHEST GUST SPEED    11   HIGHEST GUST DIRECTION     S (180)
  AVERAGE WIND SPEED     2.6


SKY COVER
  AVERAGE SKY COVER 1.0



RELATIVE HUMIDITY (PERCENT)
 HIGHEST    90          1200 PM
 LOWEST     84          1000 AM
 AVERAGE    87

..........................................................


THE ALBANY NY CLIMATE NORMALS FOR TOMORROW
                         NORMAL    RECORD    YEAR
 MAXIMUM TEMPERATURE (F)   83        96      1963
 MINIMUM TEMPERATURE (F)   62        46      1976


SUNRISE AND SUNSET
JULY 25 2017..........SUNRISE   540 AM EDT   SUNSET   823 PM EDT
JULY 26 2017..........SUNRISE   541 AM EDT   SUNSET   822 PM EDT


-  INDICATES NEGATIVE NUMBERS.
R  INDICATES RECORD WAS SET OR TIED.
MM INDICATES DATA IS MISSING.
T  INDICATES TRACE AMOUNT.




$$
