000
CDUS41 KALY 282205
CLIALB


CLIMATE REPORT
NATIONAL WEATHER SERVICE ALBANY NY
505 PM EST SUN JAN 28 2018


...................................

...THE ALBANY NY CLIMATE SUMMARY FOR JANUARY 28 2018...
VALID TODAY AS OF 0400 PM LOCAL TIME.

CLIMATE NORMAL PERIOD 1981 TO 2010
CLIMATE RECORD PERIOD 1874 TO 2018


WEATHER ITEM   OBSERVED TIME   RECORD YEAR NORMAL DEPARTURE LAST
                VALUE   (LST)  VALUE       VALUE  FROM      YEAR
                                                  NORMAL
..................................................................
TEMPERATURE (F)
 TODAY
  MAXIMUM         49    305 PM  56    1916  31     18       37
  MINIMUM         40    550 AM -16    2005  15     25       30
  AVERAGE         45                        23     22       34

PRECIPITATION (IN)
  TODAY            T             1.00 2009   0.09  -0.09      T
  MONTH TO DATE    2.38                      2.35   0.03     3.07
  SINCE DEC 1      4.31                      5.28  -0.97     4.82
  SINCE JAN 1      2.38                      2.35   0.03     3.07

SNOWFALL (IN)
  TODAY            0.0           9.6  1897   0.5   -0.5       T
  MONTH TO DATE   12.7                      16.3   -3.6      2.9
  SINCE DEC 1     24.8                      30.0   -5.2     15.0
  SINCE JUL 1     24.8                      33.1   -8.3     17.3
  SNOW DEPTH       0

DEGREE DAYS
 HEATING
  TODAY           20                        42    -22       31
  MONTH TO DATE 1163                      1192    -29      941
  SINCE DEC 1   2402                      2323     79     2008
  SINCE JUL 1   3516                      3727   -211     3164

 COOLING
  TODAY            0                         0      0        0
  MONTH TO DATE    0                         0      0        0
  SINCE DEC 1      0                         0      0        0
  SINCE JAN 1      0                         0      0        0
..................................................................


WIND (MPH)
  HIGHEST WIND SPEED    13   HIGHEST WIND DIRECTION    NW (330)
  HIGHEST GUST SPEED    17   HIGHEST GUST DIRECTION    NW (310)
  AVERAGE WIND SPEED     5.7


SKY COVER
  AVERAGE SKY COVER 0.9



RELATIVE HUMIDITY (PERCENT)
 HIGHEST    73           600 AM
 LOWEST     42           300 PM
 AVERAGE    58

..........................................................


THE ALBANY NY CLIMATE NORMALS FOR TOMORROW
                         NORMAL    RECORD    YEAR
 MAXIMUM TEMPERATURE (F)   31        54      2002
 MINIMUM TEMPERATURE (F)   15       -10      1925


SUNRISE AND SUNSET
JANUARY 28 2018.......SUNRISE   714 AM EST   SUNSET   503 PM EST
JANUARY 29 2018.......SUNRISE   713 AM EST   SUNSET   504 PM EST


-  INDICATES NEGATIVE NUMBERS.
R  INDICATES RECORD WAS SET OR TIED.
MM INDICATES DATA IS MISSING.
T  INDICATES TRACE AMOUNT.




$$
