000
CDUS41 KALY 030624
CLIALB


CLIMATE REPORT
NATIONAL WEATHER SERVICE ALBANY NY
224 AM EDT SAT JUN 3 2017


...................................

...THE ALBANY NY CLIMATE SUMMARY FOR JUNE 2 2017...

CLIMATE NORMAL PERIOD 1981 TO 2010
CLIMATE RECORD PERIOD 1874 TO 2017


WEATHER ITEM   OBSERVED TIME   RECORD YEAR NORMAL DEPARTURE LAST
                VALUE   (LST)  VALUE       VALUE  FROM      YEAR
                                                  NORMAL
..................................................................
TEMPERATURE (F)
 YESTERDAY
  MAXIMUM         67    443 PM  94    1895  74     -7       85
  MINIMUM         44    432 AM  39    1971  53     -9       64
  AVERAGE         56                        63     -7       75

PRECIPITATION (IN)
  YESTERDAY        0.00          1.45 1995   0.13  -0.13     0.00
  MONTH TO DATE    0.00                      0.26  -0.26     0.00
  SINCE JUN 1      0.00                      0.26  -0.26     0.00
  SINCE JAN 1     18.91                     15.04   3.87    10.76

DEGREE DAYS
 HEATING
  YESTERDAY        9                         4      5        0
  MONTH TO DATE   11                         8      3        0
  SINCE JUN 1     11                         8      3        0
  SINCE JUL 1   5828                      6636   -808     5416

 COOLING
  YESTERDAY        0                         2     -2       10
  MONTH TO DATE    0                         4     -4       16
  SINCE JUN 1      0                         4     -4       16
  SINCE JAN 1     50                        34     16       91
..................................................................


WIND (MPH)
  HIGHEST WIND SPEED    24   HIGHEST WIND DIRECTION     W (280)
  HIGHEST GUST SPEED    35   HIGHEST GUST DIRECTION     W (270)
  AVERAGE WIND SPEED     7.6


SKY COVER
  AVERAGE SKY COVER 0.6



RELATIVE HUMIDITY (PERCENT)
 HIGHEST    83
 LOWEST     37
 AVERAGE    60

..........................................................


THE ALBANY NY CLIMATE NORMALS FOR TODAY
                         NORMAL    RECORD    YEAR
 MAXIMUM TEMPERATURE (F)   75        97      1925
 MINIMUM TEMPERATURE (F)   53        36      1964


SUNRISE AND SUNSET
JUNE  3 2017..........SUNRISE   519 AM EDT   SUNSET   828 PM EDT
JUNE  4 2017..........SUNRISE   518 AM EDT   SUNSET   829 PM EDT


-  INDICATES NEGATIVE NUMBERS.
R  INDICATES RECORD WAS SET OR TIED.
MM INDICATES DATA IS MISSING.
T  INDICATES TRACE AMOUNT.




$$
