000
CDUS41 KALY 072159
CLIALB


CLIMATE REPORT
NATIONAL WEATHER SERVICE ALBANY NY
459 PM EST FRI NOV 7 2014


...................................

...THE ALBANY NY CLIMATE SUMMARY FOR NOVEMBER 7 2014...
VALID TODAY AS OF 0400 PM LOCAL TIME.

CLIMATE NORMAL PERIOD 1981 TO 2010
CLIMATE RECORD PERIOD 1874 TO 2014


WEATHER ITEM   OBSERVED TIME   RECORD YEAR NORMAL DEPARTURE LAST
                VALUE   (LST)  VALUE       VALUE  FROM      YEAR
                                                  NORMAL
..................................................................
TEMPERATURE (F)
 TODAY
  MAXIMUM         48    148 PM  75    1938  51     -3       57
  MINIMUM         40    754 AM  18    1962  34      6       40
  AVERAGE         44                        43      1       49

PRECIPITATION (IN)
  TODAY            0.14          1.19 1968   0.11   0.03     0.21
  MONTH TO DATE    0.36                      0.79  -0.43     0.34
  SINCE SEP 1      5.47                      7.77  -2.30     7.44
  SINCE JAN 1     32.25                     33.92  -1.67    38.95

SNOWFALL (IN)
  TODAY           MM             4.5  1886   0.1   MM        0.0
  MONTH TO DATE    0.0                       0.3   -0.3      0.0
  SINCE SEP 1      0.0                       0.3   -0.3      0.0
  SINCE JUL 1      0.0                       0.3   -0.3      0.0
  SNOW DEPTH       0

DEGREE DAYS
 HEATING
  TODAY           21                        22     -1       16
  MONTH TO DATE  137                       151    -14      143
  SINCE SEP 1    609                       773   -164      684
  SINCE JUL 1    617                       796   -179      690

 COOLING
  TODAY            0                         0      0        0
  MONTH TO DATE    0                         0      0        0
  SINCE SEP 1     92                        55     37       65
  SINCE JAN 1    659                       598     61      763
..................................................................


WIND (MPH)
  HIGHEST WIND SPEED    23   HIGHEST WIND DIRECTION     W (290)
  HIGHEST GUST SPEED    30   HIGHEST GUST DIRECTION    NW (310)
  AVERAGE WIND SPEED    12.0


SKY COVER
  AVERAGE SKY COVER 1.0



RELATIVE HUMIDITY (PERCENT)
 HIGHEST    92           700 AM
 LOWEST     50           100 PM
 AVERAGE    71

..........................................................


THE ALBANY NY CLIMATE NORMALS FOR TOMORROW
                         NORMAL    RECORD    YEAR
 MAXIMUM TEMPERATURE (F)   51        75      1975
 MINIMUM TEMPERATURE (F)   34        18      1971


SUNRISE AND SUNSET
NOVEMBER  7 2014......SUNRISE   637 AM EST   SUNSET   440 PM EST
NOVEMBER  8 2014......SUNRISE   638 AM EST   SUNSET   439 PM EST


-  INDICATES NEGATIVE NUMBERS.
R  INDICATES RECORD WAS SET OR TIED.
MM INDICATES DATA IS MISSING.
T  INDICATES TRACE AMOUNT.




$$
