000
CDUS41 KALY 152148
CLIALB


CLIMATE REPORT
NATIONAL WEATHER SERVICE ALBANY NY
448 PM EST SAT NOV 15 2014


...................................

...THE ALBANY NY CLIMATE SUMMARY FOR NOVEMBER 15 2014...
VALID TODAY AS OF 0400 PM LOCAL TIME.

CLIMATE NORMAL PERIOD 1981 TO 2010
CLIMATE RECORD PERIOD 1874 TO 2014


WEATHER ITEM   OBSERVED TIME   RECORD YEAR NORMAL DEPARTURE LAST
                VALUE   (LST)  VALUE       VALUE  FROM      YEAR
                                                  NORMAL
..................................................................
TEMPERATURE (F)
 TODAY
  MAXIMUM         39    234 PM  74    1993  48     -9       56
  MINIMUM         24    443 AM  14    1939  32     -8       32
  AVERAGE         32                        40     -8       44

PRECIPITATION (IN)
  TODAY            0.00          1.48 2007   0.11  -0.11     0.00
  MONTH TO DATE    0.42                      1.64  -1.22     0.39
  SINCE SEP 1      5.53                      8.62  -3.09     7.49
  SINCE JAN 1     32.31                     34.77  -2.46    39.00

SNOWFALL (IN)
  TODAY            0.0           4.8  1906   0.0    0.0      0.0
  MONTH TO DATE    0.1                       0.7   -0.6       T
  SINCE SEP 1      0.1                       0.7   -0.6       T
  SINCE JUL 1      0.1                       0.7   -0.6       T
  SNOW DEPTH       0

DEGREE DAYS
 HEATING
  TODAY           33                        25      8       21
  MONTH TO DATE  332                       342    -10      354
  SINCE SEP 1    804                       964   -160      895
  SINCE JUL 1    812                       987   -175      901

 COOLING
  TODAY            0                         0      0        0
  MONTH TO DATE    0                         0      0        0
  SINCE SEP 1     92                        55     37       65
  SINCE JAN 1    659                       598     61      763
..................................................................


WIND (MPH)
  HIGHEST WIND SPEED    18   HIGHEST WIND DIRECTION    NW (330)
  HIGHEST GUST SPEED    24   HIGHEST GUST DIRECTION     W (280)
  AVERAGE WIND SPEED    10.0


SKY COVER
  AVERAGE SKY COVER 0.3



RELATIVE HUMIDITY (PERCENT)
 HIGHEST    75          1200 AM
 LOWEST     40           100 PM
 AVERAGE    58

..........................................................


THE ALBANY NY CLIMATE NORMALS FOR TOMORROW
                         NORMAL    RECORD    YEAR
 MAXIMUM TEMPERATURE (F)   48        71      2006
 MINIMUM TEMPERATURE (F)   32         7      1972


SUNRISE AND SUNSET
NOVEMBER 15 2014......SUNRISE   647 AM EST   SUNSET   432 PM EST
NOVEMBER 16 2014......SUNRISE   648 AM EST   SUNSET   431 PM EST


-  INDICATES NEGATIVE NUMBERS.
R  INDICATES RECORD WAS SET OR TIED.
MM INDICATES DATA IS MISSING.
T  INDICATES TRACE AMOUNT.




$$
