167
CDUS41 KALY 150624
CLIALB


CLIMATE REPORT
NATIONAL WEATHER SERVICE ALBANY NY
223 AM EDT MON MAY 15 2017


...................................

...THE ALBANY NY CLIMATE SUMMARY FOR MAY 14 2017...

CLIMATE NORMAL PERIOD 1981 TO 2010
CLIMATE RECORD PERIOD 1874 TO 2017


WEATHER ITEM   OBSERVED TIME   RECORD YEAR NORMAL DEPARTURE LAST
                VALUE   (LST)  VALUE       VALUE  FROM      YEAR
                                                  NORMAL
..................................................................
TEMPERATURE (F)
 YESTERDAY
  MAXIMUM         60    239 PM  93    1900  69     -9       73
  MINIMUM         44    545 AM  30    1996  46     -2       46
  AVERAGE         52                        58     -6       60

PRECIPITATION (IN)
  YESTERDAY        0.06          1.54 1937   0.11  -0.05     0.09
  MONTH TO DATE    3.49                      1.52   1.97     1.79
  SINCE MAR 1     10.44                      7.90   2.54     4.81
  SINCE JAN 1     16.42                     12.69   3.73    10.12

SNOWFALL (IN)
  YESTERDAY       MM             0.0    MM   0.0   MM        0.0
  MONTH TO DATE    T                         0.1   -0.1      0.0
  SINCE MAR 1     19.6                      13.4    6.2      6.6
  SINCE JUL 1     60.8                      60.3    0.5     16.9
  SNOW DEPTH       0

DEGREE DAYS
 HEATING
  YESTERDAY       13                         8      5        5
  MONTH TO DATE  187                       136     51      154
  SINCE MAR 1   1585                      1585      0     1405
  SINCE JUL 1   5748                      6529   -781     5334

 COOLING
  YESTERDAY        0                         1     -1        0
  MONTH TO DATE    0                         3     -3        0
  SINCE MAR 1     22                         7     15        2
  SINCE JAN 1     22                         7     15        2
..................................................................


WIND (MPH)
  HIGHEST WIND SPEED    20   HIGHEST WIND DIRECTION     W (290)
  HIGHEST GUST SPEED    25   HIGHEST GUST DIRECTION    NW (300)
  AVERAGE WIND SPEED     7.9


SKY COVER
  AVERAGE SKY COVER 0.9



RELATIVE HUMIDITY (PERCENT)
 HIGHEST    92
 LOWEST     57
 AVERAGE    75

..........................................................


THE ALBANY NY CLIMATE NORMALS FOR TODAY
                         NORMAL    RECORD    YEAR
 MAXIMUM TEMPERATURE (F)   69        93      1900
 MINIMUM TEMPERATURE (F)   47        31      1977


SUNRISE AND SUNSET
MAY 15 2017...........SUNRISE   532 AM EDT   SUNSET   811 PM EDT
MAY 16 2017...........SUNRISE   531 AM EDT   SUNSET   812 PM EDT


-  INDICATES NEGATIVE NUMBERS.
R  INDICATES RECORD WAS SET OR TIED.
MM INDICATES DATA IS MISSING.
T  INDICATES TRACE AMOUNT.




$$
