567
CDUS41 KALY 130626
CLIALB


CLIMATE REPORT
NATIONAL WEATHER SERVICE ALBANY NY
126 AM EST MON FEB 13 2017


...................................

...THE ALBANY NY CLIMATE SUMMARY FOR FEBRUARY 12 2017...

CLIMATE NORMAL PERIOD 1981 TO 2010
CLIMATE RECORD PERIOD 1874 TO 2017


WEATHER ITEM   OBSERVED TIME   RECORD YEAR NORMAL DEPARTURE LAST
                VALUE   (LST)  VALUE       VALUE  FROM      YEAR
                                                  NORMAL
..................................................................
TEMPERATURE (F)
 YESTERDAY
  MAXIMUM         31   1139 PM  55    1932  34     -3       24
  MINIMUM         23    918 AM -16    1979  17      6        3
  AVERAGE         27                        25      2       14

PRECIPITATION (IN)
  YESTERDAY        0.70          1.29 1988   0.07   0.63      T
  MONTH TO DATE    2.13                      0.92   1.21     0.51
  SINCE DEC 1      7.01                      6.44   0.57     5.42
  SINCE JAN 1      5.26                      3.51   1.75     1.75

SNOWFALL (IN)
  YESTERDAY        7.6          13.5  1988   0.4    7.2       T
  MONTH TO DATE   22.2                       5.5   16.7      3.0
  SINCE DEC 1     38.9                      37.1    1.8      8.5
  SINCE JUL 1     41.2                      40.2    1.0      8.5
  SNOW DEPTH       7

DEGREE DAYS
 HEATING
  YESTERDAY       38                        40     -2       51
  MONTH TO DATE  459                       490    -31      386
  SINCE DEC 1   2586                      2937   -351     2244
  SINCE JUL 1   3742                      4341   -599     3327

 COOLING
  YESTERDAY        0                         0      0        0
  MONTH TO DATE    0                         0      0        0
  SINCE DEC 1      0                         0      0        0
  SINCE JAN 1      0                         0      0        0
..................................................................


WIND (MPH)
  HIGHEST WIND SPEED     8   HIGHEST WIND DIRECTION     S (190)
  HIGHEST GUST SPEED    13   HIGHEST GUST DIRECTION     S (190)
  AVERAGE WIND SPEED     3.3


SKY COVER
  AVERAGE SKY COVER 1.0



RELATIVE HUMIDITY (PERCENT)
 HIGHEST    92
 LOWEST     68
 AVERAGE    80

..........................................................


THE ALBANY NY CLIMATE NORMALS FOR TODAY
                         NORMAL    RECORD    YEAR
 MAXIMUM TEMPERATURE (F)   34        58      1900
 MINIMUM TEMPERATURE (F)   17       -18      1875


SUNRISE AND SUNSET
FEBRUARY 13 2017......SUNRISE   655 AM EST   SUNSET   525 PM EST
FEBRUARY 14 2017......SUNRISE   653 AM EST   SUNSET   526 PM EST


-  INDICATES NEGATIVE NUMBERS.
R  INDICATES RECORD WAS SET OR TIED.
MM INDICATES DATA IS MISSING.
T  INDICATES TRACE AMOUNT.




$$
