000
CDUS41 KALY 190625
CLIALB


CLIMATE REPORT
NATIONAL WEATHER SERVICE ALBANY NY
225 AM EDT TUE AUG 19 2014


...................................

...THE ALBANY NY CLIMATE SUMMARY FOR AUGUST 18 2014...

CLIMATE NORMAL PERIOD 1981 TO 2010
CLIMATE RECORD PERIOD 1874 TO 2014


WEATHER ITEM   OBSERVED TIME   RECORD YEAR NORMAL DEPARTURE LAST
                VALUE   (LST)  VALUE       VALUE  FROM      YEAR
                                                  NORMAL
..................................................................
TEMPERATURE (F)
 YESTERDAY
  MAXIMUM         76    341 PM  95    1913  80     -4       74
  MINIMUM         56    422 AM  40    1981  60     -4       58
  AVERAGE         66                        70     -4       66

PRECIPITATION (IN)
  YESTERDAY        0.00          1.74 1875   0.11  -0.11     0.00
  MONTH TO DATE    0.83                      2.14  -1.31     2.00
  SINCE JUN 1     12.47                     10.05   2.42    16.07
  SINCE JAN 1     26.03                     24.83   1.20    30.81

DEGREE DAYS
 HEATING
  YESTERDAY        0                         1     -1        0
  MONTH TO DATE    6                         1      5        4
  SINCE JUN 1     18                        58    -40       61
  SINCE JUL 1      6                         6      0        6

 COOLING
  YESTERDAY        1                         6     -5        1
  MONTH TO DATE   85                       117    -32       63
  SINCE JUN 1    470                       453     17      557
  SINCE JAN 1    505                       483     22      606
..................................................................


WIND (MPH)
  HIGHEST WIND SPEED    15   HIGHEST WIND DIRECTION    NW (330)
  HIGHEST GUST SPEED    19   HIGHEST GUST DIRECTION    NW (330)
  AVERAGE WIND SPEED     6.3


SKY COVER
  AVERAGE SKY COVER 0.6



RELATIVE HUMIDITY (PERCENT)
 HIGHEST    87
 LOWEST     41
 AVERAGE    64

..........................................................


THE ALBANY NY CLIMATE NORMALS FOR TODAY
                         NORMAL    RECORD    YEAR
 MAXIMUM TEMPERATURE (F)   80        92      1892
 MINIMUM TEMPERATURE (F)   60        43      1973


SUNRISE AND SUNSET
AUGUST 19 2014........SUNRISE   606 AM EDT   SUNSET   751 PM EDT
AUGUST 20 2014........SUNRISE   607 AM EDT   SUNSET   749 PM EDT


-  INDICATES NEGATIVE NUMBERS.
R  INDICATES RECORD WAS SET OR TIED.
MM INDICATES DATA IS MISSING.
T  INDICATES TRACE AMOUNT.




$$
