000
CDUS41 KALY 140622
CLIALB


CLIMATE REPORT
NATIONAL WEATHER SERVICE ALBANY NY
221 AM EDT THU MAY 14 2015


...................................

...THE ALBANY NY CLIMATE SUMMARY FOR MAY 13 2015...

CLIMATE NORMAL PERIOD 1981 TO 2010
CLIMATE RECORD PERIOD 1874 TO 2015


WEATHER ITEM   OBSERVED TIME   RECORD YEAR NORMAL DEPARTURE LAST
                VALUE   (LST)  VALUE       VALUE  FROM      YEAR
                                                  NORMAL
..................................................................
TEMPERATURE (F)
 YESTERDAY
  MAXIMUM         64    416 PM  86    2004  69     -5       74
                                      1991
  MINIMUM         47   1038 PM  30    2005  46      1       58
                                      1976
  AVERAGE         56                        57     -1       66

PRECIPITATION (IN)
  YESTERDAY        T             1.80 1897   0.11  -0.11      T
  MONTH TO DATE    0.01                      1.41  -1.40     0.51
  SINCE MAR 1      3.36                      7.79  -4.43     5.67
  SINCE JAN 1      7.68                     12.58  -4.90    11.46

SNOWFALL (IN)
  YESTERDAY        0.0           T    1953   0.0    0.0      0.0
  MONTH TO DATE    0.0                       0.1   -0.1      0.0
  SINCE MAR 1      5.3                      12.6   -7.3      8.3
  SINCE JUL 1     75.9                      59.1   16.8     73.5
  SNOW DEPTH       0

DEGREE DAYS
 HEATING
  YESTERDAY        9                         8      1        0
  MONTH TO DATE   25                       128   -103       94
  SINCE MAR 1   1621                      1577     44     1766
  SINCE JUL 1   6751                      6521    230     6883

 COOLING
  YESTERDAY        0                         1     -1        1
  MONTH TO DATE   54                         2     52       12
  SINCE MAR 1     54                         6     48       18
  SINCE JAN 1     54                         6     48       18
..................................................................


WIND (MPH)
  HIGHEST WIND SPEED    28   HIGHEST WIND DIRECTION    NW (310)
  HIGHEST GUST SPEED    36   HIGHEST GUST DIRECTION     W (290)
  AVERAGE WIND SPEED    13.7


SKY COVER
  AVERAGE SKY COVER 0.7



RELATIVE HUMIDITY (PERCENT)
 HIGHEST    66
 LOWEST     32
 AVERAGE    49

..........................................................


THE ALBANY NY CLIMATE NORMALS FOR TODAY
                         NORMAL    RECORD    YEAR
 MAXIMUM TEMPERATURE (F)   69        93      1900
 MINIMUM TEMPERATURE (F)   46        30      1996


SUNRISE AND SUNSET
MAY 14 2015...........SUNRISE   534 AM EDT   SUNSET   810 PM EDT
MAY 15 2015...........SUNRISE   533 AM EDT   SUNSET   811 PM EDT


-  INDICATES NEGATIVE NUMBERS.
R  INDICATES RECORD WAS SET OR TIED.
MM INDICATES DATA IS MISSING.
T  INDICATES TRACE AMOUNT.




$$
