000
CDUS41 KALY 150624
CLIALB


CLIMATE REPORT
NATIONAL WEATHER SERVICE ALBANY NY
224 AM EDT FRI APR 15 2016


...................................

...THE ALBANY NY CLIMATE SUMMARY FOR APRIL 14 2016...

CLIMATE NORMAL PERIOD 1981 TO 2010
CLIMATE RECORD PERIOD 1874 TO 2016


WEATHER ITEM   OBSERVED TIME   RECORD YEAR NORMAL DEPARTURE LAST
                VALUE   (LST)  VALUE       VALUE  FROM      YEAR
                                                  NORMAL
..................................................................
TEMPERATURE (F)
 YESTERDAY
  MAXIMUM         58    415 PM  83    1968  58      0       66
  MINIMUM         31    521 AM  19    1973  37     -6       48
  AVERAGE         45                        47     -2       57

PRECIPITATION (IN)
  YESTERDAY        0.00          1.20 1948   0.11  -0.11      T
  MONTH TO DATE    1.30                      1.52  -0.22     1.05
  SINCE MAR 1      2.48                      4.73  -2.25     2.30
  SINCE JAN 1      7.79                      9.52  -1.73     6.62

SNOWFALL (IN)
  YESTERDAY        0.0           1.4  1950   0.1   -0.1      0.0
  MONTH TO DATE    6.4                       1.6    4.8       T
  SINCE MAR 1      6.6                      12.6   -6.0      5.3
  SINCE JUL 1     16.9                      59.5  -42.6     75.9
  SNOW DEPTH       0

DEGREE DAYS
 HEATING
  YESTERDAY       20                        18      2        8
  MONTH TO DATE  360                       287     73      286
  SINCE MAR 1   1042                      1216   -174     1371
  SINCE JUL 1   4971                      6160  -1189     6501

 COOLING
  YESTERDAY        0                         0      0        0
  MONTH TO DATE    0                         0      0        0
  SINCE MAR 1      0                         0      0        0
  SINCE JAN 1      0                         0      0        0
..................................................................


WIND (MPH)
  HIGHEST WIND SPEED    15   HIGHEST WIND DIRECTION    NE (30)
  HIGHEST GUST SPEED    22   HIGHEST GUST DIRECTION     N (340)
  AVERAGE WIND SPEED     7.1


SKY COVER
  AVERAGE SKY COVER 0.1



RELATIVE HUMIDITY (PERCENT)
 HIGHEST    64
 LOWEST     15
 AVERAGE    40

..........................................................


THE ALBANY NY CLIMATE NORMALS FOR TODAY
                         NORMAL    RECORD    YEAR
 MAXIMUM TEMPERATURE (F)   58        86      2003
 MINIMUM TEMPERATURE (F)   37        21      1940


SUNRISE AND SUNSET
APRIL 15 2016.........SUNRISE   613 AM EDT   SUNSET   738 PM EDT
APRIL 16 2016.........SUNRISE   611 AM EDT   SUNSET   739 PM EDT


-  INDICATES NEGATIVE NUMBERS.
R  INDICATES RECORD WAS SET OR TIED.
MM INDICATES DATA IS MISSING.
T  INDICATES TRACE AMOUNT.




$$
