000
CDUS41 KALY 160628
CLIALB


CLIMATE REPORT
NATIONAL WEATHER SERVICE ALBANY NY
126 AM EST MON FEB 16 2015


...................................

...THE ALBANY NY CLIMATE SUMMARY FOR FEBRUARY 15 2015...

CLIMATE NORMAL PERIOD 1981 TO 2010
CLIMATE RECORD PERIOD 1874 TO 2015


WEATHER ITEM   OBSERVED TIME   RECORD YEAR NORMAL DEPARTURE LAST
                VALUE   (LST)  VALUE       VALUE  FROM      YEAR
                                                  NORMAL
..................................................................
TEMPERATURE (F)
 YESTERDAY
  MAXIMUM         17    152 AM  55    2006  35    -18       33
  MINIMUM         -5   1157 PM -22    1943  17    -22       22
  AVERAGE          6                        26    -20       28

PRECIPITATION (IN)
  YESTERDAY        0.15          1.60 1990   0.07   0.08     0.05
  MONTH TO DATE    2.03                      1.15   0.88     2.48
  SINCE DEC 1      9.57                      6.67   2.90     8.17
  SINCE JAN 1      4.20                      3.74   0.46     4.79

SNOWFALL (IN)
  YESTERDAY        4.6           9.0  1894   0.4    4.2      0.4
  MONTH TO DATE   28.8                       6.9   21.9     25.7
  SINCE DEC 1     56.5                      38.2   18.3     60.7
  SINCE JUL 1     68.8                      41.0   27.8     62.8
  SNOW DEPTH      17

DEGREE DAYS
 HEATING
  YESTERDAY       59                        39     20       37
  MONTH TO DATE  766                       608    158      669
  SINCE DEC 1   3162                      3055    107     3216
  SINCE JUL 1   4437                      4459    -22     4586

 COOLING
  YESTERDAY        0                         0      0        0
  MONTH TO DATE    0                         0      0        0
  SINCE DEC 1      0                         0      0        0
  SINCE JAN 1      0                         0      0        0
..................................................................


WIND (MPH)
  HIGHEST WIND SPEED    36   HIGHEST WIND DIRECTION     W (280)
  HIGHEST GUST SPEED    46   HIGHEST GUST DIRECTION     W (280)
  AVERAGE WIND SPEED    17.9


SKY COVER
  AVERAGE SKY COVER 0.6



RELATIVE HUMIDITY (PERCENT)
 HIGHEST    80
 LOWEST     50
 AVERAGE    65

..........................................................


THE ALBANY NY CLIMATE NORMALS FOR TODAY
                         NORMAL    RECORD    YEAR
 MAXIMUM TEMPERATURE (F)   35        61      2006
 MINIMUM TEMPERATURE (F)   17       -20      1943


SUNRISE AND SUNSET
FEBRUARY 16 2015......SUNRISE   651 AM EST   SUNSET   528 PM EST
FEBRUARY 17 2015......SUNRISE   650 AM EST   SUNSET   529 PM EST


-  INDICATES NEGATIVE NUMBERS.
R  INDICATES RECORD WAS SET OR TIED.
MM INDICATES DATA IS MISSING.
T  INDICATES TRACE AMOUNT.




$$
