000
CDUS41 KALY 040632
CLIALB


CLIMATE REPORT
NATIONAL WEATHER SERVICE ALBANY NY
232 AM EDT THU MAY 4 2017


...................................

...THE ALBANY NY CLIMATE SUMMARY FOR MAY 3 2017...

CLIMATE NORMAL PERIOD 1981 TO 2010
CLIMATE RECORD PERIOD 1874 TO 2017


WEATHER ITEM   OBSERVED TIME   RECORD YEAR NORMAL DEPARTURE LAST
                VALUE   (LST)  VALUE       VALUE  FROM      YEAR
                                                  NORMAL
..................................................................
TEMPERATURE (F)
 YESTERDAY
  MAXIMUM         55    146 PM  89    2001  66    -11       55
                                      1913
  MINIMUM         43   1159 PM  29    1966  43      0       46
  AVERAGE         49                        54     -5       51

PRECIPITATION (IN)
  YESTERDAY        0.01          1.55 1936   0.11  -0.10     0.02
  MONTH TO DATE    1.05                      0.32   0.73     0.52
  SINCE MAR 1      8.00                      6.70   1.30     3.54
  SINCE JAN 1     13.98                     11.49   2.49     8.85

SNOWFALL (IN)
  YESTERDAY        0.0           T    1986   0.0    0.0      0.0
  MONTH TO DATE    0.0                       0.0    0.0      0.0
  SINCE MAR 1     19.6                      13.3    6.3      6.6
  SINCE JUL 1     60.8                      60.2    0.6     16.9
  SNOW DEPTH       0

DEGREE DAYS
 HEATING
  YESTERDAY       16                        11      5       14
  MONTH TO DATE   27                        34     -7       46
  SINCE MAR 1   1425                      1483    -58     1297
  SINCE JUL 1   5588                      6427   -839     5226

 COOLING
  YESTERDAY        0                         0      0        0
  MONTH TO DATE    0                         0      0        0
  SINCE MAR 1     22                         4     18        2
  SINCE JAN 1     22                         4     18        2
..................................................................


WIND (MPH)
  HIGHEST WIND SPEED    31   HIGHEST WIND DIRECTION     W (280)
  HIGHEST GUST SPEED    42   HIGHEST GUST DIRECTION     W (280)
  AVERAGE WIND SPEED    14.2


SKY COVER
  AVERAGE SKY COVER 0.6



RELATIVE HUMIDITY (PERCENT)
 HIGHEST    71
 LOWEST     44
 AVERAGE    58

..........................................................


THE ALBANY NY CLIMATE NORMALS FOR TODAY
                         NORMAL    RECORD    YEAR
 MAXIMUM TEMPERATURE (F)   66        91      1944
 MINIMUM TEMPERATURE (F)   44        28      1985


SUNRISE AND SUNSET
MAY  4 2017...........SUNRISE   545 AM EDT   SUNSET   759 PM EDT
MAY  5 2017...........SUNRISE   544 AM EDT   SUNSET   800 PM EDT


-  INDICATES NEGATIVE NUMBERS.
R  INDICATES RECORD WAS SET OR TIED.
MM INDICATES DATA IS MISSING.
T  INDICATES TRACE AMOUNT.




$$
