000
CDUS41 KALY 270622
CLIALB


CLIMATE REPORT
NATIONAL WEATHER SERVICE ALBANY NY
222 AM EDT WED SEP 27 2017


...................................

...THE ALBANY NY CLIMATE SUMMARY FOR SEPTEMBER 26 2017...

CLIMATE NORMAL PERIOD 1981 TO 2010
CLIMATE RECORD PERIOD 1874 TO 2017


WEATHER ITEM   OBSERVED TIME   RECORD YEAR NORMAL DEPARTURE LAST
                VALUE   (LST)  VALUE       VALUE  FROM      YEAR
                                                  NORMAL
..................................................................
TEMPERATURE (F)
 YESTERDAY
  MAXIMUM         90R   252 PM  89    2007  68     22       68
                                      1920
  MINIMUM         66    553 AM  29    1947  47     19       37
  AVERAGE         78                        58     20       53

PRECIPITATION (IN)
  YESTERDAY        0.00          2.18 1918   0.11  -0.11     0.03
  MONTH TO DATE    2.57                      2.82  -0.25     1.90
  SINCE SEP 1      2.57                      2.82  -0.25     1.90
  SINCE JAN 1     34.37                     28.97   5.40    25.35

DEGREE DAYS
 HEATING
  YESTERDAY        0                         8     -8       12
  MONTH TO DATE   65                       107    -42       44
  SINCE SEP 1     65                       107    -42       44
  SINCE JUL 1     84                       130    -46       45

 COOLING
  YESTERDAY       13                         1     12        0
  MONTH TO DATE  108                        50     58      108
  SINCE SEP 1    108                        50     58      108
  SINCE JAN 1    683                       593     90      896
..................................................................


WIND (MPH)
  HIGHEST WIND SPEED    10   HIGHEST WIND DIRECTION     S (170)
  HIGHEST GUST SPEED    15   HIGHEST GUST DIRECTION     S (170)
  AVERAGE WIND SPEED     1.0


SKY COVER
  AVERAGE SKY COVER 0.5



RELATIVE HUMIDITY (PERCENT)
 HIGHEST    93
 LOWEST     44
 AVERAGE    69

..........................................................


THE ALBANY NY CLIMATE NORMALS FOR TODAY
                         NORMAL    RECORD    YEAR
 MAXIMUM TEMPERATURE (F)   68        84      1920
                                             1998
 MINIMUM TEMPERATURE (F)   47        24      1947


SUNRISE AND SUNSET
SEPTEMBER 27 2017.....SUNRISE   648 AM EDT   SUNSET   643 PM EDT
SEPTEMBER 28 2017.....SUNRISE   649 AM EDT   SUNSET   641 PM EDT


-  INDICATES NEGATIVE NUMBERS.
R  INDICATES RECORD WAS SET OR TIED.
MM INDICATES DATA IS MISSING.
T  INDICATES TRACE AMOUNT.




$$
