201
CDUS41 KALY 090624
CLIALB


CLIMATE REPORT
NATIONAL WEATHER SERVICE ALBANY NY
223 AM EDT MON OCT 9 2017


...................................

...THE ALBANY NY CLIMATE SUMMARY FOR OCTOBER 8 2017...

CLIMATE NORMAL PERIOD 1981 TO 2010
CLIMATE RECORD PERIOD 1874 TO 2017


WEATHER ITEM   OBSERVED TIME   RECORD YEAR NORMAL DEPARTURE LAST
                VALUE   (LST)  VALUE       VALUE  FROM      YEAR
                                                  NORMAL
..................................................................
TEMPERATURE (F)
 YESTERDAY
  MAXIMUM         80R  1238 PM  79    2011  63     17       66
                                      1993
  MINIMUM         61   1100 PM  21    1964  42     19       52
  AVERAGE         71                        52     19       59

PRECIPITATION (IN)
  YESTERDAY        0.17          2.63 2005   0.12   0.05     0.03
  MONTH TO DATE    0.26                      0.95  -0.69     0.09
  SINCE SEP 1      2.99                      4.25  -1.26     2.27
  SINCE JAN 1     34.79                     30.40   4.39    25.72

SNOWFALL (IN)
  YESTERDAY        0.0           0.0    MM   0.0    0.0      0.0
  MONTH TO DATE    0.0                       0.1   -0.1      0.0
  SINCE SEP 1      0.0                       0.1   -0.1      0.0
  SINCE JUL 1      0.0                       0.1   -0.1      0.0
  SNOW DEPTH       0

DEGREE DAYS
 HEATING
  YESTERDAY        0                        13    -13        6
  MONTH TO DATE   44                        91    -47       43
  SINCE SEP 1    137                       235    -98      109
  SINCE JUL 1    156                       258   -102      110

 COOLING
  YESTERDAY        6                         0      6        0
  MONTH TO DATE    8                         0      8        0
  SINCE SEP 1    128                        51     77      108
  SINCE JAN 1    703                       594    109      896
..................................................................


WIND (MPH)
  HIGHEST WIND SPEED    20   HIGHEST WIND DIRECTION     S (180)
  HIGHEST GUST SPEED    27   HIGHEST GUST DIRECTION     S (180)
  AVERAGE WIND SPEED     9.1


SKY COVER
  AVERAGE SKY COVER 0.8



RELATIVE HUMIDITY (PERCENT)
 HIGHEST    97
 LOWEST     64
 AVERAGE    81

..........................................................


THE ALBANY NY CLIMATE NORMALS FOR TODAY
                         NORMAL    RECORD    YEAR
 MAXIMUM TEMPERATURE (F)   63        83      1949
 MINIMUM TEMPERATURE (F)   42        27      2001


SUNRISE AND SUNSET
OCTOBER  9 2017.......SUNRISE   702 AM EDT   SUNSET   622 PM EDT
OCTOBER 10 2017.......SUNRISE   703 AM EDT   SUNSET   621 PM EDT


-  INDICATES NEGATIVE NUMBERS.
R  INDICATES RECORD WAS SET OR TIED.
MM INDICATES DATA IS MISSING.
T  INDICATES TRACE AMOUNT.




$$
