273
CDUS41 KALY 150622
CLIALB


CLIMATE REPORT
NATIONAL WEATHER SERVICE ALBANY NY
222 AM EDT MON AUG 15 2016


...................................

...THE ALBANY NY CLIMATE SUMMARY FOR AUGUST 14 2016...

CLIMATE NORMAL PERIOD 1981 TO 2010
CLIMATE RECORD PERIOD 1874 TO 2016


WEATHER ITEM   OBSERVED TIME   RECORD YEAR NORMAL DEPARTURE LAST
                VALUE   (LST)  VALUE       VALUE  FROM      YEAR
                                                  NORMAL
..................................................................
TEMPERATURE (F)
 YESTERDAY
  MAXIMUM         90    110 PM  97    1988  81      9       87
  MINIMUM         72   1159 PM  44    1941  60     12       59
  AVERAGE         81                        71     10       73

PRECIPITATION (IN)
  YESTERDAY        0.04          1.21 1999   0.11  -0.07     0.22
  MONTH TO DATE    2.98                      1.70   1.28     2.58
  SINCE JUN 1     11.73                      9.61   2.12    12.70
  SINCE JAN 1     22.49                     24.39  -1.90    21.42

DEGREE DAYS
 HEATING
  YESTERDAY        0                         0      0        0
  MONTH TO DATE    0                         0      0        0
  SINCE JUN 1     38                        57    -19       52
  SINCE JUL 1      0                         5     -5        1

 COOLING
  YESTERDAY       16                         6     10        8
  MONTH TO DATE  152                        93     59      103
  SINCE JUN 1    580                       429    151      469
  SINCE JAN 1    655                       459    196      592
..................................................................


WIND (MPH)
  HIGHEST WIND SPEED    18   HIGHEST WIND DIRECTION    NW (310)
  HIGHEST GUST SPEED    23   HIGHEST GUST DIRECTION     W (290)
  AVERAGE WIND SPEED     7.7


SKY COVER
  AVERAGE SKY COVER 0.8



RELATIVE HUMIDITY (PERCENT)
 HIGHEST    93
 LOWEST     59
 AVERAGE    76

..........................................................


THE ALBANY NY CLIMATE NORMALS FOR TODAY
                         NORMAL    RECORD    YEAR
 MAXIMUM TEMPERATURE (F)   81        96      1959
 MINIMUM TEMPERATURE (F)   60        48      1964


SUNRISE AND SUNSET
AUGUST 15 2016........SUNRISE   602 AM EDT   SUNSET   756 PM EDT
AUGUST 16 2016........SUNRISE   603 AM EDT   SUNSET   755 PM EDT


-  INDICATES NEGATIVE NUMBERS.
R  INDICATES RECORD WAS SET OR TIED.
MM INDICATES DATA IS MISSING.
T  INDICATES TRACE AMOUNT.




$$
