000
CDUS41 KALY 140622
CLIALB


CLIMATE REPORT
NATIONAL WEATHER SERVICE ALBANY NY
221 AM EDT MON JUL 14 2014


...................................

...THE ALBANY NY CLIMATE SUMMARY FOR JULY 13 2014...

CLIMATE NORMAL PERIOD 1981 TO 2010
CLIMATE RECORD PERIOD 1874 TO 2014


WEATHER ITEM   OBSERVED TIME   RECORD YEAR NORMAL DEPARTURE LAST
                VALUE   (LST)  VALUE       VALUE  FROM      YEAR
                                                  NORMAL
..................................................................
TEMPERATURE (F)
 YESTERDAY
  MAXIMUM         79    107 PM  96    1894  83     -4       80
  MINIMUM         70    526 AM  45    1939  62      8       67
  AVERAGE         75                        72      3       74

PRECIPITATION (IN)
  YESTERDAY        0.10          3.49 1996   0.14  -0.04      T
  MONTH TO DATE    3.58                      1.71   1.87     3.91
  SINCE JUN 1      8.35                      5.50   2.85    12.59
  SINCE JAN 1     21.91                     20.28   1.63    27.33

DEGREE DAYS
 HEATING
  YESTERDAY        0                         0      0        0
  MONTH TO DATE    0                         0      0        0
  SINCE JUN 1     12                        52    -40       55
  SINCE JUL 1      0                         0      0        0

 COOLING
  YESTERDAY       10                         7      3        9
  MONTH TO DATE  115                        88     27      168
  SINCE JUN 1    263                       206     57      311
  SINCE JAN 1    298                       236     62      360
..................................................................


WIND (MPH)
  HIGHEST WIND SPEED    23   HIGHEST WIND DIRECTION     S (160)
  HIGHEST GUST SPEED    29   HIGHEST GUST DIRECTION     S (160)
  AVERAGE WIND SPEED    12.2


SKY COVER
  AVERAGE SKY COVER 0.8



RELATIVE HUMIDITY (PERCENT)
 HIGHEST    87
 LOWEST     61
 AVERAGE    74

..........................................................


THE ALBANY NY CLIMATE NORMALS FOR TODAY
                         NORMAL    RECORD    YEAR
 MAXIMUM TEMPERATURE (F)   83        99      1995
 MINIMUM TEMPERATURE (F)   62        49      1940


SUNRISE AND SUNSET
JULY 14 2014..........SUNRISE   530 AM EDT   SUNSET   832 PM EDT
JULY 15 2014..........SUNRISE   530 AM EDT   SUNSET   831 PM EDT


-  INDICATES NEGATIVE NUMBERS.
R  INDICATES RECORD WAS SET OR TIED.
MM INDICATES DATA IS MISSING.
T  INDICATES TRACE AMOUNT.




$$
