000
CDUS41 KALY 202041
CLIALB


CLIMATE REPORT
NATIONAL WEATHER SERVICE ALBANY NY
441 PM EDT SAT JUN 20 2015


...................................

...THE ALBANY NY CLIMATE SUMMARY FOR JUNE 20 2015...
VALID TODAY AS OF 0400 PM LOCAL TIME.

CLIMATE NORMAL PERIOD 1981 TO 2010
CLIMATE RECORD PERIOD 1874 TO 2015


WEATHER ITEM   OBSERVED TIME   RECORD YEAR NORMAL DEPARTURE LAST
                VALUE   (LST)  VALUE       VALUE  FROM      YEAR
                                                  NORMAL
..................................................................
TEMPERATURE (F)
 TODAY
  MAXIMUM         78    151 PM  97    1953  79     -1       78
  MINIMUM         49    424 AM  43    1918  58     -9       54
  AVERAGE         64                        69     -5       66

PRECIPITATION (IN)
  TODAY            0.00          2.29 1944   0.13  -0.13     0.00
  MONTH TO DATE    5.26                      2.58   2.68     3.13
  SINCE JUN 1      5.26                      2.58   2.68     3.13
  SINCE JAN 1     13.98                     17.36  -3.38    16.69

DEGREE DAYS
 HEATING
  TODAY            1                         1      0        0
  MONTH TO DATE   44                        45     -1       11
  SINCE JUN 1     44                        45     -1       11
  SINCE JUL 1   6866                      6673    193     6977

 COOLING
  TODAY            0                         5     -5        1
  MONTH TO DATE   63                        62      1       77
  SINCE JUN 1     63                        62      1       77
  SINCE JAN 1    186                        92     94      112
..................................................................


WIND (MPH)
  HIGHEST WIND SPEED    20   HIGHEST WIND DIRECTION     S (180)
  HIGHEST GUST SPEED    25   HIGHEST GUST DIRECTION     S (170)
  AVERAGE WIND SPEED     5.5


SKY COVER
  AVERAGE SKY COVER 0.7



RELATIVE HUMIDITY (PERCENT)
 HIGHEST    89           300 AM
 LOWEST     46          1100 AM
 AVERAGE    68

..........................................................


THE ALBANY NY CLIMATE NORMALS FOR TOMORROW
                         NORMAL    RECORD    YEAR
 MAXIMUM TEMPERATURE (F)   79        97      1938
 MINIMUM TEMPERATURE (F)   58        41      1970


SUNRISE AND SUNSET
JUNE 20 2015..........SUNRISE   517 AM EDT   SUNSET   837 PM EDT
JUNE 21 2015..........SUNRISE   517 AM EDT   SUNSET   837 PM EDT


-  INDICATES NEGATIVE NUMBERS.
R  INDICATES RECORD WAS SET OR TIED.
MM INDICATES DATA IS MISSING.
T  INDICATES TRACE AMOUNT.




$$
