000
CDUS41 KALY 120624
CLIALB


CLIMATE REPORT
NATIONAL WEATHER SERVICE ALBANY NY
224 AM EDT TUE MAY 12 2015


...................................

...THE ALBANY NY CLIMATE SUMMARY FOR MAY 11 2015...

CLIMATE NORMAL PERIOD 1981 TO 2010
CLIMATE RECORD PERIOD 1874 TO 2015


WEATHER ITEM   OBSERVED TIME   RECORD YEAR NORMAL DEPARTURE LAST
                VALUE   (LST)  VALUE       VALUE  FROM      YEAR
                                                  NORMAL
..................................................................
TEMPERATURE (F)
 YESTERDAY
  MAXIMUM         88    435 PM  90    1911  68     20       74
  MINIMUM         63    515 AM  29    2010  46     17       52
                                      1966
  AVERAGE         76                        57     19       63

PRECIPITATION (IN)
  YESTERDAY        0.00          1.16 1996   0.11  -0.11     0.00
  MONTH TO DATE    T                         1.19  -1.19     0.51
  SINCE MAR 1      3.35                      7.57  -4.22     5.67
  SINCE JAN 1      7.67                     12.36  -4.69    11.46

SNOWFALL (IN)
  YESTERDAY        0.0           0.5  1907   0.0    0.0      0.0
  MONTH TO DATE    0.0                       0.1   -0.1      0.0
  SINCE MAR 1      5.3                      12.6   -7.3      8.3
  SINCE JUL 1     75.9                      59.1   16.8     73.5
  SNOW DEPTH       0

DEGREE DAYS
 HEATING
  YESTERDAY        0                         9     -9        2
  MONTH TO DATE   16                       112    -96       94
  SINCE MAR 1   1612                      1561     51     1766
  SINCE JUL 1   6742                      6505    237     6883

 COOLING
  YESTERDAY       11                         0     11        0
  MONTH TO DATE   49                         0     49        7
  SINCE MAR 1     49                         4     45       13
  SINCE JAN 1     49                         4     45       13
..................................................................


WIND (MPH)
  HIGHEST WIND SPEED    23   HIGHEST WIND DIRECTION     S (180)
  HIGHEST GUST SPEED    31   HIGHEST GUST DIRECTION    SE (140)
  AVERAGE WIND SPEED     9.8


SKY COVER
  AVERAGE SKY COVER 0.5



RELATIVE HUMIDITY (PERCENT)
 HIGHEST    93
 LOWEST     40
 AVERAGE    67

..........................................................


THE ALBANY NY CLIMATE NORMALS FOR TODAY
                         NORMAL    RECORD    YEAR
 MAXIMUM TEMPERATURE (F)   68        91      1881
 MINIMUM TEMPERATURE (F)   46        29      1969


SUNRISE AND SUNSET
MAY 12 2015...........SUNRISE   536 AM EDT   SUNSET   808 PM EDT
MAY 13 2015...........SUNRISE   535 AM EDT   SUNSET   809 PM EDT


-  INDICATES NEGATIVE NUMBERS.
R  INDICATES RECORD WAS SET OR TIED.
MM INDICATES DATA IS MISSING.
T  INDICATES TRACE AMOUNT.




$$
