000
CDUS41 KALY 100640
CLIALB


CLIMATE REPORT
NATIONAL WEATHER SERVICE ALBANY NY
240 AM EDT FRI OCT 10 2014


...................................

...THE ALBANY NY CLIMATE SUMMARY FOR OCTOBER 9 2014...

CLIMATE NORMAL PERIOD 1981 TO 2010
CLIMATE RECORD PERIOD 1874 TO 2014


WEATHER ITEM   OBSERVED TIME   RECORD YEAR NORMAL DEPARTURE LAST
                VALUE   (LST)  VALUE       VALUE  FROM      YEAR
                                                  NORMAL
..................................................................
TEMPERATURE (F)
 YESTERDAY
  MAXIMUM         65    248 PM  83    1949  63      2       65
  MINIMUM         41   1148 PM  27    2001  42     -1       38
  AVERAGE         53                        52      1       52

PRECIPITATION (IN)
  YESTERDAY        0.00          3.09 1903   0.12  -0.12     0.00
  MONTH TO DATE    0.59                      1.07  -0.48     1.84
  SINCE SEP 1      1.48                      4.37  -2.89     6.65
  SINCE JAN 1     28.26                     30.52  -2.26    38.16

SNOWFALL (IN)
  YESTERDAY        0.0           T    1888   0.0    0.0      0.0
                                      2000
  MONTH TO DATE    0.0                       0.0    0.0      0.0
  SINCE SEP 1      0.0                       0.0    0.0      0.0
  SINCE JUL 1      0.0                       0.0    0.0      0.0
  SNOW DEPTH       0

DEGREE DAYS
 HEATING
  YESTERDAY       12                        13     -1       13
  MONTH TO DATE   58                       104    -46       51
  SINCE SEP 1    180                       248    -68      217
  SINCE JUL 1    188                       271    -83      223

 COOLING
  YESTERDAY        0                         0      0        0
  MONTH TO DATE    2                         0      2        0
  SINCE SEP 1     76                        51     25       65
  SINCE JAN 1    643                       594     49      763
..................................................................


WIND (MPH)
  HIGHEST WIND SPEED    21   HIGHEST WIND DIRECTION     W (280)
  HIGHEST GUST SPEED    27   HIGHEST GUST DIRECTION     W (290)
  AVERAGE WIND SPEED     7.5


SKY COVER
  AVERAGE SKY COVER 0.4



RELATIVE HUMIDITY (PERCENT)
 HIGHEST    76
 LOWEST     34
 AVERAGE    55

..........................................................


THE ALBANY NY CLIMATE NORMALS FOR TODAY
                         NORMAL    RECORD    YEAR
 MAXIMUM TEMPERATURE (F)   62        89      1939
 MINIMUM TEMPERATURE (F)   41        25      1980


SUNRISE AND SUNSET
OCTOBER 10 2014.......SUNRISE   703 AM EDT   SUNSET   621 PM EDT
OCTOBER 11 2014.......SUNRISE   704 AM EDT   SUNSET   619 PM EDT


-  INDICATES NEGATIVE NUMBERS.
R  INDICATES RECORD WAS SET OR TIED.
MM INDICATES DATA IS MISSING.
T  INDICATES TRACE AMOUNT.




$$
