000
CDUS41 KALY 172051
CLIALB


CLIMATE REPORT
NATIONAL WEATHER SERVICE ALBANY NY
450 PM EDT WED JUN 17 2015


...................................

...THE ALBANY NY CLIMATE SUMMARY FOR JUNE 17 2015...
VALID TODAY AS OF 0400 PM LOCAL TIME.

CLIMATE NORMAL PERIOD 1981 TO 2010
CLIMATE RECORD PERIOD 1874 TO 2015


WEATHER ITEM   OBSERVED TIME   RECORD YEAR NORMAL DEPARTURE LAST
                VALUE   (LST)  VALUE       VALUE  FROM      YEAR
                                                  NORMAL
..................................................................
TEMPERATURE (F)
 TODAY
  MAXIMUM         75    310 PM  94    1994  79     -4       90
  MINIMUM         61    451 AM  44    1954  57      4       64
  AVERAGE         68                        68      0       77

PRECIPITATION (IN)
  TODAY            0.00          1.87 1920   0.13  -0.13     0.22
  MONTH TO DATE    5.12                      2.20   2.92     3.05
  SINCE JUN 1      5.12                      2.20   2.92     3.05
  SINCE JAN 1     13.84                     16.98  -3.14    16.61

DEGREE DAYS
 HEATING
  TODAY            0                         1     -1        0
  MONTH TO DATE   43                        42      1       11
  SINCE JUN 1     43                        42      1       11
  SINCE JUL 1   6865                      6670    195     6977

 COOLING
  TODAY            3                         4     -1       12
  MONTH TO DATE   57                        49      8       61
  SINCE JUN 1     57                        49      8       61
  SINCE JAN 1    180                        79    101       96
..................................................................


WIND (MPH)
  HIGHEST WIND SPEED    18   HIGHEST WIND DIRECTION    NE (30)
  HIGHEST GUST SPEED    24   HIGHEST GUST DIRECTION     N (10)
  AVERAGE WIND SPEED     6.9


SKY COVER
  AVERAGE SKY COVER 0.7



RELATIVE HUMIDITY (PERCENT)
 HIGHEST    56           600 AM
 LOWEST     38           200 PM
 AVERAGE    47

..........................................................


THE ALBANY NY CLIMATE NORMALS FOR TOMORROW
                         NORMAL    RECORD    YEAR
 MAXIMUM TEMPERATURE (F)   79        97      1957
 MINIMUM TEMPERATURE (F)   57        39      1958


SUNRISE AND SUNSET
JUNE 17 2015..........SUNRISE   516 AM EDT   SUNSET   836 PM EDT
JUNE 18 2015..........SUNRISE   517 AM EDT   SUNSET   836 PM EDT


-  INDICATES NEGATIVE NUMBERS.
R  INDICATES RECORD WAS SET OR TIED.
MM INDICATES DATA IS MISSING.
T  INDICATES TRACE AMOUNT.




$$
