000
CDUS41 KALY 012151
CLIALB


CLIMATE REPORT
NATIONAL WEATHER SERVICE ALBANY NY
451 PM EST WED MAR 1 2017


...................................

...THE ALBANY NY CLIMATE SUMMARY FOR MARCH 1 2017...
VALID TODAY AS OF 0400 PM LOCAL TIME.

CLIMATE NORMAL PERIOD 1981 TO 2010
CLIMATE RECORD PERIOD 1874 TO 2017


WEATHER ITEM   OBSERVED TIME   RECORD YEAR NORMAL DEPARTURE LAST
                VALUE   (LST)  VALUE       VALUE  FROM      YEAR
                                                  NORMAL
..................................................................
TEMPERATURE (F)
 TODAY
  MAXIMUM         66R   120 PM  61    1991  39     27       38
  MINIMUM         53    532 AM  -9    1948  21     32       21
  AVERAGE         60                        30     30       30

PRECIPITATION (IN)
  TODAY            0.00          2.14 1900   0.09  -0.09      T
  MONTH TO DATE    0.00                      0.09  -0.09      T
  SINCE MAR 1      0.00                      0.09  -0.09      T
  SINCE JAN 1      5.98                      4.88   1.10     5.31

SNOWFALL (IN)
  TODAY           MM            10.7  2005   0.5   MM        0.0
  MONTH TO DATE   MM                         0.5   MM        0.0
  SINCE MAR 1     MM                         0.5   MM        0.0
  SINCE JUL 1     41.2                      47.4   -6.2     10.3
  SNOW DEPTH      MM

DEGREE DAYS
 HEATING
  TODAY            5                        35    -30       35
  MONTH TO DATE    5                        35    -30       35
  SINCE MAR 1      5                        35    -30       35
  SINCE JUL 1   4168                      4979   -811     3964

 COOLING
  TODAY            0                         0      0        0
  MONTH TO DATE    0                         0      0        0
  SINCE MAR 1      0                         0      0        0
  SINCE JAN 1      0                         0      0        0
..................................................................


WIND (MPH)
  HIGHEST WIND SPEED    25   HIGHEST WIND DIRECTION     S (180)
  HIGHEST GUST SPEED    34   HIGHEST GUST DIRECTION     S (180)
  AVERAGE WIND SPEED    15.4


SKY COVER
  AVERAGE SKY COVER 1.0



RELATIVE HUMIDITY (PERCENT)
 HIGHEST    89           700 AM
 LOWEST     67           100 PM
 AVERAGE    78

..........................................................


THE ALBANY NY CLIMATE NORMALS FOR TOMORROW
                         NORMAL    RECORD    YEAR
 MAXIMUM TEMPERATURE (F)   39        65      1991
 MINIMUM TEMPERATURE (F)   21        -4      1940


SUNRISE AND SUNSET
MARCH  1 2017.........SUNRISE   631 AM EST   SUNSET   545 PM EST
MARCH  2 2017.........SUNRISE   629 AM EST   SUNSET   546 PM EST


-  INDICATES NEGATIVE NUMBERS.
R  INDICATES RECORD WAS SET OR TIED.
MM INDICATES DATA IS MISSING.
T  INDICATES TRACE AMOUNT.




$$
