197
CDUS41 KALY 300629
CLIALB


CLIMATE REPORT
NATIONAL WEATHER SERVICE ALBANY NY
128 AM EST SAT JAN 30 2016


...................................

...THE ALBANY NY CLIMATE SUMMARY FOR JANUARY 29 2016...

CLIMATE NORMAL PERIOD 1981 TO 2010
CLIMATE RECORD PERIOD 1874 TO 2016


WEATHER ITEM   OBSERVED TIME   RECORD YEAR NORMAL DEPARTURE LAST
                VALUE   (LST)  VALUE       VALUE  FROM      YEAR
                                                  NORMAL
..................................................................
TEMPERATURE (F)
 YESTERDAY
  MAXIMUM         38    139 PM  54    2002  31      7       30
  MINIMUM         25   1159 PM -10    1925  15     10       -4
  AVERAGE         32                        23      9       13

PRECIPITATION (IN)
  YESTERDAY        T             1.09 1990   0.08  -0.08      T
  MONTH TO DATE    1.24                      2.43  -1.19     1.99
  SINCE DEC 1      4.91                      5.36  -0.45     7.36
  SINCE JAN 1      1.24                      2.43  -1.19     1.99

SNOWFALL (IN)
  YESTERDAY        T             8.3  1990   0.6   -0.6       T
  MONTH TO DATE    3.3                      16.9  -13.6     12.9
  SINCE DEC 1      5.5                      30.6  -25.1     25.1
  SINCE JUL 1      5.5                      33.7  -28.2     37.4
  SNOW DEPTH       0

DEGREE DAYS
 HEATING
  YESTERDAY       33                        42     -9       52
  MONTH TO DATE 1095                      1234   -139     1294
  SINCE DEC 1   1805                      2365   -560     2292
  SINCE JUL 1   2888                      3769   -881     3567

 COOLING
  YESTERDAY        0                         0      0        0
  MONTH TO DATE    0                         0      0        0
  SINCE DEC 1      0                         0      0        0
  SINCE JAN 1      0                         0      0        0
..................................................................


WIND (MPH)
  HIGHEST WIND SPEED    30   HIGHEST WIND DIRECTION     W (280)
  HIGHEST GUST SPEED    41   HIGHEST GUST DIRECTION    NW (300)
  AVERAGE WIND SPEED    10.0


SKY COVER
  AVERAGE SKY COVER 0.9



RELATIVE HUMIDITY (PERCENT)
 HIGHEST    69
 LOWEST     47
 AVERAGE    58

..........................................................


THE ALBANY NY CLIMATE NORMALS FOR TODAY
                         NORMAL    RECORD    YEAR
 MAXIMUM TEMPERATURE (F)   31        56      2013
 MINIMUM TEMPERATURE (F)   15       -12      1965


SUNRISE AND SUNSET
JANUARY 30 2016.......SUNRISE   712 AM EST   SUNSET   505 PM EST
JANUARY 31 2016.......SUNRISE   711 AM EST   SUNSET   506 PM EST


-  INDICATES NEGATIVE NUMBERS.
R  INDICATES RECORD WAS SET OR TIED.
MM INDICATES DATA IS MISSING.
T  INDICATES TRACE AMOUNT.




$$
