000
CDUS41 KALY 040626
CLIALB


CLIMATE REPORT
NATIONAL WEATHER SERVICE ALBANY NY
125 AM EST THU DEC 4 2014


...................................

...THE ALBANY NY CLIMATE SUMMARY FOR DECEMBER 3 2014...

CLIMATE NORMAL PERIOD 1981 TO 2010
CLIMATE RECORD PERIOD 1874 TO 2014


WEATHER ITEM   OBSERVED TIME   RECORD YEAR NORMAL DEPARTURE LAST
                VALUE   (LST)  VALUE       VALUE  FROM      YEAR
                                                  NORMAL
..................................................................
TEMPERATURE (F)
 YESTERDAY
  MAXIMUM         44    457 PM  63    2009  41      3       43
  MINIMUM         33    110 AM  -1    1976  26      7       25
  AVERAGE         39                        33      6       34

PRECIPITATION (IN)
  YESTERDAY        0.12          1.24 1991   0.11   0.01     0.00
  MONTH TO DATE    0.19                      0.32  -0.13      T
  SINCE DEC 1      0.19                      0.32  -0.13      T
  SINCE JAN 1     34.52                     36.74  -2.22    40.45

SNOWFALL (IN)
  YESTERDAY        0.0           5.2  1893   0.3   -0.3      0.0
  MONTH TO DATE    0.1                       0.9   -0.8       T
  SINCE DEC 1      0.1                       0.9   -0.8       T
  SINCE JUL 1     12.4                       3.7    8.7      2.1
  SNOW DEPTH       0

DEGREE DAYS
 HEATING
  YESTERDAY       26                        32     -6       31
  MONTH TO DATE   85                        94     -9       95
  SINCE DEC 1     85                        94     -9       95
  SINCE JUL 1   1360                      1498   -138     1465

 COOLING
  YESTERDAY        0                         0      0        0
  MONTH TO DATE    0                         0      0        0
  SINCE DEC 1      0                         0      0        0
  SINCE JAN 1    659                       598     61      763
..................................................................


WIND (MPH)
  HIGHEST WIND SPEED    28   HIGHEST WIND DIRECTION    NW (300)
  HIGHEST GUST SPEED    40   HIGHEST GUST DIRECTION     W (290)
  AVERAGE WIND SPEED    10.4


SKY COVER
  AVERAGE SKY COVER 0.8



RELATIVE HUMIDITY (PERCENT)
 HIGHEST    92
 LOWEST     56
 AVERAGE    74

..........................................................


THE ALBANY NY CLIMATE NORMALS FOR TODAY
                         NORMAL    RECORD    YEAR
 MAXIMUM TEMPERATURE (F)   40        63      1998
 MINIMUM TEMPERATURE (F)   26        -9      1940


SUNRISE AND SUNSET
DECEMBER  4 2014......SUNRISE   709 AM EST   SUNSET   422 PM EST
DECEMBER  5 2014......SUNRISE   710 AM EST   SUNSET   421 PM EST


-  INDICATES NEGATIVE NUMBERS.
R  INDICATES RECORD WAS SET OR TIED.
MM INDICATES DATA IS MISSING.
T  INDICATES TRACE AMOUNT.




$$
