000
CDUS41 KALY 210636
CLIALB


CLIMATE REPORT
NATIONAL WEATHER SERVICE ALBANY NY
134 AM EST TUE FEB 21 2017


...................................

...THE ALBANY NY CLIMATE SUMMARY FOR FEBRUARY 20 2017...

CLIMATE NORMAL PERIOD 1981 TO 2010
CLIMATE RECORD PERIOD 1874 TO 2017


WEATHER ITEM   OBSERVED TIME   RECORD YEAR NORMAL DEPARTURE LAST
                VALUE   (LST)  VALUE       VALUE  FROM      YEAR
                                                  NORMAL
..................................................................
TEMPERATURE (F)
 YESTERDAY
  MAXIMUM         43    205 PM  66    1930  36      7       62
  MINIMUM         26   1156 PM -16    1966  18      8       35
  AVERAGE         35                        27      8       49

PRECIPITATION (IN)
  YESTERDAY        0.00          1.02 1934   0.08  -0.08     0.06
  MONTH TO DATE    2.14                      1.53   0.61     1.53
  SINCE DEC 1      7.02                      7.05  -0.03     6.44
  SINCE JAN 1      5.27                      4.12   1.15     2.77

SNOWFALL (IN)
  YESTERDAY        0.0          11.2  1977   0.4   -0.4       T
  MONTH TO DATE   22.2                       8.9   13.3      4.5
  SINCE DEC 1     38.9                      40.5   -1.6     10.0
  SINCE JUL 1     41.2                      43.6   -2.4     10.0
  SNOW DEPTH       2

DEGREE DAYS
 HEATING
  YESTERDAY       30                        38     -8       16
  MONTH TO DATE  724                       800    -76      728
  SINCE DEC 1   2851                      3247   -396     2586
  SINCE JUL 1   4007                      4651   -644     3669

 COOLING
  YESTERDAY        0                         0      0        0
  MONTH TO DATE    0                         0      0        0
  SINCE DEC 1      0                         0      0        0
  SINCE JAN 1      0                         0      0        0
..................................................................


WIND (MPH)
  HIGHEST WIND SPEED    21   HIGHEST WIND DIRECTION     N (20)
  HIGHEST GUST SPEED    32   HIGHEST GUST DIRECTION     N (20)
  AVERAGE WIND SPEED     8.6


SKY COVER
  AVERAGE SKY COVER 0.3



RELATIVE HUMIDITY (PERCENT)
 HIGHEST    76
 LOWEST     35
 AVERAGE    56

..........................................................


THE ALBANY NY CLIMATE NORMALS FOR TODAY
                         NORMAL    RECORD    YEAR
 MAXIMUM TEMPERATURE (F)   36        65      1981
 MINIMUM TEMPERATURE (F)   19       -10      2015


SUNRISE AND SUNSET
FEBRUARY 21 2017......SUNRISE   643 AM EST   SUNSET   535 PM EST
FEBRUARY 22 2017......SUNRISE   642 AM EST   SUNSET   536 PM EST


-  INDICATES NEGATIVE NUMBERS.
R  INDICATES RECORD WAS SET OR TIED.
MM INDICATES DATA IS MISSING.
T  INDICATES TRACE AMOUNT.




$$
