000
CDUS41 KALY 220626
CLIALB


CLIMATE REPORT
NATIONAL WEATHER SERVICE ALBANY NY
226 AM EDT TUE APR 22 2014


...................................

...THE ALBANY NY CLIMATE SUMMARY FOR APRIL 21 2014...

CLIMATE NORMAL PERIOD 1981 TO 2010
CLIMATE RECORD PERIOD 1874 TO 2014


WEATHER ITEM   OBSERVED TIME   RECORD YEAR NORMAL DEPARTURE LAST
                VALUE   (LST)  VALUE       VALUE  FROM      YEAR
                                                  NORMAL
..................................................................
TEMPERATURE (F)
 YESTERDAY
  MAXIMUM         73    340 PM  89    1923  61     12       51
  MINIMUM         38    442 AM  20    1875  39     -1       29
  AVERAGE         56                        50      6       40

PRECIPITATION (IN)
  YESTERDAY        0.00          1.58 1991   0.09  -0.09     0.00
  MONTH TO DATE    1.05                      2.23  -1.18     2.39
  SINCE MAR 1      3.77                      5.44  -1.67     4.88
  SINCE JAN 1      9.56                     10.23  -0.67     8.01

SNOWFALL (IN)
  YESTERDAY        0.0           0.6  1947   0.0    0.0      0.0
  MONTH TO DATE    2.4                       2.0    0.4      1.2
  SINCE MAR 1      8.3                      12.2   -3.9     20.7
  SINCE JUL 1     73.5                      58.7   14.8     51.4
  SNOW DEPTH       0

DEGREE DAYS
 HEATING
  YESTERDAY        9                        15     -6       25
  MONTH TO DATE  382                       400    -18      435
  SINCE MAR 1   1529                      1329    200     1394
  SINCE JUL 1   6646                      6273    373     5932

 COOLING
  YESTERDAY        0                         0      0        0
  MONTH TO DATE    6                         0      6        0
  SINCE MAR 1      6                         0      6        0
  SINCE JAN 1      6                         0      6        0
..................................................................


WIND (MPH)
  HIGHEST WIND SPEED    15   HIGHEST WIND DIRECTION     S (190)
  HIGHEST GUST SPEED    19   HIGHEST GUST DIRECTION     S (190)
  AVERAGE WIND SPEED     8.3


SKY COVER
  AVERAGE SKY COVER 0.6



RELATIVE HUMIDITY (PERCENT)
 HIGHEST    59
 LOWEST     12
 AVERAGE    36

..........................................................


THE ALBANY NY CLIMATE NORMALS FOR TODAY
                         NORMAL    RECORD    YEAR
 MAXIMUM TEMPERATURE (F)   61        86      1985
 MINIMUM TEMPERATURE (F)   40        20      1947


SUNRISE AND SUNSET
APRIL 22 2014.........SUNRISE   603 AM EDT   SUNSET   745 PM EDT
APRIL 23 2014.........SUNRISE   601 AM EDT   SUNSET   746 PM EDT


-  INDICATES NEGATIVE NUMBERS.
R  INDICATES RECORD WAS SET OR TIED.
MM INDICATES DATA IS MISSING.
T  INDICATES TRACE AMOUNT.




$$
