000
CDUS41 KALY 280624
CLIALB


CLIMATE REPORT
NATIONAL WEATHER SERVICE ALBANY NY
224 AM EDT WED SEP 28 2016


...................................

...THE ALBANY NY CLIMATE SUMMARY FOR SEPTEMBER 27 2016...

CLIMATE NORMAL PERIOD 1981 TO 2010
CLIMATE RECORD PERIOD 1874 TO 2016


WEATHER ITEM   OBSERVED TIME   RECORD YEAR NORMAL DEPARTURE LAST
                VALUE   (LST)  VALUE       VALUE  FROM      YEAR
                                                  NORMAL
..................................................................
TEMPERATURE (F)
 YESTERDAY
  MAXIMUM         72    309 PM  84    1920  68      4       72
                                      1998
  MINIMUM         52   1033 PM  24    1947  47      5       43
  AVERAGE         62                        57      5       58

PRECIPITATION (IN)
  YESTERDAY        0.22          1.79 1942   0.12   0.10     0.00
  MONTH TO DATE    2.12                      2.94  -0.82     3.04
  SINCE SEP 1      2.12                      2.94  -0.82     3.04
  SINCE JAN 1     25.57                     29.09  -3.52    26.18

DEGREE DAYS
 HEATING
  YESTERDAY        3                         8     -5        7
  MONTH TO DATE   47                       115    -68       38
  SINCE SEP 1     47                       115    -68       38
  SINCE JUL 1     48                       138    -90       39

 COOLING
  YESTERDAY        0                         1     -1        0
  MONTH TO DATE  108                        51     57      149
  SINCE SEP 1    108                        51     57      149
  SINCE JAN 1    896                       594    302      897
..................................................................


WIND (MPH)
  HIGHEST WIND SPEED    14   HIGHEST WIND DIRECTION     S (170)
  HIGHEST GUST SPEED    17   HIGHEST GUST DIRECTION     S (180)
  AVERAGE WIND SPEED     3.3


SKY COVER
  AVERAGE SKY COVER 0.5



RELATIVE HUMIDITY (PERCENT)
 HIGHEST   100
 LOWEST     44
 AVERAGE    72

..........................................................


THE ALBANY NY CLIMATE NORMALS FOR TODAY
                         NORMAL    RECORD    YEAR
 MAXIMUM TEMPERATURE (F)   67        83      2014
                                             1959
 MINIMUM TEMPERATURE (F)   46        24      1947


SUNRISE AND SUNSET
SEPTEMBER 28 2016.....SUNRISE   650 AM EDT   SUNSET   641 PM EDT
SEPTEMBER 29 2016.....SUNRISE   651 AM EDT   SUNSET   639 PM EDT


-  INDICATES NEGATIVE NUMBERS.
R  INDICATES RECORD WAS SET OR TIED.
MM INDICATES DATA IS MISSING.
T  INDICATES TRACE AMOUNT.




$$
