000
CDUS41 KALY 252048
CLIALB


CLIMATE REPORT
NATIONAL WEATHER SERVICE ALBANY NY
447 PM EDT MON SEP 25 2017


...................................

...THE ALBANY NY CLIMATE SUMMARY FOR SEPTEMBER 25 2017...
VALID TODAY AS OF 0400 PM LOCAL TIME.

CLIMATE NORMAL PERIOD 1981 TO 2010
CLIMATE RECORD PERIOD 1874 TO 2017


WEATHER ITEM   OBSERVED TIME   RECORD YEAR NORMAL DEPARTURE LAST
                VALUE   (LST)  VALUE       VALUE  FROM      YEAR
                                                  NORMAL
..................................................................
TEMPERATURE (F)
 TODAY
  MAXIMUM         91R   253 PM  89    1970  68     23       67
  MINIMUM         64    613 AM  29    1963  48     16       38
  AVERAGE         78                        58     20       53

PRECIPITATION (IN)
  TODAY            0.00          2.02 1940   0.12  -0.12     0.00
  MONTH TO DATE    2.57                      2.71  -0.14     1.87
  SINCE SEP 1      2.57                      2.71  -0.14     1.87
  SINCE JAN 1     34.37                     28.86   5.51    25.32

DEGREE DAYS
 HEATING
  TODAY            0                         8     -8       12
  MONTH TO DATE   65                        99    -34       32
  SINCE SEP 1     65                        99    -34       32
  SINCE JUL 1     84                       122    -38       33

 COOLING
  TODAY           13                         1     12        0
  MONTH TO DATE   95                        49     46      108
  SINCE SEP 1     95                        49     46      108
  SINCE JAN 1    670                       592     78      896
..................................................................


WIND (MPH)
  HIGHEST WIND SPEED     8   HIGHEST WIND DIRECTION     N (350)
  HIGHEST GUST SPEED    10   HIGHEST GUST DIRECTION     N (340)
  AVERAGE WIND SPEED     2.7


SKY COVER
  AVERAGE SKY COVER 0.1



RELATIVE HUMIDITY (PERCENT)
 HIGHEST    93           200 AM
 LOWEST     41           300 PM
 AVERAGE    67

..........................................................


THE ALBANY NY CLIMATE NORMALS FOR TOMORROW
                         NORMAL    RECORD    YEAR
 MAXIMUM TEMPERATURE (F)   68        89      2007
                                             1920
 MINIMUM TEMPERATURE (F)   47        29      1947


SUNRISE AND SUNSET
SEPTEMBER 25 2017.....SUNRISE   646 AM EDT   SUNSET   647 PM EDT
SEPTEMBER 26 2017.....SUNRISE   647 AM EDT   SUNSET   645 PM EDT


-  INDICATES NEGATIVE NUMBERS.
R  INDICATES RECORD WAS SET OR TIED.
MM INDICATES DATA IS MISSING.
T  INDICATES TRACE AMOUNT.




$$
