000
CDUS41 KALY 120625
CLIALB


CLIMATE REPORT
NATIONAL WEATHER SERVICE ALBANY NY
123 AM EST FRI DEC 12 2014


...................................

...THE ALBANY NY CLIMATE SUMMARY FOR DECEMBER 11 2014...

CLIMATE NORMAL PERIOD 1981 TO 2010
CLIMATE RECORD PERIOD 1874 TO 2014


WEATHER ITEM   OBSERVED TIME   RECORD YEAR NORMAL DEPARTURE LAST
                VALUE   (LST)  VALUE       VALUE  FROM      YEAR
                                                  NORMAL
..................................................................
TEMPERATURE (F)
 YESTERDAY
  MAXIMUM         32    323 PM  61    1952  37     -5       31
  MINIMUM         28   1144 PM  -8    1988  23      5       19
  AVERAGE         30                        30      0       25

PRECIPITATION (IN)
  YESTERDAY        0.06          3.16 1952   0.10  -0.04     0.03
  MONTH TO DATE    3.69                      1.15   2.54     0.49
  SINCE DEC 1      3.69                      1.15   2.54     0.49
  SINCE JAN 1     38.02                     37.57   0.45    40.94

SNOWFALL (IN)
  YESTERDAY        1.6           4.3  1970   0.4    1.2      1.1
  MONTH TO DATE   11.7                       3.9    7.8      2.4
  SINCE DEC 1     11.7                       3.9    7.8      2.4
  SINCE JUL 1     24.0                       6.7   17.3      4.5
  SNOW DEPTH       9

DEGREE DAYS
 HEATING
  YESTERDAY       35                        35      0       40
  MONTH TO DATE  376                       362     14      358
  SINCE DEC 1    376                       362     14      358
  SINCE JUL 1   1651                      1766   -115     1728

 COOLING
  YESTERDAY        0                         0      0        0
  MONTH TO DATE    0                         0      0        0
  SINCE DEC 1      0                         0      0        0
  SINCE JAN 1    659                       598     61      763
..................................................................


WIND (MPH)
  HIGHEST WIND SPEED    15   HIGHEST WIND DIRECTION     W (280)
  HIGHEST GUST SPEED    20   HIGHEST GUST DIRECTION     W (280)
  AVERAGE WIND SPEED     9.4


SKY COVER
  AVERAGE SKY COVER 1.0



RELATIVE HUMIDITY (PERCENT)
 HIGHEST    85
 LOWEST     72
 AVERAGE    79

..........................................................


THE ALBANY NY CLIMATE NORMALS FOR TODAY
                         NORMAL    RECORD    YEAR
 MAXIMUM TEMPERATURE (F)   37        62      1979
 MINIMUM TEMPERATURE (F)   23       -12      1988


SUNRISE AND SUNSET
DECEMBER 12 2014......SUNRISE   716 AM EST   SUNSET   421 PM EST
DECEMBER 13 2014......SUNRISE   717 AM EST   SUNSET   422 PM EST


-  INDICATES NEGATIVE NUMBERS.
R  INDICATES RECORD WAS SET OR TIED.
MM INDICATES DATA IS MISSING.
T  INDICATES TRACE AMOUNT.




$$
