000
CDUS41 KALY 180625
CLIALB


CLIMATE REPORT
NATIONAL WEATHER SERVICE ALBANY NY
124 AM EST WED FEB 18 2015


...................................

...THE ALBANY NY CLIMATE SUMMARY FOR FEBRUARY 17 2015...

CLIMATE NORMAL PERIOD 1981 TO 2010
CLIMATE RECORD PERIOD 1874 TO 2015


WEATHER ITEM   OBSERVED TIME   RECORD YEAR NORMAL DEPARTURE LAST
                VALUE   (LST)  VALUE       VALUE  FROM      YEAR
                                                  NORMAL
..................................................................
TEMPERATURE (F)
 YESTERDAY
  MAXIMUM         21    424 PM  60    1981  35    -14       27
  MINIMUM          0   1124 PM -16    1973  18    -18        2
  AVERAGE         11                        26    -15       15

PRECIPITATION (IN)
  YESTERDAY        0.00          1.09 1954   0.07  -0.07     0.00
  MONTH TO DATE    2.03                      1.30   0.73     2.48
  SINCE DEC 1      9.57                      6.82   2.75     8.17
  SINCE JAN 1      4.20                      3.89   0.31     4.79

SNOWFALL (IN)
  YESTERDAY        0.0          11.9  2003   0.5   -0.5      0.0
  MONTH TO DATE   28.8                       7.8   21.0     25.7
  SINCE DEC 1     56.5                      39.1   17.4     60.7
  SINCE JUL 1     68.8                      41.9   26.9     62.8
  SNOW DEPTH      14

DEGREE DAYS
 HEATING
  YESTERDAY       54                        39     15       50
  MONTH TO DATE  883                       686    197      764
  SINCE DEC 1   3279                      3133    146     3311
  SINCE JUL 1   4554                      4537     17     4681

 COOLING
  YESTERDAY        0                         0      0        0
  MONTH TO DATE    0                         0      0        0
  SINCE DEC 1      0                         0      0        0
  SINCE JAN 1      0                         0      0        0
..................................................................


WIND (MPH)
  HIGHEST WIND SPEED     8   HIGHEST WIND DIRECTION     N (340)
  HIGHEST GUST SPEED    10   HIGHEST GUST DIRECTION    NW (330)
  AVERAGE WIND SPEED     1.6


SKY COVER
  AVERAGE SKY COVER 0.6



RELATIVE HUMIDITY (PERCENT)
 HIGHEST    72
 LOWEST     36
 AVERAGE    54

..........................................................


THE ALBANY NY CLIMATE NORMALS FOR TODAY
                         NORMAL    RECORD    YEAR
 MAXIMUM TEMPERATURE (F)   35        63      1981
 MINIMUM TEMPERATURE (F)   18       -21      1973


SUNRISE AND SUNSET
FEBRUARY 18 2015......SUNRISE   648 AM EST   SUNSET   530 PM EST
FEBRUARY 19 2015......SUNRISE   647 AM EST   SUNSET   532 PM EST


-  INDICATES NEGATIVE NUMBERS.
R  INDICATES RECORD WAS SET OR TIED.
MM INDICATES DATA IS MISSING.
T  INDICATES TRACE AMOUNT.




$$
