243
CDUS41 KALY 080627
CLIALB


CLIMATE REPORT
NATIONAL WEATHER SERVICE ALBANY NY
226 AM EDT FRI SEP 8 2017


...................................

...THE ALBANY NY CLIMATE SUMMARY FOR SEPTEMBER 7 2017...

CLIMATE NORMAL PERIOD 1981 TO 2010
CLIMATE RECORD PERIOD 1874 TO 2017


WEATHER ITEM   OBSERVED TIME   RECORD YEAR NORMAL DEPARTURE LAST
                VALUE   (LST)  VALUE       VALUE  FROM      YEAR
                                                  NORMAL
..................................................................
TEMPERATURE (F)
 YESTERDAY
  MAXIMUM         70    110 PM  96    1945  76     -6       86
  MINIMUM         50   1152 PM  36    1962  55     -5       63
  AVERAGE         60                        65     -5       75

PRECIPITATION (IN)
  YESTERDAY        0.86          1.76 2011   0.10   0.76     0.00
  MONTH TO DATE    2.38                      0.70   1.68     0.00
  SINCE SEP 1      2.38                      0.70   1.68     0.00
  SINCE JAN 1     34.18                     26.85   7.33    23.45

DEGREE DAYS
 HEATING
  YESTERDAY        5                         2      3        0
  MONTH TO DATE   39                        13     26        0
  SINCE SEP 1     39                        13     26        0
  SINCE JUL 1     58                        36     22        1

 COOLING
  YESTERDAY        0                         3     -3       10
  MONTH TO DATE    7                        23    -16       34
  SINCE SEP 1      7                        23    -16       34
  SINCE JAN 1    582                       566     16      822
..................................................................


WIND (MPH)
  HIGHEST WIND SPEED    31   HIGHEST WIND DIRECTION    NW (300)
  HIGHEST GUST SPEED    36   HIGHEST GUST DIRECTION    NW (320)
  AVERAGE WIND SPEED     5.0


SKY COVER
  AVERAGE SKY COVER 0.8



RELATIVE HUMIDITY (PERCENT)
 HIGHEST    96
 LOWEST     57
 AVERAGE    77

..........................................................


THE ALBANY NY CLIMATE NORMALS FOR TODAY
                         NORMAL    RECORD    YEAR
 MAXIMUM TEMPERATURE (F)   75        94      2015
 MINIMUM TEMPERATURE (F)   55        34      1978


SUNRISE AND SUNSET
SEPTEMBER  8 2017.....SUNRISE   628 AM EDT   SUNSET   717 PM EDT
SEPTEMBER  9 2017.....SUNRISE   629 AM EDT   SUNSET   715 PM EDT


-  INDICATES NEGATIVE NUMBERS.
R  INDICATES RECORD WAS SET OR TIED.
MM INDICATES DATA IS MISSING.
T  INDICATES TRACE AMOUNT.




$$
