000
CDUS41 KALY 270624
CLIALB


CLIMATE REPORT
NATIONAL WEATHER SERVICE ALBANY NY
123 AM EST WED DEC 27 2017


...................................

...THE ALBANY NY CLIMATE SUMMARY FOR DECEMBER 26 2017...

CLIMATE NORMAL PERIOD 1981 TO 2010
CLIMATE RECORD PERIOD 1874 TO 2017


WEATHER ITEM   OBSERVED TIME   RECORD YEAR NORMAL DEPARTURE LAST
                VALUE   (LST)  VALUE       VALUE  FROM      YEAR
                                                  NORMAL
..................................................................
TEMPERATURE (F)
 YESTERDAY
  MAXIMUM         22    248 PM  59    1895  33    -11       41
  MINIMUM          8    855 PM -17    1914  18    -10       14
  AVERAGE         15                        25    -10       28

PRECIPITATION (IN)
  YESTERDAY        T             1.84 1915   0.09  -0.09     0.05
  MONTH TO DATE    1.90                      2.51  -0.61     1.57
  SINCE DEC 1      1.90                      2.51  -0.61     1.57
  SINCE JAN 1     40.13                     38.93   1.20    33.20

SNOWFALL (IN)
  YESTERDAY        T            13.9  1969   0.5   -0.5       T
  MONTH TO DATE   11.6                      11.0    0.6      9.7
  SINCE DEC 1     11.6                      11.0    0.6      9.7
  SINCE JUL 1     11.6                      14.1   -2.5     12.0
  SNOW DEPTH       5

DEGREE DAYS
 HEATING
  YESTERDAY       50                        40     10       37
  MONTH TO DATE  939                       927     12      905
  SINCE DEC 1    939                       927     12      905
  SINCE JUL 1   2053                      2331   -278     2061

 COOLING
  YESTERDAY        0                         0      0        0
  MONTH TO DATE    0                         0      0        0
  SINCE DEC 1      0                         0      0        0
  SINCE JAN 1    714                       598    116      902
..................................................................


WIND (MPH)
  HIGHEST WIND SPEED    29   HIGHEST WIND DIRECTION     W (270)
  HIGHEST GUST SPEED    36   HIGHEST GUST DIRECTION     W (270)
  AVERAGE WIND SPEED    11.2


SKY COVER
  AVERAGE SKY COVER 0.3



RELATIVE HUMIDITY (PERCENT)
 HIGHEST    63
 LOWEST     39
 AVERAGE    51

..........................................................


THE ALBANY NY CLIMATE NORMALS FOR TODAY
                         NORMAL    RECORD    YEAR
 MAXIMUM TEMPERATURE (F)   32        60      1895
 MINIMUM TEMPERATURE (F)   17       -18      1914


SUNRISE AND SUNSET
DECEMBER 27 2017......SUNRISE   725 AM EST   SUNSET   428 PM EST
DECEMBER 28 2017......SUNRISE   725 AM EST   SUNSET   429 PM EST


-  INDICATES NEGATIVE NUMBERS.
R  INDICATES RECORD WAS SET OR TIED.
MM INDICATES DATA IS MISSING.
T  INDICATES TRACE AMOUNT.




$$
