000
CDUS41 KALY 130628
CLIALB


CLIMATE REPORT
NATIONAL WEATHER SERVICE ALBANY NY
227 AM EDT THU APR 13 2017


...................................

...THE ALBANY NY CLIMATE SUMMARY FOR APRIL 12 2017...

CLIMATE NORMAL PERIOD 1981 TO 2010
CLIMATE RECORD PERIOD 1874 TO 2017


WEATHER ITEM   OBSERVED TIME   RECORD YEAR NORMAL DEPARTURE LAST
                VALUE   (LST)  VALUE       VALUE  FROM      YEAR
                                                  NORMAL
..................................................................
TEMPERATURE (F)
 YESTERDAY
  MAXIMUM         61    244 PM  84    1977  57      4       51
  MINIMUM         47   1159 PM  13    1874  36     11       36
  AVERAGE         54                        46      8       44

PRECIPITATION (IN)
  YESTERDAY        0.13          1.55 1933   0.11   0.02     0.07
  MONTH TO DATE    1.81                      1.30   0.51     1.30
  SINCE MAR 1      5.88                      4.51   1.37     2.48
  SINCE JAN 1     11.86                      9.30   2.56     7.79

SNOWFALL (IN)
  YESTERDAY        0.0           3.3  1962   0.1   -0.1      0.0
  MONTH TO DATE    0.2                       1.4   -1.2      6.4
  SINCE MAR 1     19.6                      12.4    7.2      6.6
  SINCE JUL 1     60.8                      59.3    1.5     16.9
  SNOW DEPTH       0

DEGREE DAYS
 HEATING
  YESTERDAY       11                        19     -8       21
  MONTH TO DATE  193                       251    -58      317
  SINCE MAR 1   1218                      1180     38      999
  SINCE JUL 1   5381                      6124   -743     4928

 COOLING
  YESTERDAY        0                         0      0        0
  MONTH TO DATE    9                         0      9        0
  SINCE MAR 1      9                         0      9        0
  SINCE JAN 1      9                         0      9        0
..................................................................


WIND (MPH)
  HIGHEST WIND SPEED    25   HIGHEST WIND DIRECTION    NW (310)
  HIGHEST GUST SPEED    32   HIGHEST GUST DIRECTION    NW (300)
  AVERAGE WIND SPEED    10.1


SKY COVER
  AVERAGE SKY COVER 0.8



RELATIVE HUMIDITY (PERCENT)
 HIGHEST    93
 LOWEST     47
 AVERAGE    70

..........................................................


THE ALBANY NY CLIMATE NORMALS FOR TODAY
                         NORMAL    RECORD    YEAR
 MAXIMUM TEMPERATURE (F)   57        87      1977
 MINIMUM TEMPERATURE (F)   37        19      1874


SUNRISE AND SUNSET
APRIL 13 2017.........SUNRISE   617 AM EDT   SUNSET   735 PM EDT
APRIL 14 2017.........SUNRISE   615 AM EDT   SUNSET   736 PM EDT


-  INDICATES NEGATIVE NUMBERS.
R  INDICATES RECORD WAS SET OR TIED.
MM INDICATES DATA IS MISSING.
T  INDICATES TRACE AMOUNT.




$$
