000
CDUS41 KALY 040627
CLIALB


CLIMATE REPORT
NATIONAL WEATHER SERVICE ALBANY NY
226 AM EDT MON JUL 4 2016


...................................

...THE ALBANY NY CLIMATE SUMMARY FOR JULY 3 2016...

CLIMATE NORMAL PERIOD 1981 TO 2010
CLIMATE RECORD PERIOD 1874 TO 2016


WEATHER ITEM   OBSERVED TIME   RECORD YEAR NORMAL DEPARTURE LAST
                VALUE   (LST)  VALUE       VALUE  FROM      YEAR
                                                  NORMAL
..................................................................
TEMPERATURE (F)
 YESTERDAY
  MAXIMUM         82    350 PM 102    1911  82      0       78
  MINIMUM         56    145 AM  44    1978  61     -5       52
  AVERAGE         69                        71     -2       65

PRECIPITATION (IN)
  YESTERDAY        0.00          1.66 1974   0.12  -0.12     0.00
  MONTH TO DATE    1.37                      0.38   0.99     0.09
  SINCE JUN 1      3.68                      4.17  -0.49     6.79
  SINCE JAN 1     14.44                     18.95  -4.51    15.51

DEGREE DAYS
 HEATING
  YESTERDAY        0                         0      0        0
  MONTH TO DATE    0                         0      0        0
  SINCE JUN 1     38                        52    -14       51
  SINCE JUL 1      0                         0      0        0

 COOLING
  YESTERDAY        4                         6     -2        0
  MONTH TO DATE   11                        18     -7       10
  SINCE JUN 1    154                       136     18      121
  SINCE JAN 1    229                       166     63      244
..................................................................


WIND (MPH)
  HIGHEST WIND SPEED    17   HIGHEST WIND DIRECTION    NW (300)
  HIGHEST GUST SPEED    24   HIGHEST GUST DIRECTION    NW (300)
  AVERAGE WIND SPEED     8.1


SKY COVER
  AVERAGE SKY COVER 0.4



RELATIVE HUMIDITY (PERCENT)
 HIGHEST    73
 LOWEST     33
 AVERAGE    53

..........................................................


THE ALBANY NY CLIMATE NORMALS FOR TODAY
                         NORMAL    RECORD    YEAR
 MAXIMUM TEMPERATURE (F)   82       104      1911
 MINIMUM TEMPERATURE (F)   61        44      1971


SUNRISE AND SUNSET
JULY  4 2016..........SUNRISE   523 AM EDT   SUNSET   836 PM EDT
JULY  5 2016..........SUNRISE   523 AM EDT   SUNSET   836 PM EDT


-  INDICATES NEGATIVE NUMBERS.
R  INDICATES RECORD WAS SET OR TIED.
MM INDICATES DATA IS MISSING.
T  INDICATES TRACE AMOUNT.




$$
