000
CDUS41 KALY 160621
CLIALB


CLIMATE REPORT
NATIONAL WEATHER SERVICE ALBANY NY
221 AM EDT WED JUL 16 2014


...................................

...THE ALBANY NY CLIMATE SUMMARY FOR JULY 15 2014...

CLIMATE NORMAL PERIOD 1981 TO 2010
CLIMATE RECORD PERIOD 1874 TO 2014


WEATHER ITEM   OBSERVED TIME   RECORD YEAR NORMAL DEPARTURE LAST
                VALUE   (LST)  VALUE       VALUE  FROM      YEAR
                                                  NORMAL
..................................................................
TEMPERATURE (F)
 YESTERDAY
  MAXIMUM         81    420 PM  96    1997  83     -2       91
  MINIMUM         70   1159 PM  44    1950  62      8       73
  AVERAGE         76                        72      4       82

PRECIPITATION (IN)
  YESTERDAY        0.35          3.23 2000   0.14   0.21     0.00
  MONTH TO DATE    3.93                      1.98   1.95     3.91
  SINCE JUN 1      8.70                      5.77   2.93    12.59
  SINCE JAN 1     22.26                     20.55   1.71    27.33

DEGREE DAYS
 HEATING
  YESTERDAY        0                         0      0        0
  MONTH TO DATE    0                         0      0        0
  SINCE JUN 1     12                        52    -40       55
  SINCE JUL 1      0                         0      0        0

 COOLING
  YESTERDAY       11                         7      4       17
  MONTH TO DATE  139                       102     37      201
  SINCE JUN 1    287                       220     67      344
  SINCE JAN 1    322                       250     72      393
..................................................................


WIND (MPH)
  HIGHEST WIND SPEED    15   HIGHEST WIND DIRECTION     S (170)
  HIGHEST GUST SPEED    22   HIGHEST GUST DIRECTION     S (170)
  AVERAGE WIND SPEED     6.7


SKY COVER
  AVERAGE SKY COVER 0.9



RELATIVE HUMIDITY (PERCENT)
 HIGHEST    97
 LOWEST     62
 AVERAGE    80

..........................................................


THE ALBANY NY CLIMATE NORMALS FOR TODAY
                         NORMAL    RECORD    YEAR
 MAXIMUM TEMPERATURE (F)   83        97      1900
 MINIMUM TEMPERATURE (F)   62        44      1946


SUNRISE AND SUNSET
JULY 16 2014..........SUNRISE   531 AM EDT   SUNSET   831 PM EDT
JULY 17 2014..........SUNRISE   532 AM EDT   SUNSET   830 PM EDT


-  INDICATES NEGATIVE NUMBERS.
R  INDICATES RECORD WAS SET OR TIED.
MM INDICATES DATA IS MISSING.
T  INDICATES TRACE AMOUNT.




$$
