000
CDUS41 KALY 302044
CLIALB


CLIMATE REPORT
NATIONAL WEATHER SERVICE ALBANY NY
444 PM EDT THU JUN 30 2016


...................................

...THE ALBANY NY CLIMATE SUMMARY FOR JUNE 30 2016...
VALID TODAY AS OF 0400 PM LOCAL TIME.

CLIMATE NORMAL PERIOD 1981 TO 2010
CLIMATE RECORD PERIOD 1874 TO 2016


WEATHER ITEM   OBSERVED TIME   RECORD YEAR NORMAL DEPARTURE LAST
                VALUE   (LST)  VALUE       VALUE  FROM      YEAR
                                                  NORMAL
..................................................................
TEMPERATURE (F)
 TODAY
  MAXIMUM         83    336 PM  98    1964  81      2       71
  MINIMUM         57    443 AM  47    1938  60     -3       57
  AVERAGE         70                        71     -1       64

PRECIPITATION (IN)
  TODAY            0.00          2.45 1976   0.12  -0.12     0.07
  MONTH TO DATE    2.31                      3.79  -1.48     6.70
  SINCE JUN 1      2.31                      3.79  -1.48     6.70
  SINCE JAN 1     13.07                     18.57  -5.50    15.42

DEGREE DAYS
 HEATING
  TODAY            0                         0      0        1
  MONTH TO DATE   38                        53    -15       51
  SINCE JUN 1     38                        52    -14       51
  SINCE JUL 1   5454                      6680  -1226     6873

 COOLING
  TODAY            5                         6     -1        0
  MONTH TO DATE  142                       118     24      111
  SINCE JUN 1    142                       118     24      111
  SINCE JAN 1    217                       148     69      234
..................................................................


WIND (MPH)
  HIGHEST WIND SPEED    15   HIGHEST WIND DIRECTION     W (250)
  HIGHEST GUST SPEED    19   HIGHEST GUST DIRECTION    SW (230)
  AVERAGE WIND SPEED     4.0


SKY COVER
  AVERAGE SKY COVER 0.3



RELATIVE HUMIDITY (PERCENT)
 HIGHEST    87           500 AM
 LOWEST     30           200 PM
 AVERAGE    59

..........................................................


THE ALBANY NY CLIMATE NORMALS FOR TOMORROW
                         NORMAL    RECORD    YEAR
 MAXIMUM TEMPERATURE (F)   81        99      1933
 MINIMUM TEMPERATURE (F)   60        45      1978


SUNRISE AND SUNSET
JUNE 30 2016..........SUNRISE   521 AM EDT   SUNSET   837 PM EDT
JULY  1 2016..........SUNRISE   521 AM EDT   SUNSET   837 PM EDT


-  INDICATES NEGATIVE NUMBERS.
R  INDICATES RECORD WAS SET OR TIED.
MM INDICATES DATA IS MISSING.
T  INDICATES TRACE AMOUNT.




$$
