000
CDUS41 KALY 060622
CLIALB


CLIMATE REPORT
NATIONAL WEATHER SERVICE ALBANY NY
221 AM EDT SAT SEP 6 2014


...................................

...THE ALBANY NY CLIMATE SUMMARY FOR SEPTEMBER 5 2014...

CLIMATE NORMAL PERIOD 1981 TO 2010
CLIMATE RECORD PERIOD 1874 TO 2014


WEATHER ITEM   OBSERVED TIME   RECORD YEAR NORMAL DEPARTURE LAST
                VALUE   (LST)  VALUE       VALUE  FROM      YEAR
                                                  NORMAL
..................................................................
TEMPERATURE (F)
 YESTERDAY
  MAXIMUM         89    333 PM  91    1973  76     13       72
  MINIMUM         63    444 AM  37    1974  56      7       50
  AVERAGE         76                        66     10       61

PRECIPITATION (IN)
  YESTERDAY        0.00          1.54 1953   0.10  -0.10      T
  MONTH TO DATE    0.15                      0.50  -0.35     0.61
  SINCE SEP 1      0.15                      0.50  -0.35     0.61
  SINCE JAN 1     26.93                     26.65   0.28    32.12

DEGREE DAYS
 HEATING
  YESTERDAY        0                         2     -2        4
  MONTH TO DATE    0                         9     -9        4
  SINCE SEP 1      0                         9     -9        4
  SINCE JUL 1      8                        32    -24       10

 COOLING
  YESTERDAY       11                         3      8        0
  MONTH TO DATE   50                        17     33       30
  SINCE SEP 1     50                        17     33       30
  SINCE JAN 1    617                       560     57      728
..................................................................


WIND (MPH)
  HIGHEST WIND SPEED    18   HIGHEST WIND DIRECTION     S (160)
  HIGHEST GUST SPEED    26   HIGHEST GUST DIRECTION     S (170)
  AVERAGE WIND SPEED     8.8


SKY COVER
  AVERAGE SKY COVER 0.2



RELATIVE HUMIDITY (PERCENT)
 HIGHEST    87
 LOWEST     52
 AVERAGE    70

..........................................................


THE ALBANY NY CLIMATE NORMALS FOR TODAY
                         NORMAL    RECORD    YEAR
 MAXIMUM TEMPERATURE (F)   76        91      1983
 MINIMUM TEMPERATURE (F)   55        38      1974


SUNRISE AND SUNSET
SEPTEMBER  6 2014.....SUNRISE   625 AM EDT   SUNSET   721 PM EDT
SEPTEMBER  7 2014.....SUNRISE   626 AM EDT   SUNSET   719 PM EDT


-  INDICATES NEGATIVE NUMBERS.
R  INDICATES RECORD WAS SET OR TIED.
MM INDICATES DATA IS MISSING.
T  INDICATES TRACE AMOUNT.




$$
