000
CDUS41 KALY 150623
CLIALB


CLIMATE REPORT
NATIONAL WEATHER SERVICE ALBANY NY
222 AM EDT THU JUN 15 2017


...................................

...THE ALBANY NY CLIMATE SUMMARY FOR JUNE 14 2017...

CLIMATE NORMAL PERIOD 1981 TO 2010
CLIMATE RECORD PERIOD 1874 TO 2017


WEATHER ITEM   OBSERVED TIME   RECORD YEAR NORMAL DEPARTURE LAST
                VALUE   (LST)  VALUE       VALUE  FROM      YEAR
                                                  NORMAL
..................................................................
TEMPERATURE (F)
 YESTERDAY
  MAXIMUM         79    411 PM  96    1892  78      1       77
  MINIMUM         58    427 AM  39    1970  56      2       47
  AVERAGE         69                        67      2       62

PRECIPITATION (IN)
  YESTERDAY        0.00          1.61 1998   0.13  -0.13     0.00
  MONTH TO DATE    1.85                      1.82   0.03     1.95
  SINCE JUN 1      1.85                      1.82   0.03     1.95
  SINCE JAN 1     20.76                     16.60   4.16    12.71

DEGREE DAYS
 HEATING
  YESTERDAY        0                         2     -2        3
  MONTH TO DATE   46                        38      8       38
  SINCE JUN 1     46                        38      8       38
  SINCE JUL 1   5863                      6666   -803     5454

 COOLING
  YESTERDAY        4                         4      0        0
  MONTH TO DATE   55                        37     18       42
  SINCE JUN 1     55                        37     18       42
  SINCE JAN 1    105                        67     38      117
..................................................................


WIND (MPH)
  HIGHEST WIND SPEED    15   HIGHEST WIND DIRECTION    NE (30)
  HIGHEST GUST SPEED    22   HIGHEST GUST DIRECTION     N (20)
  AVERAGE WIND SPEED     6.5


SKY COVER
  AVERAGE SKY COVER 0.5



RELATIVE HUMIDITY (PERCENT)
 HIGHEST    84
 LOWEST     33
 AVERAGE    59

..........................................................


THE ALBANY NY CLIMATE NORMALS FOR TODAY
                         NORMAL    RECORD    YEAR
 MAXIMUM TEMPERATURE (F)   78        96      1988
 MINIMUM TEMPERATURE (F)   57        42      1985


SUNRISE AND SUNSET
JUNE 15 2017..........SUNRISE   516 AM EDT   SUNSET   835 PM EDT
JUNE 16 2017..........SUNRISE   516 AM EDT   SUNSET   836 PM EDT


-  INDICATES NEGATIVE NUMBERS.
R  INDICATES RECORD WAS SET OR TIED.
MM INDICATES DATA IS MISSING.
T  INDICATES TRACE AMOUNT.




$$
