000
CDUS41 KALY 012152
CLIALB


CLIMATE REPORT
NATIONAL WEATHER SERVICE ALBANY NY
452 PM EST WED FEB 1 2017


...................................

...THE ALBANY NY CLIMATE SUMMARY FOR FEBRUARY 1 2017...
VALID TODAY AS OF 0400 PM LOCAL TIME.

CLIMATE NORMAL PERIOD 1981 TO 2010
CLIMATE RECORD PERIOD 1874 TO 2017


WEATHER ITEM   OBSERVED TIME   RECORD YEAR NORMAL DEPARTURE LAST
                VALUE   (LST)  VALUE       VALUE  FROM      YEAR
                                                  NORMAL
..................................................................
TEMPERATURE (F)
 TODAY
  MAXIMUM         40    415 PM  65    1989  32      8       54
  MINIMUM         25   1230 AM -20    1920  15     10       35
  AVERAGE         33                        23     10       45

PRECIPITATION (IN)
  TODAY            0.06          1.39 1898   0.08  -0.02      T
  MONTH TO DATE    0.06                      0.08  -0.02      T
  SINCE DEC 1      4.94                      5.60  -0.66     4.91
  SINCE JAN 1      3.19                      2.67   0.52     1.24

SNOWFALL (IN)
  TODAY            1.3          15.0  1898   0.5    0.8      0.0
  MONTH TO DATE    1.3                       0.5    0.8      0.0
  SINCE DEC 1     18.0                      32.1  -14.1      5.5
  SINCE JUL 1     20.3                      35.2  -14.9      5.5
  SNOW DEPTH       1

DEGREE DAYS
 HEATING
  TODAY           32                        42    -10       20
  MONTH TO DATE   32                        42    -10       20
  SINCE DEC 1   2159                      2489   -330     1878
  SINCE JUL 1   3315                      3893   -578     2961

 COOLING
  TODAY            0                         0      0        0
  MONTH TO DATE    0                         0      0        0
  SINCE DEC 1      0                         0      0        0
  SINCE JAN 1      0                         0      0        0
..................................................................


WIND (MPH)
  HIGHEST WIND SPEED    21   HIGHEST WIND DIRECTION     W (290)
  HIGHEST GUST SPEED    27   HIGHEST GUST DIRECTION    NW (300)
  AVERAGE WIND SPEED     8.0


SKY COVER
  AVERAGE SKY COVER 0.8



RELATIVE HUMIDITY (PERCENT)
 HIGHEST    84           500 AM
 LOWEST     48           400 PM
 AVERAGE    66

..........................................................


THE ALBANY NY CLIMATE NORMALS FOR TOMORROW
                         NORMAL    RECORD    YEAR
 MAXIMUM TEMPERATURE (F)   32        53      1981
 MINIMUM TEMPERATURE (F)   15       -18      1961


SUNRISE AND SUNSET
FEBRUARY  1 2017......SUNRISE   709 AM EST   SUNSET   509 PM EST
FEBRUARY  2 2017......SUNRISE   708 AM EST   SUNSET   510 PM EST


-  INDICATES NEGATIVE NUMBERS.
R  INDICATES RECORD WAS SET OR TIED.
MM INDICATES DATA IS MISSING.
T  INDICATES TRACE AMOUNT.




$$
