000
CDUS41 KALY 032049
CLIALB


CLIMATE REPORT
NATIONAL WEATHER SERVICE ALBANY NY
448 PM EDT MON APR 3 2017


...................................

...THE ALBANY NY CLIMATE SUMMARY FOR APRIL 3 2017...
VALID TODAY AS OF 0400 PM LOCAL TIME.

CLIMATE NORMAL PERIOD 1981 TO 2010
CLIMATE RECORD PERIOD 1874 TO 2017


WEATHER ITEM   OBSERVED TIME   RECORD YEAR NORMAL DEPARTURE LAST
                VALUE   (LST)  VALUE       VALUE  FROM      YEAR
                                                  NORMAL
..................................................................
TEMPERATURE (F)
 TODAY
  MAXIMUM         61    335 PM  79    1981  53      8       38
  MINIMUM         31    430 AM  16    1954  33     -2       24
  AVERAGE         46                        43      3       31

PRECIPITATION (IN)
  TODAY            0.00          1.90 1975   0.11  -0.11     0.07
  MONTH TO DATE    0.07                      0.32  -0.25     0.12
  SINCE MAR 1      4.14                      3.53   0.61     1.30
  SINCE JAN 1     10.12                      8.32   1.80     6.61

SNOWFALL (IN)
  TODAY           MM            11.0  1891   0.1   MM        2.1
  MONTH TO DATE    0.2                       0.4   -0.2      2.1
  SINCE MAR 1     19.6                      11.4    8.2      2.3
  SINCE JUL 1     60.8                      58.3    2.5     12.6
  SNOW DEPTH      MM

DEGREE DAYS
 HEATING
  TODAY           19                        22     -3       34
  MONTH TO DATE   64                        68     -4       63
  SINCE MAR 1   1089                       997     92      745
  SINCE JUL 1   5252                      5941   -689     4674

 COOLING
  TODAY            0                         0      0        0
  MONTH TO DATE    0                         0      0        0
  SINCE MAR 1      0                         0      0        0
  SINCE JAN 1      0                         0      0        0
..................................................................


WIND (MPH)
  HIGHEST WIND SPEED     8   HIGHEST WIND DIRECTION    NE (60)
  HIGHEST GUST SPEED    11   HIGHEST GUST DIRECTION    SE (140)
  AVERAGE WIND SPEED     1.7


SKY COVER
  AVERAGE SKY COVER 0.7



RELATIVE HUMIDITY (PERCENT)
 HIGHEST    82           700 AM
 LOWEST     36           300 PM
 AVERAGE    59

..........................................................


THE ALBANY NY CLIMATE NORMALS FOR TOMORROW
                         NORMAL    RECORD    YEAR
 MAXIMUM TEMPERATURE (F)   53        79      1950
 MINIMUM TEMPERATURE (F)   33        14      1954


SUNRISE AND SUNSET
APRIL  3 2017.........SUNRISE   634 AM EDT   SUNSET   724 PM EDT
APRIL  4 2017.........SUNRISE   632 AM EDT   SUNSET   725 PM EDT


-  INDICATES NEGATIVE NUMBERS.
R  INDICATES RECORD WAS SET OR TIED.
MM INDICATES DATA IS MISSING.
T  INDICATES TRACE AMOUNT.




$$
