000
CDUS41 KALY 190627
CLIALB


CLIMATE REPORT
NATIONAL WEATHER SERVICE ALBANY NY
226 AM EDT SUN JUL 19 2015


...................................

...THE ALBANY NY CLIMATE SUMMARY FOR JULY 18 2015...

CLIMATE NORMAL PERIOD 1981 TO 2010
CLIMATE RECORD PERIOD 1874 TO 2015


WEATHER ITEM   OBSERVED TIME   RECORD YEAR NORMAL DEPARTURE LAST
                VALUE   (LST)  VALUE       VALUE  FROM      YEAR
                                                  NORMAL
..................................................................
TEMPERATURE (F)
 YESTERDAY
  MAXIMUM         87    515 PM 100    1953  83      4       80
  MINIMUM         70    531 AM  46    1939  62      8       53
  AVERAGE         79                        72      7       67

PRECIPITATION (IN)
  YESTERDAY        0.00          1.86 2007   0.14  -0.14     0.00
  MONTH TO DATE    1.54                      2.39  -0.85     3.93
  SINCE JUN 1      8.24                      6.18   2.06     8.70
  SINCE JAN 1     16.96                     20.96  -4.00    22.26

DEGREE DAYS
 HEATING
  YESTERDAY        0                         0      0        0
  MONTH TO DATE    1                         0      1        0
  SINCE JUN 1     52                        52      0       12
  SINCE JUL 1      1                         0      1        0

 COOLING
  YESTERDAY       14                         7      7        2
  MONTH TO DATE  113                       123    -10      149
  SINCE JUN 1    224                       241    -17      297
  SINCE JAN 1    347                       271     76      332
..................................................................


WIND (MPH)
  HIGHEST WIND SPEED    21   HIGHEST WIND DIRECTION     S (180)
  HIGHEST GUST SPEED    27   HIGHEST GUST DIRECTION     S (170)
  AVERAGE WIND SPEED    10.4


SKY COVER
  AVERAGE SKY COVER 0.7



RELATIVE HUMIDITY (PERCENT)
 HIGHEST    87
 LOWEST     59
 AVERAGE    73

..........................................................


THE ALBANY NY CLIMATE NORMALS FOR TODAY
                         NORMAL    RECORD    YEAR
 MAXIMUM TEMPERATURE (F)   83        97      1904
 MINIMUM TEMPERATURE (F)   62        47      1875


SUNRISE AND SUNSET
JULY 19 2015..........SUNRISE   534 AM EDT   SUNSET   829 PM EDT
JULY 20 2015..........SUNRISE   535 AM EDT   SUNSET   828 PM EDT


-  INDICATES NEGATIVE NUMBERS.
R  INDICATES RECORD WAS SET OR TIED.
MM INDICATES DATA IS MISSING.
T  INDICATES TRACE AMOUNT.




$$
