000
CDUS41 KALY 270623
CLIALB


CLIMATE REPORT
NATIONAL WEATHER SERVICE ALBANY NY
123 AM EST FRI FEB 27 2015


...................................

...THE ALBANY NY CLIMATE SUMMARY FOR FEBRUARY 26 2015...

CLIMATE NORMAL PERIOD 1981 TO 2010
CLIMATE RECORD PERIOD 1874 TO 2015


WEATHER ITEM   OBSERVED TIME   RECORD YEAR NORMAL DEPARTURE LAST
                VALUE   (LST)  VALUE       VALUE  FROM      YEAR
                                                  NORMAL
..................................................................
TEMPERATURE (F)
 YESTERDAY
  MAXIMUM         20    400 PM  63    1976  38    -18       23
  MINIMUM         11   1159 PM -11    1950  20     -9        9
  AVERAGE         16                        29    -13       16

PRECIPITATION (IN)
  YESTERDAY        T             1.07 1929   0.09  -0.09      T
  MONTH TO DATE    2.15                      2.02   0.13     3.48
  SINCE DEC 1      9.69                      7.54   2.15     9.17
  SINCE JAN 1      4.32                      4.61  -0.29     5.79

SNOWFALL (IN)
  YESTERDAY        T             8.4  1972   0.5   -0.5       T
  MONTH TO DATE   30.6                      11.6   19.0     27.9
  SINCE DEC 1     58.3                      42.9   15.4     62.9
  SINCE JUL 1     70.6                      45.7   24.9     65.0
  SNOW DEPTH      12

DEGREE DAYS
 HEATING
  YESTERDAY       49                        36     13       49
  MONTH TO DATE 1355                      1022    333     1098
  SINCE DEC 1   3751                      3469    282     3645
  SINCE JUL 1   5026                      4873    153     5015

 COOLING
  YESTERDAY        0                         0      0        0
  MONTH TO DATE    0                         0      0        0
  SINCE DEC 1      0                         0      0        0
  SINCE JAN 1      0                         0      0        0
..................................................................


WIND (MPH)
  HIGHEST WIND SPEED    14   HIGHEST WIND DIRECTION     N (360)
  HIGHEST GUST SPEED    17   HIGHEST GUST DIRECTION     N (360)
  AVERAGE WIND SPEED     7.6


SKY COVER
  AVERAGE SKY COVER 1.0



RELATIVE HUMIDITY (PERCENT)
 HIGHEST    67
 LOWEST     35
 AVERAGE    51

..........................................................


THE ALBANY NY CLIMATE NORMALS FOR TODAY
                         NORMAL    RECORD    YEAR
 MAXIMUM TEMPERATURE (F)   38        61      1997
 MINIMUM TEMPERATURE (F)   20       -13      1940


SUNRISE AND SUNSET
FEBRUARY 27 2015......SUNRISE   635 AM EST   SUNSET   542 PM EST
FEBRUARY 28 2015......SUNRISE   633 AM EST   SUNSET   543 PM EST


-  INDICATES NEGATIVE NUMBERS.
R  INDICATES RECORD WAS SET OR TIED.
MM INDICATES DATA IS MISSING.
T  INDICATES TRACE AMOUNT.




$$
