954
CDUS41 KALY 210624
CLIALB


CLIMATE REPORT
NATIONAL WEATHER SERVICE ALBANY NY
123 AM EST SAT JAN 21 2017


...................................

...THE ALBANY NY CLIMATE SUMMARY FOR JANUARY 20 2017...

CLIMATE NORMAL PERIOD 1981 TO 2010
CLIMATE RECORD PERIOD 1874 TO 2017


WEATHER ITEM   OBSERVED TIME   RECORD YEAR NORMAL DEPARTURE LAST
                VALUE   (LST)  VALUE       VALUE  FROM      YEAR
                                                  NORMAL
..................................................................
TEMPERATURE (F)
 YESTERDAY
  MAXIMUM         40    716 PM  53    2006  30     10       30
                                      1986
  MINIMUM         33    701 AM -22    1970  14     19       16
  AVERAGE         37                        22     15       23

PRECIPITATION (IN)
  YESTERDAY        T             0.92 1898   0.09  -0.09     0.00
  MONTH TO DATE    1.60                      1.67  -0.07     1.24
  SINCE DEC 1      3.35                      4.60  -1.25     4.91
  SINCE JAN 1      1.60                      1.67  -0.07     1.24

SNOWFALL (IN)
  YESTERDAY        0.0           8.7  1978   0.6   -0.6      0.0
  MONTH TO DATE    1.0                      11.7  -10.7      3.3
  SINCE DEC 1     13.1                      25.4  -12.3      5.5
  SINCE JUL 1     15.4                      28.5  -13.1      5.5
  SNOW DEPTH       0

DEGREE DAYS
 HEATING
  YESTERDAY       28                        43    -15       42
  MONTH TO DATE  725                       851   -126      754
  SINCE DEC 1   1792                      1982   -190     1464
  SINCE JUL 1   2948                      3386   -438     2547

 COOLING
  YESTERDAY        0                         0      0        0
  MONTH TO DATE    0                         0      0        0
  SINCE DEC 1      0                         0      0        0
  SINCE JAN 1      0                         0      0        0
..................................................................


WIND (MPH)
  HIGHEST WIND SPEED    14   HIGHEST WIND DIRECTION     S (180)
  HIGHEST GUST SPEED    18   HIGHEST GUST DIRECTION     S (190)
  AVERAGE WIND SPEED     4.5


SKY COVER
  AVERAGE SKY COVER 1.0



RELATIVE HUMIDITY (PERCENT)
 HIGHEST    96
 LOWEST     70
 AVERAGE    83

..........................................................


THE ALBANY NY CLIMATE NORMALS FOR TODAY
                         NORMAL    RECORD    YEAR
 MAXIMUM TEMPERATURE (F)   30        61      2006
 MINIMUM TEMPERATURE (F)   14       -18      1994


SUNRISE AND SUNSET
JANUARY 21 2017.......SUNRISE   719 AM EST   SUNSET   454 PM EST
JANUARY 22 2017.......SUNRISE   718 AM EST   SUNSET   456 PM EST


-  INDICATES NEGATIVE NUMBERS.
R  INDICATES RECORD WAS SET OR TIED.
MM INDICATES DATA IS MISSING.
T  INDICATES TRACE AMOUNT.




$$
