000
CDUS41 KALY 250627
CLIALB


CLIMATE REPORT
NATIONAL WEATHER SERVICE ALBANY NY
227 AM EDT SUN SEP 25 2016


...................................

...THE ALBANY NY CLIMATE SUMMARY FOR SEPTEMBER 24 2016...

CLIMATE NORMAL PERIOD 1981 TO 2010
CLIMATE RECORD PERIOD 1874 TO 2016


WEATHER ITEM   OBSERVED TIME   RECORD YEAR NORMAL DEPARTURE LAST
                VALUE   (LST)  VALUE       VALUE  FROM      YEAR
                                                  NORMAL
..................................................................
TEMPERATURE (F)
 YESTERDAY
  MAXIMUM         68    137 PM  87    1961  69     -1       77
  MINIMUM         47   1159 PM  27    1963  48     -1       51
  AVERAGE         58                        58      0       64

PRECIPITATION (IN)
  YESTERDAY        0.00          1.88 1946   0.12  -0.12     0.00
  MONTH TO DATE    1.87                      2.59  -0.72     3.04
  SINCE SEP 1      1.87                      2.59  -0.72     3.04
  SINCE JAN 1     25.32                     28.74  -3.42    26.18

DEGREE DAYS
 HEATING
  YESTERDAY        7                         7      0        1
  MONTH TO DATE   20                        91    -71       23
  SINCE SEP 1     20                        91    -71       23
  SINCE JUL 1     21                       114    -93       24

 COOLING
  YESTERDAY        0                         1     -1        0
  MONTH TO DATE  108                        48     60      149
  SINCE SEP 1    108                        48     60      149
  SINCE JAN 1    896                       591    305      897
..................................................................


WIND (MPH)
  HIGHEST WIND SPEED    13   HIGHEST WIND DIRECTION     N (10)
  HIGHEST GUST SPEED    20   HIGHEST GUST DIRECTION    NE (40)
  AVERAGE WIND SPEED     4.5


SKY COVER
  AVERAGE SKY COVER 0.4



RELATIVE HUMIDITY (PERCENT)
 HIGHEST    93
 LOWEST     39
 AVERAGE    66

..........................................................


THE ALBANY NY CLIMATE NORMALS FOR TODAY
                         NORMAL    RECORD    YEAR
 MAXIMUM TEMPERATURE (F)   68        89      1970
 MINIMUM TEMPERATURE (F)   48        29      1963


SUNRISE AND SUNSET
SEPTEMBER 25 2016.....SUNRISE   646 AM EDT   SUNSET   646 PM EDT
SEPTEMBER 26 2016.....SUNRISE   647 AM EDT   SUNSET   645 PM EDT


-  INDICATES NEGATIVE NUMBERS.
R  INDICATES RECORD WAS SET OR TIED.
MM INDICATES DATA IS MISSING.
T  INDICATES TRACE AMOUNT.




$$
