000
CDUS41 KALY 150634
CLIALB


CLIMATE REPORT
NATIONAL WEATHER SERVICE ALBANY NY
233 AM EDT TUE AUG 15 2017


...................................

...THE ALBANY NY CLIMATE SUMMARY FOR AUGUST 14 2017...

CLIMATE NORMAL PERIOD 1981 TO 2010
CLIMATE RECORD PERIOD 1874 TO 2017


WEATHER ITEM   OBSERVED TIME   RECORD YEAR NORMAL DEPARTURE LAST
                VALUE   (LST)  VALUE       VALUE  FROM      YEAR
                                                  NORMAL
..................................................................
TEMPERATURE (F)
 YESTERDAY
  MAXIMUM         79    338 PM  97    1988  81     -2       90
  MINIMUM         57    513 AM  44    1941  60     -3       72
  AVERAGE         68                        71     -3       81

PRECIPITATION (IN)
  YESTERDAY        0.00          1.21 1999   0.11  -0.11     0.04
  MONTH TO DATE    1.68                      1.70  -0.02     2.98
  SINCE JUN 1     10.81                      9.61   1.20    11.73
  SINCE JAN 1     29.72                     24.39   5.33    22.49

DEGREE DAYS
 HEATING
  YESTERDAY        0                         0      0        0
  MONTH TO DATE    0                         0      0        0
  SINCE JUN 1     53                        57     -4       38
  SINCE JUL 1      2                         5     -3        0

 COOLING
  YESTERDAY        3                         6     -3       16
  MONTH TO DATE   89                        93     -4      152
  SINCE JUN 1    456                       429     27      580
  SINCE JAN 1    506                       459     47      655
..................................................................


WIND (MPH)
  HIGHEST WIND SPEED    10   HIGHEST WIND DIRECTION     S (170)
  HIGHEST GUST SPEED    13   HIGHEST GUST DIRECTION     S (180)
  AVERAGE WIND SPEED     1.9


SKY COVER
  AVERAGE SKY COVER 0.7



RELATIVE HUMIDITY (PERCENT)
 HIGHEST    87
 LOWEST     48
 AVERAGE    68

..........................................................


THE ALBANY NY CLIMATE NORMALS FOR TODAY
                         NORMAL    RECORD    YEAR
 MAXIMUM TEMPERATURE (F)   81        96      1959
 MINIMUM TEMPERATURE (F)   60        48      1964


SUNRISE AND SUNSET
AUGUST 15 2017........SUNRISE   602 AM EDT   SUNSET   757 PM EDT
AUGUST 16 2017........SUNRISE   603 AM EDT   SUNSET   755 PM EDT


-  INDICATES NEGATIVE NUMBERS.
R  INDICATES RECORD WAS SET OR TIED.
MM INDICATES DATA IS MISSING.
T  INDICATES TRACE AMOUNT.




$$
