000
CDUS41 KALY 160628
CLIALB


CLIMATE REPORT
NATIONAL WEATHER SERVICE ALBANY NY
227 AM EDT MON OCT 16 2017


...................................

...THE ALBANY NY CLIMATE SUMMARY FOR OCTOBER 15 2017...

CLIMATE NORMAL PERIOD 1981 TO 2010
CLIMATE RECORD PERIOD 1874 TO 2017


WEATHER ITEM   OBSERVED TIME   RECORD YEAR NORMAL DEPARTURE LAST
                VALUE   (LST)  VALUE       VALUE  FROM      YEAR
                                                  NORMAL
..................................................................
TEMPERATURE (F)
 YESTERDAY
  MAXIMUM         74    250 PM  86    1897  60     14       63
  MINIMUM         57   1220 AM  27    1978  40     17       28
  AVERAGE         66                        50     16       46

PRECIPITATION (IN)
  YESTERDAY        0.20          1.49 1955   0.13   0.07     0.00
  MONTH TO DATE    0.92                      1.83  -0.91     0.11
  SINCE SEP 1      3.65                      5.13  -1.48     2.29
  SINCE JAN 1     35.45                     31.28   4.17    25.74

SNOWFALL (IN)
  YESTERDAY        0.0           T    1939   0.0    0.0      0.0
  MONTH TO DATE    0.0                       0.1   -0.1      0.0
  SINCE SEP 1      0.0                       0.1   -0.1      0.0
  SINCE JUL 1      0.0                       0.1   -0.1      0.0
  SNOW DEPTH       0

DEGREE DAYS
 HEATING
  YESTERDAY        0                        15    -15       19
  MONTH TO DATE   81                       190   -109      143
  SINCE SEP 1    174                       334   -160      209
  SINCE JUL 1    193                       357   -164      210

 COOLING
  YESTERDAY        1                         0      1        0
  MONTH TO DATE   15                         0     15        0
  SINCE SEP 1    135                        51     84      108
  SINCE JAN 1    710                       594    116      896
..................................................................


WIND (MPH)
  HIGHEST WIND SPEED    29   HIGHEST WIND DIRECTION     S (170)
  HIGHEST GUST SPEED    38   HIGHEST GUST DIRECTION     S (160)
  AVERAGE WIND SPEED    14.1


SKY COVER
  AVERAGE SKY COVER 0.6



RELATIVE HUMIDITY (PERCENT)
 HIGHEST    90
 LOWEST     61
 AVERAGE    76

..........................................................


THE ALBANY NY CLIMATE NORMALS FOR TODAY
                         NORMAL    RECORD    YEAR
 MAXIMUM TEMPERATURE (F)   60        88      1947
 MINIMUM TEMPERATURE (F)   39        25      1978


SUNRISE AND SUNSET
OCTOBER 16 2017.......SUNRISE   710 AM EDT   SUNSET   611 PM EDT
OCTOBER 17 2017.......SUNRISE   711 AM EDT   SUNSET   609 PM EDT


-  INDICATES NEGATIVE NUMBERS.
R  INDICATES RECORD WAS SET OR TIED.
MM INDICATES DATA IS MISSING.
T  INDICATES TRACE AMOUNT.




$$
