000
CDUS41 KALY 250624
CLIALB


CLIMATE REPORT
NATIONAL WEATHER SERVICE ALBANY NY
223 AM EDT WED MAY 25 2016


...................................

...THE ALBANY NY CLIMATE SUMMARY FOR MAY 24 2016...

CLIMATE NORMAL PERIOD 1981 TO 2010
CLIMATE RECORD PERIOD 1874 TO 2016


WEATHER ITEM   OBSERVED TIME   RECORD YEAR NORMAL DEPARTURE LAST
                VALUE   (LST)  VALUE       VALUE  FROM      YEAR
                                                  NORMAL
..................................................................
TEMPERATURE (F)
 YESTERDAY
  MAXIMUM         67    311 PM  92    1964  72     -5       82
  MINIMUM         53   1159 PM  29    1963  50      3       43
  AVERAGE         60                        61     -1       63

PRECIPITATION (IN)
  YESTERDAY        0.03          1.62 1979   0.13  -0.10     0.00
  MONTH TO DATE    1.82                      2.73  -0.91     0.31
  SINCE MAR 1      4.84                      9.11  -4.27     3.66
  SINCE JAN 1     10.15                     13.90  -3.75     7.98

SNOWFALL (IN)
  YESTERDAY        0.0           0.0    MM   0.0    0.0      0.0
  MONTH TO DATE    0.0                       0.1   -0.1      0.0
  SINCE MAR 1      6.6                      13.4   -6.8      5.3
  SINCE JUL 1     16.9                      60.3  -43.4     75.9
  SNOW DEPTH       0

DEGREE DAYS
 HEATING
  YESTERDAY        5                         6     -1        2
  MONTH TO DATE  236                       202     34       91
  SINCE MAR 1   1487                      1651   -164     1687
  SINCE JUL 1   5416                      6595  -1179     6817

 COOLING
  YESTERDAY        0                         1     -1        0
  MONTH TO DATE    1                        13    -12       63
  SINCE MAR 1      3                        17    -14       63
  SINCE JAN 1      3                        17    -14       63
..................................................................


WIND (MPH)
  HIGHEST WIND SPEED    10   HIGHEST WIND DIRECTION    NW (300)
  HIGHEST GUST SPEED    14   HIGHEST GUST DIRECTION    SE (140)
  AVERAGE WIND SPEED     3.6


SKY COVER
  AVERAGE SKY COVER 0.9



RELATIVE HUMIDITY (PERCENT)
 HIGHEST    87
 LOWEST     43
 AVERAGE    65

..........................................................


THE ALBANY NY CLIMATE NORMALS FOR TODAY
                         NORMAL    RECORD    YEAR
 MAXIMUM TEMPERATURE (F)   72        94      1981
 MINIMUM TEMPERATURE (F)   50        30      1956


SUNRISE AND SUNSET
MAY 25 2016...........SUNRISE   524 AM EDT   SUNSET   821 PM EDT
MAY 26 2016...........SUNRISE   523 AM EDT   SUNSET   822 PM EDT


-  INDICATES NEGATIVE NUMBERS.
R  INDICATES RECORD WAS SET OR TIED.
MM INDICATES DATA IS MISSING.
T  INDICATES TRACE AMOUNT.




$$
