000
CDUS41 KALY 220623
CLIALB


CLIMATE REPORT
NATIONAL WEATHER SERVICE ALBANY NY
222 AM EDT MON MAY 22 2017


...................................

...THE ALBANY NY CLIMATE SUMMARY FOR MAY 21 2017...

CLIMATE NORMAL PERIOD 1981 TO 2010
CLIMATE RECORD PERIOD 1874 TO 2017


WEATHER ITEM   OBSERVED TIME   RECORD YEAR NORMAL DEPARTURE LAST
                VALUE   (LST)  VALUE       VALUE  FROM      YEAR
                                                  NORMAL
..................................................................
TEMPERATURE (F)
 YESTERDAY
  MAXIMUM         73    410 PM  92    1941  71      2       69
  MINIMUM         42    318 AM  32    1949  49     -7       45
  AVERAGE         58                        60     -2       57

PRECIPITATION (IN)
  YESTERDAY        0.02          1.76 1954   0.12  -0.10      T
  MONTH TO DATE    3.73                      2.34   1.39     1.79
  SINCE MAR 1     10.68                      8.72   1.96     4.81
  SINCE JAN 1     16.66                     13.51   3.15    10.12

SNOWFALL (IN)
  YESTERDAY        0.0           T    1895   0.0    0.0      0.0
  MONTH TO DATE    T                         0.1   -0.1      0.0
  SINCE MAR 1     19.6                      13.4    6.2      6.6
  SINCE JUL 1     60.8                      60.3    0.5     16.9
  SNOW DEPTH       0

DEGREE DAYS
 HEATING
  YESTERDAY        7                         6      1        8
  MONTH TO DATE  210                       184     26      231
  SINCE MAR 1   1608                      1633    -25     1482
  SINCE JUL 1   5771                      6577   -806     5411

 COOLING
  YESTERDAY        0                         1     -1        0
  MONTH TO DATE   24                        10     14        0
  SINCE MAR 1     46                        14     32        2
  SINCE JAN 1     46                        14     32        2
..................................................................


WIND (MPH)
  HIGHEST WIND SPEED    22   HIGHEST WIND DIRECTION     S (190)
  HIGHEST GUST SPEED    30   HIGHEST GUST DIRECTION     S (200)
  AVERAGE WIND SPEED     7.8


SKY COVER
  AVERAGE SKY COVER 0.7



RELATIVE HUMIDITY (PERCENT)
 HIGHEST    71
 LOWEST     35
 AVERAGE    53

..........................................................


THE ALBANY NY CLIMATE NORMALS FOR TODAY
                         NORMAL    RECORD    YEAR
 MAXIMUM TEMPERATURE (F)   71        97      1911
 MINIMUM TEMPERATURE (F)   49        33      2002


SUNRISE AND SUNSET
MAY 22 2017...........SUNRISE   526 AM EDT   SUNSET   818 PM EDT
MAY 23 2017...........SUNRISE   525 AM EDT   SUNSET   819 PM EDT


-  INDICATES NEGATIVE NUMBERS.
R  INDICATES RECORD WAS SET OR TIED.
MM INDICATES DATA IS MISSING.
T  INDICATES TRACE AMOUNT.




$$
