000
CDUS41 KALY 030625
CLIALB


CLIMATE REPORT
NATIONAL WEATHER SERVICE ALBANY NY
224 AM EDT TUE MAY 3 2016


...................................

...THE ALBANY NY CLIMATE SUMMARY FOR MAY 2 2016...

CLIMATE NORMAL PERIOD 1981 TO 2010
CLIMATE RECORD PERIOD 1874 TO 2016


WEATHER ITEM   OBSERVED TIME   RECORD YEAR NORMAL DEPARTURE LAST
                VALUE   (LST)  VALUE       VALUE  FROM      YEAR
                                                  NORMAL
..................................................................
TEMPERATURE (F)
 YESTERDAY
  MAXIMUM         53    635 PM  88    2001  65    -12       76
  MINIMUM         44    309 AM  29    1974  43      1       41
  AVERAGE         49                        54     -5       59

PRECIPITATION (IN)
  YESTERDAY        0.39          1.29 1992   0.10   0.29     0.00
  MONTH TO DATE    0.50                      0.21   0.29     0.00
  SINCE MAR 1      3.52                      6.59  -3.07     3.35
  SINCE JAN 1      8.83                     11.38  -2.55     7.67

SNOWFALL (IN)
  YESTERDAY        0.0           T    1986   0.0    0.0      0.0
  MONTH TO DATE    0.0                       0.0    0.0      0.0
  SINCE MAR 1      6.6                      13.3   -6.7      5.3
  SINCE JUL 1     16.9                      60.2  -43.3     75.9
  SNOW DEPTH       0

DEGREE DAYS
 HEATING
  YESTERDAY       16                        11      5        6
  MONTH TO DATE   32                        23      9       15
  SINCE MAR 1   1283                      1472   -189     1611
  SINCE JUL 1   5212                      6416  -1204     6741

 COOLING
  YESTERDAY        0                         0      0        0
  MONTH TO DATE    0                         0      0        0
  SINCE MAR 1      2                         4     -2        0
  SINCE JAN 1      2                         4     -2        0
..................................................................


WIND (MPH)
  HIGHEST WIND SPEED    12   HIGHEST WIND DIRECTION     S (180)
  HIGHEST GUST SPEED    16   HIGHEST GUST DIRECTION     S (170)
  AVERAGE WIND SPEED     4.7


SKY COVER
  AVERAGE SKY COVER 1.0



RELATIVE HUMIDITY (PERCENT)
 HIGHEST    93
 LOWEST     76
 AVERAGE    85

..........................................................


THE ALBANY NY CLIMATE NORMALS FOR TODAY
                         NORMAL    RECORD    YEAR
 MAXIMUM TEMPERATURE (F)   66        89      2001
                                             1913
 MINIMUM TEMPERATURE (F)   43        29      1966


SUNRISE AND SUNSET
MAY  3 2016...........SUNRISE   546 AM EDT   SUNSET   758 PM EDT
MAY  4 2016...........SUNRISE   545 AM EDT   SUNSET   800 PM EDT


-  INDICATES NEGATIVE NUMBERS.
R  INDICATES RECORD WAS SET OR TIED.
MM INDICATES DATA IS MISSING.
T  INDICATES TRACE AMOUNT.




$$
