171
CDUS41 KALY 220626
CLIALB


CLIMATE REPORT
NATIONAL WEATHER SERVICE ALBANY NY
125 AM EST MON JAN 22 2018


...................................

...THE ALBANY NY CLIMATE SUMMARY FOR JANUARY 21 2018...

CLIMATE NORMAL PERIOD 1981 TO 2010
CLIMATE RECORD PERIOD 1874 TO 2018


WEATHER ITEM   OBSERVED TIME   RECORD YEAR NORMAL DEPARTURE LAST
                VALUE   (LST)  VALUE       VALUE  FROM      YEAR
                                                  NORMAL
..................................................................
TEMPERATURE (F)
 YESTERDAY
  MAXIMUM         43    319 PM  61    2006  30     13       53
  MINIMUM         29    748 PM -18    1994  14     15       38
  AVERAGE         36                        22     14       46

PRECIPITATION (IN)
  YESTERDAY        T             1.37 1979   0.08  -0.08      T
  MONTH TO DATE    1.60                      1.75  -0.15     1.60
  SINCE DEC 1      3.53                      4.68  -1.15     3.35
  SINCE JAN 1      1.60                      1.75  -0.15     1.60

SNOWFALL (IN)
  YESTERDAY        T             7.2  1990   0.6   -0.6      0.0
  MONTH TO DATE   12.7                      12.3    0.4      1.0
  SINCE DEC 1     24.8                      26.0   -1.2     13.1
  SINCE JUL 1     24.8                      29.1   -4.3     15.4
  SNOW DEPTH       2

DEGREE DAYS
 HEATING
  YESTERDAY       29                        43    -14       19
  MONTH TO DATE  942                       894     48      744
  SINCE DEC 1   2181                      2025    156     1811
  SINCE JUL 1   3295                      3429   -134     2967

 COOLING
  YESTERDAY        0                         0      0        0
  MONTH TO DATE    0                         0      0        0
  SINCE DEC 1      0                         0      0        0
  SINCE JAN 1      0                         0      0        0
..................................................................


WIND (MPH)
  HIGHEST WIND SPEED    15   HIGHEST WIND DIRECTION     W (290)
  HIGHEST GUST SPEED    20   HIGHEST GUST DIRECTION    NW (300)
  AVERAGE WIND SPEED     4.7


SKY COVER
  AVERAGE SKY COVER 0.9



RELATIVE HUMIDITY (PERCENT)
 HIGHEST    85
 LOWEST     60
 AVERAGE    73

..........................................................


THE ALBANY NY CLIMATE NORMALS FOR TODAY
                         NORMAL    RECORD    YEAR
 MAXIMUM TEMPERATURE (F)   30        62      1906
 MINIMUM TEMPERATURE (F)   14       -20      1984


SUNRISE AND SUNSET
JANUARY 22 2018.......SUNRISE   719 AM EST   SUNSET   455 PM EST
JANUARY 23 2018.......SUNRISE   718 AM EST   SUNSET   457 PM EST


-  INDICATES NEGATIVE NUMBERS.
R  INDICATES RECORD WAS SET OR TIED.
MM INDICATES DATA IS MISSING.
T  INDICATES TRACE AMOUNT.




$$
