000
CDUS41 KALY 190622
CLIALB


CLIMATE REPORT
NATIONAL WEATHER SERVICE ALBANY NY
222 AM EDT FRI SEP 19 2014


...................................

...THE ALBANY NY CLIMATE SUMMARY FOR SEPTEMBER 18 2014...

CLIMATE NORMAL PERIOD 1981 TO 2010
CLIMATE RECORD PERIOD 1874 TO 2014


WEATHER ITEM   OBSERVED TIME   RECORD YEAR NORMAL DEPARTURE LAST
                VALUE   (LST)  VALUE       VALUE  FROM      YEAR
                                                  NORMAL
..................................................................
TEMPERATURE (F)
 YESTERDAY
  MAXIMUM         71    147 PM  88    1891  71      0       72
  MINIMUM         43    436 AM  35    1986  51     -8       39
  AVERAGE         57                        61     -4       56

PRECIPITATION (IN)
  YESTERDAY        T             3.19 2012   0.12  -0.12     0.00
  MONTH TO DATE    0.88                      1.87  -0.99     4.12
  SINCE SEP 1      0.88                      1.87  -0.99     4.12
  SINCE JAN 1     27.66                     28.02  -0.36    35.63

DEGREE DAYS
 HEATING
  YESTERDAY        8                         5      3        9
  MONTH TO DATE   70                        53     17       83
  SINCE SEP 1     70                        53     17       83
  SINCE JUL 1     78                        76      2       89

 COOLING
  YESTERDAY        0                         1     -1        0
  MONTH TO DATE   65                        42     23       64
  SINCE SEP 1     65                        42     23       64
  SINCE JAN 1    632                       585     47      762
..................................................................


WIND (MPH)
  HIGHEST WIND SPEED    17   HIGHEST WIND DIRECTION     N (360)
  HIGHEST GUST SPEED    24   HIGHEST GUST DIRECTION    NW (330)
  AVERAGE WIND SPEED     5.5


SKY COVER
  AVERAGE SKY COVER 0.5



RELATIVE HUMIDITY (PERCENT)
 HIGHEST    93
 LOWEST     47
 AVERAGE    70

..........................................................


THE ALBANY NY CLIMATE NORMALS FOR TODAY
                         NORMAL    RECORD    YEAR
 MAXIMUM TEMPERATURE (F)   71        90      1946
 MINIMUM TEMPERATURE (F)   50        32      1959


SUNRISE AND SUNSET
SEPTEMBER 19 2014.....SUNRISE   639 AM EDT   SUNSET   658 PM EDT
SEPTEMBER 20 2014.....SUNRISE   640 AM EDT   SUNSET   656 PM EDT


-  INDICATES NEGATIVE NUMBERS.
R  INDICATES RECORD WAS SET OR TIED.
MM INDICATES DATA IS MISSING.
T  INDICATES TRACE AMOUNT.




$$
