062
CDUS41 KALY 220623
CLIALB


CLIMATE REPORT
NATIONAL WEATHER SERVICE ALBANY NY
222 AM EDT SAT APR 22 2017


...................................

...THE ALBANY NY CLIMATE SUMMARY FOR APRIL 21 2017...

CLIMATE NORMAL PERIOD 1981 TO 2010
CLIMATE RECORD PERIOD 1874 TO 2017


WEATHER ITEM   OBSERVED TIME   RECORD YEAR NORMAL DEPARTURE LAST
                VALUE   (LST)  VALUE       VALUE  FROM      YEAR
                                                  NORMAL
..................................................................
TEMPERATURE (F)
 YESTERDAY
  MAXIMUM         57    215 PM  89    1923  61     -4       76
  MINIMUM         47   1212 AM  20    1875  39      8       32
  AVERAGE         52                        50      2       54

PRECIPITATION (IN)
  YESTERDAY        0.47          1.58 1991   0.09   0.38      T
  MONTH TO DATE    2.61                      2.23   0.38     1.30
  SINCE MAR 1      6.68                      5.44   1.24     2.48
  SINCE JAN 1     12.66                     10.23   2.43     7.79

SNOWFALL (IN)
  YESTERDAY        0.0           0.6  1947   0.0    0.0      0.0
  MONTH TO DATE    0.2                       2.0   -1.8      6.4
  SINCE MAR 1     19.6                      13.0    6.6      6.6
  SINCE JUL 1     60.8                      59.9    0.9     16.9
  SNOW DEPTH       0

DEGREE DAYS
 HEATING
  YESTERDAY       13                        15     -2       11
  MONTH TO DATE  301                       400    -99      440
  SINCE MAR 1   1326                      1329     -3     1122
  SINCE JUL 1   5489                      6273   -784     5051

 COOLING
  YESTERDAY        0                         0      0        0
  MONTH TO DATE   16                         0     16        0
  SINCE MAR 1     16                         0     16        0
  SINCE JAN 1     16                         0     16        0
..................................................................


WIND (MPH)
  HIGHEST WIND SPEED    20   HIGHEST WIND DIRECTION     S (160)
  HIGHEST GUST SPEED    29   HIGHEST GUST DIRECTION    SE (140)
  AVERAGE WIND SPEED     8.1


SKY COVER
  AVERAGE SKY COVER 1.0



RELATIVE HUMIDITY (PERCENT)
 HIGHEST    93
 LOWEST     71
 AVERAGE    82

..........................................................


THE ALBANY NY CLIMATE NORMALS FOR TODAY
                         NORMAL    RECORD    YEAR
 MAXIMUM TEMPERATURE (F)   61        86      1985
 MINIMUM TEMPERATURE (F)   40        20      1947


SUNRISE AND SUNSET
APRIL 22 2017.........SUNRISE   602 AM EDT   SUNSET   746 PM EDT
APRIL 23 2017.........SUNRISE   601 AM EDT   SUNSET   747 PM EDT


-  INDICATES NEGATIVE NUMBERS.
R  INDICATES RECORD WAS SET OR TIED.
MM INDICATES DATA IS MISSING.
T  INDICATES TRACE AMOUNT.




$$
