000
CDUS41 KALY 180625
CLIALB


CLIMATE REPORT
NATIONAL WEATHER SERVICE ALBANY NY
223 AM EDT WED OCT 18 2017


...................................

...THE ALBANY NY CLIMATE SUMMARY FOR OCTOBER 17 2017...

CLIMATE NORMAL PERIOD 1981 TO 2010
CLIMATE RECORD PERIOD 1874 TO 2017


WEATHER ITEM   OBSERVED TIME   RECORD YEAR NORMAL DEPARTURE LAST
                VALUE   (LST)  VALUE       VALUE  FROM      YEAR
                                                  NORMAL
..................................................................
TEMPERATURE (F)
 YESTERDAY
  MAXIMUM         57    257 PM  85    1947  59     -2       70
  MINIMUM         31    532 AM  21    1940  39     -8       59
  AVERAGE         44                        49     -5       65

PRECIPITATION (IN)
  YESTERDAY        0.00          1.90 1977   0.12  -0.12      T
  MONTH TO DATE    0.92                      2.07  -1.15     0.11
  SINCE SEP 1      3.65                      5.37  -1.72     2.29
  SINCE JAN 1     35.45                     31.52   3.93    25.74

SNOWFALL (IN)
  YESTERDAY        0.0           T    1970   0.0    0.0      0.0
  MONTH TO DATE    0.0                       0.1   -0.1      0.0
  SINCE SEP 1      0.0                       0.1   -0.1      0.0
  SINCE JUL 1      0.0                       0.1   -0.1      0.0
  SNOW DEPTH       0

DEGREE DAYS
 HEATING
  YESTERDAY       21                        16      5        0
  MONTH TO DATE  117                       222   -105      151
  SINCE SEP 1    210                       366   -156      217
  SINCE JUL 1    229                       389   -160      218

 COOLING
  YESTERDAY        0                         0      0        0
  MONTH TO DATE   15                         0     15        0
  SINCE SEP 1    135                        51     84      108
  SINCE JAN 1    710                       594    116      896
..................................................................


WIND (MPH)
  HIGHEST WIND SPEED    12   HIGHEST WIND DIRECTION     S (170)
  HIGHEST GUST SPEED    16   HIGHEST GUST DIRECTION     S (170)
  AVERAGE WIND SPEED     3.3


SKY COVER
  AVERAGE SKY COVER 0.1



RELATIVE HUMIDITY (PERCENT)
 HIGHEST    89
 LOWEST     35
 AVERAGE    62

..........................................................


THE ALBANY NY CLIMATE NORMALS FOR TODAY
                         NORMAL    RECORD    YEAR
 MAXIMUM TEMPERATURE (F)   59        84      2016
 MINIMUM TEMPERATURE (F)   39        22      1978


SUNRISE AND SUNSET
OCTOBER 18 2017.......SUNRISE   712 AM EDT   SUNSET   608 PM EDT
OCTOBER 19 2017.......SUNRISE   713 AM EDT   SUNSET   606 PM EDT


-  INDICATES NEGATIVE NUMBERS.
R  INDICATES RECORD WAS SET OR TIED.
MM INDICATES DATA IS MISSING.
T  INDICATES TRACE AMOUNT.




$$
