000
CDUS41 KALY 260625
CLIALB


CLIMATE REPORT
NATIONAL WEATHER SERVICE ALBANY NY
125 AM EST THU FEB 26 2015


...................................

...THE ALBANY NY CLIMATE SUMMARY FOR FEBRUARY 25 2015...

CLIMATE NORMAL PERIOD 1981 TO 2010
CLIMATE RECORD PERIOD 1874 TO 2015


WEATHER ITEM   OBSERVED TIME   RECORD YEAR NORMAL DEPARTURE LAST
                VALUE   (LST)  VALUE       VALUE  FROM      YEAR
                                                  NORMAL
..................................................................
TEMPERATURE (F)
 YESTERDAY
  MAXIMUM         29    153 PM  67    1976  37     -8       25
  MINIMUM          7    710 AM -14    1914  20    -13       11
  AVERAGE         18                        28    -10       18

PRECIPITATION (IN)
  YESTERDAY        T             1.17 1916   0.08  -0.08     0.01
  MONTH TO DATE    2.15                      1.93   0.22     3.48
  SINCE DEC 1      9.69                      7.45   2.24     9.17
  SINCE JAN 1      4.32                      4.52  -0.20     5.79

SNOWFALL (IN)
  YESTERDAY        T            16.8  1966   0.4   -0.4      0.2
  MONTH TO DATE   30.6                      11.1   19.5     27.9
  SINCE DEC 1     58.3                      42.4   15.9     62.9
  SINCE JUL 1     70.6                      45.2   25.4     65.0
  SNOW DEPTH      12

DEGREE DAYS
 HEATING
  YESTERDAY       47                        37     10       47
  MONTH TO DATE 1306                       986    320     1049
  SINCE DEC 1   3702                      3433    269     3596
  SINCE JUL 1   4977                      4837    140     4966

 COOLING
  YESTERDAY        0                         0      0        0
  MONTH TO DATE    0                         0      0        0
  SINCE DEC 1      0                         0      0        0
  SINCE JAN 1      0                         0      0        0
..................................................................


WIND (MPH)
  HIGHEST WIND SPEED    28   HIGHEST WIND DIRECTION     W (290)
  HIGHEST GUST SPEED    34   HIGHEST GUST DIRECTION     W (290)
  AVERAGE WIND SPEED     9.9


SKY COVER
  AVERAGE SKY COVER 0.4



RELATIVE HUMIDITY (PERCENT)
 HIGHEST    67
 LOWEST     39
 AVERAGE    53

..........................................................


THE ALBANY NY CLIMATE NORMALS FOR TODAY
                         NORMAL    RECORD    YEAR
 MAXIMUM TEMPERATURE (F)   38        63      1976
 MINIMUM TEMPERATURE (F)   20       -11      1950


SUNRISE AND SUNSET
FEBRUARY 26 2015......SUNRISE   636 AM EST   SUNSET   541 PM EST
FEBRUARY 27 2015......SUNRISE   635 AM EST   SUNSET   542 PM EST


-  INDICATES NEGATIVE NUMBERS.
R  INDICATES RECORD WAS SET OR TIED.
MM INDICATES DATA IS MISSING.
T  INDICATES TRACE AMOUNT.




$$
