000
CDUS41 KALY 180622
CLIALB


CLIMATE REPORT
NATIONAL WEATHER SERVICE ALBANY NY
222 AM EDT TUE JUL 18 2017


...................................

...THE ALBANY NY CLIMATE SUMMARY FOR JULY 17 2017...

CLIMATE NORMAL PERIOD 1981 TO 2010
CLIMATE RECORD PERIOD 1874 TO 2017


WEATHER ITEM   OBSERVED TIME   RECORD YEAR NORMAL DEPARTURE LAST
                VALUE   (LST)  VALUE       VALUE  FROM      YEAR
                                                  NORMAL
..................................................................
TEMPERATURE (F)
 YESTERDAY
  MAXIMUM         87    250 PM  99    1900  83      4       85
  MINIMUM         63    440 AM  45    1974  62      1       66
  AVERAGE         75                        72      3       76

PRECIPITATION (IN)
  YESTERDAY        1.30          1.62 1907   0.14   1.16     0.06
  MONTH TO DATE    2.87                      2.25   0.62     3.13
  SINCE JUN 1      7.99                      6.04   1.95     5.44
  SINCE JAN 1     26.90                     20.82   6.08    16.20

DEGREE DAYS
 HEATING
  YESTERDAY        0                         0      0        0
  MONTH TO DATE    0                         0      0        0
  SINCE JUN 1     51                        52     -1       38
  SINCE JUL 1      0                         0      0        0

 COOLING
  YESTERDAY       10                         7      3       11
  MONTH TO DATE  138                       116     22      149
  SINCE JUN 1    285                       234     51      292
  SINCE JAN 1    335                       264     71      367
..................................................................


WIND (MPH)
  HIGHEST WIND SPEED    22   HIGHEST WIND DIRECTION     N (350)
  HIGHEST GUST SPEED    29   HIGHEST GUST DIRECTION     N (340)
  AVERAGE WIND SPEED     5.8


SKY COVER
  AVERAGE SKY COVER 0.6



RELATIVE HUMIDITY (PERCENT)
 HIGHEST    93
 LOWEST     43
 AVERAGE    68

..........................................................


THE ALBANY NY CLIMATE NORMALS FOR TODAY
                         NORMAL    RECORD    YEAR
 MAXIMUM TEMPERATURE (F)   83       100      1953
 MINIMUM TEMPERATURE (F)   62        46      1939


SUNRISE AND SUNSET
JULY 18 2017..........SUNRISE   533 AM EDT   SUNSET   829 PM EDT
JULY 19 2017..........SUNRISE   534 AM EDT   SUNSET   828 PM EDT


-  INDICATES NEGATIVE NUMBERS.
R  INDICATES RECORD WAS SET OR TIED.
MM INDICATES DATA IS MISSING.
T  INDICATES TRACE AMOUNT.




$$
