000
CDUS41 KALY 270625
CLIALB


CLIMATE REPORT
NATIONAL WEATHER SERVICE ALBANY NY
225 AM EDT THU APR 27 2017


...................................

...THE ALBANY NY CLIMATE SUMMARY FOR APRIL 26 2017...

CLIMATE NORMAL PERIOD 1981 TO 2010
CLIMATE RECORD PERIOD 1874 TO 2017


WEATHER ITEM   OBSERVED TIME   RECORD YEAR NORMAL DEPARTURE LAST
                VALUE   (LST)  VALUE       VALUE  FROM      YEAR
                                                  NORMAL
..................................................................
TEMPERATURE (F)
 YESTERDAY
  MAXIMUM         73    310 PM  90    1990  63     10       47
  MINIMUM         50    606 AM  24    1972  41      9       38
  AVERAGE         62                        52     10       43

PRECIPITATION (IN)
  YESTERDAY        0.08          0.89 1953   0.11  -0.03     0.51
  MONTH TO DATE    2.87                      2.74   0.13     1.84
  SINCE MAR 1      6.94                      5.95   0.99     3.02
  SINCE JAN 1     12.92                     10.74   2.18     8.33

SNOWFALL (IN)
  YESTERDAY        0.0           0.3  1993   0.0    0.0      0.0
  MONTH TO DATE    0.2                       2.2   -2.0      6.4
  SINCE MAR 1     19.6                      13.2    6.4      6.6
  SINCE JUL 1     60.8                      60.1    0.7     16.9
  SNOW DEPTH       0

DEGREE DAYS
 HEATING
  YESTERDAY        3                        13    -10       22
  MONTH TO DATE  354                       470   -116      505
  SINCE MAR 1   1379                      1399    -20     1187
  SINCE JUL 1   5542                      6343   -801     5116

 COOLING
  YESTERDAY        0                         0      0        0
  MONTH TO DATE   16                         0     16        2
  SINCE MAR 1     16                         0     16        2
  SINCE JAN 1     16                         0     16        2
..................................................................


WIND (MPH)
  HIGHEST WIND SPEED    12   HIGHEST WIND DIRECTION     S (160)
  HIGHEST GUST SPEED    17   HIGHEST GUST DIRECTION     N (340)
  AVERAGE WIND SPEED     5.6


SKY COVER
  AVERAGE SKY COVER 0.9



RELATIVE HUMIDITY (PERCENT)
 HIGHEST    96
 LOWEST     57
 AVERAGE    77

..........................................................


THE ALBANY NY CLIMATE NORMALS FOR TODAY
                         NORMAL    RECORD    YEAR
 MAXIMUM TEMPERATURE (F)   63        91      1962
 MINIMUM TEMPERATURE (F)   41        26      1963


SUNRISE AND SUNSET
APRIL 27 2017.........SUNRISE   555 AM EDT   SUNSET   751 PM EDT
APRIL 28 2017.........SUNRISE   553 AM EDT   SUNSET   753 PM EDT


-  INDICATES NEGATIVE NUMBERS.
R  INDICATES RECORD WAS SET OR TIED.
MM INDICATES DATA IS MISSING.
T  INDICATES TRACE AMOUNT.




$$
