000
CDUS41 KALY 240623
CLIALB


CLIMATE REPORT
NATIONAL WEATHER SERVICE ALBANY NY
222 AM EDT TUE OCT 24 2017


...................................

...THE ALBANY NY CLIMATE SUMMARY FOR OCTOBER 23 2017...

CLIMATE NORMAL PERIOD 1981 TO 2010
CLIMATE RECORD PERIOD 1874 TO 2017


WEATHER ITEM   OBSERVED TIME   RECORD YEAR NORMAL DEPARTURE LAST
                VALUE   (LST)  VALUE       VALUE  FROM      YEAR
                                                  NORMAL
..................................................................
TEMPERATURE (F)
 YESTERDAY
  MAXIMUM         70    543 PM  81    1947  57     13       57
  MINIMUM         43    243 AM  20    1969  37      6       42
  AVERAGE         57                        47     10       50

PRECIPITATION (IN)
  YESTERDAY        T             1.67 1990   0.12  -0.12      T
  MONTH TO DATE    0.92                      2.77  -1.85     1.91
  SINCE SEP 1      3.65                      6.07  -2.42     4.09
  SINCE JAN 1     35.45                     32.22   3.23    27.54

SNOWFALL (IN)
  YESTERDAY        0.0           0.5  2002   0.0    0.0      0.0
  MONTH TO DATE    0.0                       0.2   -0.2      0.0
  SINCE SEP 1      0.0                       0.2   -0.2      0.0
  SINCE JUL 1      0.0                       0.2   -0.2      0.0
  SNOW DEPTH       0

DEGREE DAYS
 HEATING
  YESTERDAY        8                        18    -10       15
  MONTH TO DATE  162                       325   -163      207
  SINCE SEP 1    255                       469   -214      273
  SINCE JUL 1    274                       492   -218      274

 COOLING
  YESTERDAY        0                         0      0        0
  MONTH TO DATE   15                         0     15        6
  SINCE SEP 1    135                        51     84      114
  SINCE JAN 1    710                       594    116      902
..................................................................


WIND (MPH)
  HIGHEST WIND SPEED    21   HIGHEST WIND DIRECTION     S (160)
  HIGHEST GUST SPEED    26   HIGHEST GUST DIRECTION     S (170)
  AVERAGE WIND SPEED     7.4


SKY COVER
  AVERAGE SKY COVER 0.7



RELATIVE HUMIDITY (PERCENT)
 HIGHEST    82
 LOWEST     57
 AVERAGE    70

..........................................................


THE ALBANY NY CLIMATE NORMALS FOR TODAY
                         NORMAL    RECORD    YEAR
 MAXIMUM TEMPERATURE (F)   57        74      1973
 MINIMUM TEMPERATURE (F)   37        16      1969


SUNRISE AND SUNSET
OCTOBER 24 2017.......SUNRISE   720 AM EDT   SUNSET   559 PM EDT
OCTOBER 25 2017.......SUNRISE   721 AM EDT   SUNSET   557 PM EDT


-  INDICATES NEGATIVE NUMBERS.
R  INDICATES RECORD WAS SET OR TIED.
MM INDICATES DATA IS MISSING.
T  INDICATES TRACE AMOUNT.




$$
