000
CDUS41 KALY 310624
CLIALB


CLIMATE REPORT
NATIONAL WEATHER SERVICE ALBANY NY
123 AM EST SAT JAN 31 2015


...................................

...THE ALBANY NY CLIMATE SUMMARY FOR JANUARY 30 2015...

CLIMATE NORMAL PERIOD 1981 TO 2010
CLIMATE RECORD PERIOD 1874 TO 2015


WEATHER ITEM   OBSERVED TIME   RECORD YEAR NORMAL DEPARTURE LAST
                VALUE   (LST)  VALUE       VALUE  FROM      YEAR
                                                  NORMAL
..................................................................
TEMPERATURE (F)
 YESTERDAY
  MAXIMUM         30    130 PM  56    2013  31     -1       27
  MINIMUM          8   1159 PM -12    1965  15     -7        1
  AVERAGE         19                        23     -4       14

PRECIPITATION (IN)
  YESTERDAY        0.18          1.46 1939   0.08   0.10     0.00
  MONTH TO DATE    2.17                      2.51  -0.34     2.31
  SINCE DEC 1      7.54                      5.44   2.10     5.69
  SINCE JAN 1      2.17                      2.51  -0.34     2.31

SNOWFALL (IN)
  YESTERDAY        2.6          11.0  1966   0.6    2.0      0.0
  MONTH TO DATE   15.5                      17.1   -1.6     15.0
  SINCE DEC 1     27.7                      30.8   -3.1     35.0
  SINCE JUL 1     40.0                      33.6    6.4     37.1
  SNOW DEPTH       4

DEGREE DAYS
 HEATING
  YESTERDAY       46                        42      4       51
  MONTH TO DATE 1340                      1276     64     1356
  SINCE DEC 1   2338                      2407    -69     2510
  SINCE JUL 1   3613                      3811   -198     3880

 COOLING
  YESTERDAY        0                         0      0        0
  MONTH TO DATE    0                         0      0        0
  SINCE DEC 1      0                         0      0        0
  SINCE JAN 1      0                         0      0        0
..................................................................


WIND (MPH)
  HIGHEST WIND SPEED    37   HIGHEST WIND DIRECTION    NW (300)
  HIGHEST GUST SPEED    44   HIGHEST GUST DIRECTION     W (290)
  AVERAGE WIND SPEED    14.7


SKY COVER
  AVERAGE SKY COVER 0.8



RELATIVE HUMIDITY (PERCENT)
 HIGHEST    92
 LOWEST     50
 AVERAGE    71

..........................................................


THE ALBANY NY CLIMATE NORMALS FOR TODAY
                         NORMAL    RECORD    YEAR
 MAXIMUM TEMPERATURE (F)   32        57      1913
 MINIMUM TEMPERATURE (F)   15       -26      1948


SUNRISE AND SUNSET
JANUARY 31 2015.......SUNRISE   711 AM EST   SUNSET   507 PM EST
FEBRUARY  1 2015......SUNRISE   710 AM EST   SUNSET   508 PM EST


-  INDICATES NEGATIVE NUMBERS.
R  INDICATES RECORD WAS SET OR TIED.
MM INDICATES DATA IS MISSING.
T  INDICATES TRACE AMOUNT.




$$
