000
CDUS41 KALY 282043
CLIALB


CLIMATE REPORT
NATIONAL WEATHER SERVICE ALBANY NY
443 PM EDT WED JUN 28 2017


...................................

...THE ALBANY NY CLIMATE SUMMARY FOR JUNE 28 2017...
VALID TODAY AS OF 0400 PM LOCAL TIME.

CLIMATE NORMAL PERIOD 1981 TO 2010
CLIMATE RECORD PERIOD 1874 TO 2017


WEATHER ITEM   OBSERVED TIME   RECORD YEAR NORMAL DEPARTURE LAST
                VALUE   (LST)  VALUE       VALUE  FROM      YEAR
                                                  NORMAL
..................................................................
TEMPERATURE (F)
 TODAY
  MAXIMUM         77    326 PM  99    1901  81     -4       83
  MINIMUM         52    424 AM  45    1970  60     -8       66
  AVERAGE         65                        70     -5       75

PRECIPITATION (IN)
  TODAY            0.00          2.01 1892   0.12  -0.12     0.25
  MONTH TO DATE    4.58                      3.55   1.03     2.27
  SINCE JUN 1      4.58                      3.55   1.03     2.27
  SINCE JAN 1     23.49                     18.33   5.16    13.03

DEGREE DAYS
 HEATING
  TODAY            0                         1     -1        0
  MONTH TO DATE   51                        53     -2       38
  SINCE JUN 1     51                        53     -2       38
  SINCE JUL 1   5868                      6681   -813     5454

 COOLING
  TODAY            0                         6     -6       10
  MONTH TO DATE  130                       105     25      131
  SINCE JUN 1    130                       105     25      131
  SINCE JAN 1    180                       135     45      206
..................................................................


WIND (MPH)
  HIGHEST WIND SPEED    20   HIGHEST WIND DIRECTION     W (280)
  HIGHEST GUST SPEED    26   HIGHEST GUST DIRECTION     W (260)
  AVERAGE WIND SPEED     7.3


SKY COVER
  AVERAGE SKY COVER 0.5



RELATIVE HUMIDITY (PERCENT)
 HIGHEST    93           100 AM
 LOWEST     38           300 PM
 AVERAGE    66

..........................................................


THE ALBANY NY CLIMATE NORMALS FOR TOMORROW
                         NORMAL    RECORD    YEAR
 MAXIMUM TEMPERATURE (F)   81        96      1944
 MINIMUM TEMPERATURE (F)   60        44      1970


SUNRISE AND SUNSET
JUNE 28 2017..........SUNRISE   519 AM EDT   SUNSET   837 PM EDT
JUNE 29 2017..........SUNRISE   520 AM EDT   SUNSET   837 PM EDT


-  INDICATES NEGATIVE NUMBERS.
R  INDICATES RECORD WAS SET OR TIED.
MM INDICATES DATA IS MISSING.
T  INDICATES TRACE AMOUNT.




$$
