000
CDUS41 KALY 270627
CLIALB


CLIMATE REPORT
NATIONAL WEATHER SERVICE ALBANY NY
127 AM EST MON FEB 27 2017


...................................

...THE ALBANY NY CLIMATE SUMMARY FOR FEBRUARY 26 2017...

CLIMATE NORMAL PERIOD 1981 TO 2010
CLIMATE RECORD PERIOD 1874 TO 2017


WEATHER ITEM   OBSERVED TIME   RECORD YEAR NORMAL DEPARTURE LAST
                VALUE   (LST)  VALUE       VALUE  FROM      YEAR
                                                  NORMAL
..................................................................
TEMPERATURE (F)
 YESTERDAY
  MAXIMUM         38    118 PM  63    1976  38      0       33
  MINIMUM         24   1156 PM -11    1950  20      4       21
  AVERAGE         31                        29      2       27

PRECIPITATION (IN)
  YESTERDAY        T             1.07 1929   0.09  -0.09      T
  MONTH TO DATE    2.85                      2.02   0.83     4.03
  SINCE DEC 1      7.73                      7.54   0.19     8.94
  SINCE JAN 1      5.98                      4.61   1.37     5.27

SNOWFALL (IN)
  YESTERDAY        T             8.4  1972   0.4   -0.4       T
  MONTH TO DATE   22.2                      11.3   10.9      4.8
  SINCE DEC 1     38.9                      42.9   -4.0     10.3
  SINCE JUL 1     41.2                      46.0   -4.8     10.3
  SNOW DEPTH       0

DEGREE DAYS
 HEATING
  YESTERDAY       34                        36     -2       38
  MONTH TO DATE  837                      1022   -185      908
  SINCE DEC 1   2964                      3469   -505     2766
  SINCE JUL 1   4120                      4873   -753     3849

 COOLING
  YESTERDAY        0                         0      0        0
  MONTH TO DATE    0                         0      0        0
  SINCE DEC 1      0                         0      0        0
  SINCE JAN 1      0                         0      0        0
..................................................................


WIND (MPH)
  HIGHEST WIND SPEED    31   HIGHEST WIND DIRECTION    NW (300)
  HIGHEST GUST SPEED    42   HIGHEST GUST DIRECTION     W (280)
  AVERAGE WIND SPEED    14.1


SKY COVER
  AVERAGE SKY COVER 0.7



RELATIVE HUMIDITY (PERCENT)
 HIGHEST    82
 LOWEST     43
 AVERAGE    63

..........................................................


THE ALBANY NY CLIMATE NORMALS FOR TODAY
                         NORMAL    RECORD    YEAR
 MAXIMUM TEMPERATURE (F)   38        61      1997
 MINIMUM TEMPERATURE (F)   20       -13      1940


SUNRISE AND SUNSET
FEBRUARY 27 2017......SUNRISE   634 AM EST   SUNSET   543 PM EST
FEBRUARY 28 2017......SUNRISE   632 AM EST   SUNSET   544 PM EST


-  INDICATES NEGATIVE NUMBERS.
R  INDICATES RECORD WAS SET OR TIED.
MM INDICATES DATA IS MISSING.
T  INDICATES TRACE AMOUNT.




$$
